{"id":52825,"date":"2026-02-26T17:03:30","date_gmt":"2026-02-26T16:03:30","guid":{"rendered":"https:\/\/techstore.ba\/shop\/?post_type=product&#038;p=52825"},"modified":"2026-02-26T17:03:38","modified_gmt":"2026-02-26T16:03:38","slug":"asus-zenbook-14-oled-laptop-um3406ka-qd024","status":"publish","type":"product","link":"https:\/\/techstore.ba\/shop\/product\/asus-zenbook-14-oled-laptop-um3406ka-qd024\/","title":{"rendered":"ASUS Zenbook 14 OLED laptop UM3406KA-QD024"},"content":{"rendered":"<div class=\"nsbb\">\n<div class=\"row equal\">\n<div class=\"col-md-11 col-xs-10\">\n<div class=\"row\">\n<div class=\"col-md-3 nsbb-item-label\"><strong>Ekran:<\/strong>\u00a014&#8221; 1920 x 1200px, WUXGA (1920 x 1200) OLED 16:10 aspect ratio, 60Hz refresh rate, 600nits HDR peak brightness, 0.2ms response time<\/div>\n<\/div>\n<\/div>\n<\/div>\n<\/div>\n<div class=\"nsbb\">\n<div class=\"row equal\">\n<div class=\"col-md-1 col-xs-2 nsbb-icon\"><strong>Procesor:<\/strong> AMD Ryzen AI 7 350 (3500-5000MHz, broj jezgri: 8\/16 (fizi\u010dke\/logi\u010dke), Cache: 16MB)<\/div>\n<\/div>\n<\/div>\n<div class=\"nsbb\">\n<div class=\"row equal\">\n<div class=\"col-md-1 col-xs-2 nsbb-icon\"><strong>Memorija:<\/strong> 16GB DDR5<\/div>\n<\/div>\n<\/div>\n<div class=\"nsbb\">\n<div class=\"row equal\">\n<div class=\"col-md-1 col-xs-2 nsbb-icon\"><strong>Hard disk:<\/strong> 1000GB<\/div>\n<\/div>\n<\/div>\n<div class=\"nsbb\">\n<div class=\"row equal\">\n<div class=\"col-md-1 col-xs-2 nsbb-icon\"><strong>Grafi\u010dka karta:<\/strong> AMD Radeon Graphics, Vrsta: Integrisana<\/div>\n<\/div>\n<\/div>\n<div class=\"nsbb\">\n<div class=\"row equal\">\n<div class=\"col-md-1 col-xs-2 nsbb-icon\"><strong>Operativni sistem:<\/strong> Windows 11 i Office paket (licencirani)<\/div>\n<\/div>\n<\/div>\n<div class=\"nsbb\">\n<div class=\"row equal\">\n<div class=\"col-md-1 col-xs-2 nsbb-icon\"><strong>Tastatura:<\/strong> Lokalizacija: BiH, Pozadinsko osvjetljenje: Jednobojno<\/div>\n<\/div>\n<\/div>\n<div class=\"nsbb\">\n<div class=\"row equal\">\n<div class=\"col-md-1 col-xs-2 nsbb-icon\"><strong>Garancija:<\/strong> 24 mjeseci<\/div>\n<\/div>\n<\/div>\n<div class=\"nsbb\">\n<div class=\"row equal\">\n<div class=\"col-md-1 col-xs-2 nsbb-icon\"><strong>Te\u017eina:<\/strong> 1.20kg<\/div>\n<\/div>\n<\/div>\n<div class=\"nsbb nsbb-border\">\n<div class=\"row equal\">\n<div class=\"col-md-1 col-xs-2 nsbb-icon\"><strong>Boja:<\/strong> Crna<\/div>\n<\/div>\n<\/div>\n<div class=\"nsbb nsbb-border\">\n<div class=\"row equal\">\n<div class=\"col-md-1 col-xs-2 nsbb-icon\"><strong>Ostalo:<\/strong> Webcam FHD camera with IR function With privacy shutter, Wi-Fi 6E 2&#215;2 AX &amp; Bluetooth 5.3, 1x USB 3.2 Gen 1 Type-A (data speed up to 5Gbps), 1x USB 3.2 Gen 2 Type-C with support for display \/ power delivery (dat a speed up to 10Gbps), 1x USB 4.0 Gen 3 Type-C with support for display \/ power delivery up to 40Gbps), 1x HDMI 2.1, Headphone \/ mic combo, Harmon Cardon Audio, Battery: 75Wh, Ku\u0107i\u0161te Aluminium, Lokalizacija: BiH, Te\u017eina: 1.20kg, Pozadinsko osvjetljenje: Backlit Chiclet Keyboard, Boja: Crna<\/div>\n<\/div>\n<\/div>\n","protected":false},"excerpt":{"rendered":"<p>AMD Ryzen AI 7 350, 16GB LPDDR5X RAM, 1TB SSD, AMD Radeon Graphics, 14&#8221; 1920 x 1200 WUXGA OLED display, Webcam FHD camera with IR function With privacy shutter, Wi-Fi 6E 2&#215;2 AX &amp; Bluetooth 5.3, 1x USB 3.2 Gen 1 Type-A (data speed up to 5Gbps), 1x USB 3.2 Gen 2 Type-C with support for display \/ power delivery (dat a speed up to 10Gbps), 1x USB 4.0 Gen 3 Type-C with support for display \/ power delivery up to 40Gbps), 1x HDMI 2.1, Headphone \/ mic combo, Harmon Cardon Audio, Battery: 75Wh, Ku\u0107i\u0161te Aluminium, Lokalizacija: BiH, Te\u017eina: 1.20kg, Pozadinsko osvjetljenje: Backlit Chiclet Keyboard, Boja: Crna, Windows 11 i Office paket (licencirani)<\/p>\n","protected":false},"featured_media":52826,"template":"","meta":[],"product_cat":[582,1011],"product_tag":[],"class_list":{"0":"post-52825","1":"product","2":"type-product","3":"status-publish","4":"has-post-thumbnail","6":"product_brand-asus","7":"product_cat-brend-asus","8":"product_cat-poslovni-laptopi-14","9":"pa_brend-asus","11":"first","12":"instock","13":"shipping-taxable","14":"purchasable","15":"product-type-simple"},"_links":{"self":[{"href":"https:\/\/techstore.ba\/shop\/wp-json\/wp\/v2\/product\/52825","targetHints":{"allow":["GET"]}}],"collection":[{"href":"https:\/\/techstore.ba\/shop\/wp-json\/wp\/v2\/product"}],"about":[{"href":"https:\/\/techstore.ba\/shop\/wp-json\/wp\/v2\/types\/product"}],"wp:featuredmedia":[{"embeddable":true,"href":"https:\/\/techstore.ba\/shop\/wp-json\/wp\/v2\/media\/52826"}],"wp:attachment":[{"href":"https:\/\/techstore.ba\/shop\/wp-json\/wp\/v2\/media?parent=52825"}],"wp:term":[{"taxonomy":"product_cat","embeddable":true,"href":"https:\/\/techstore.ba\/shop\/wp-json\/wp\/v2\/product_cat?post=52825"},{"taxonomy":"product_tag","embeddable":true,"href":"https:\/\/techstore.ba\/shop\/wp-json\/wp\/v2\/product_tag?post=52825"}],"curies":[{"name":"wp","href":"https:\/\/api.w.org\/{rel}","templated":true}]}}