{"id":52803,"date":"2026-02-26T15:32:32","date_gmt":"2026-02-26T14:32:32","guid":{"rendered":"https:\/\/techstore.ba\/shop\/?post_type=product&#038;p=52803"},"modified":"2026-02-26T15:35:49","modified_gmt":"2026-02-26T14:35:49","slug":"hp-omnibook-x-17-dd0013-laptop-b5uh5ua","status":"publish","type":"product","link":"https:\/\/techstore.ba\/shop\/product\/hp-omnibook-x-17-dd0013-laptop-b5uh5ua\/","title":{"rendered":"HP OmniBook X 17-dd0013 laptop B5UH5UA"},"content":{"rendered":"","protected":false},"excerpt":{"rendered":"<div class=\"col-md-3 nsbb-item-label\">Ekran: 17.3&#8221; 1920 x 1080px, Full HD, IPS, 400 nits, 100% sRGB, 60 Hz, 178\u00b0, Micro-edge, ~127 ppi touchscreen<\/div>\n<div><\/div>\n<div class=\"col-md-9 nsbb-item-text\">\n<div class=\"col-md-3 nsbb-item-label\">Procesor: Intel Core Ultra 7 256V (3700-4800MHz, broj jezgri: 8\/8 (fizi\u010dke\/logi\u010dke), Cache: 12MB)<\/div>\n<\/div>\n<div><\/div>\n<div class=\"col-md-9 nsbb-item-text\">\n<div class=\"col-md-9 nsbb-item-text\">\n<div class=\"col-md-3 nsbb-item-label\">Memorija: 16GB DDR5<\/div>\n<div><\/div>\n<div class=\"col-md-9 nsbb-item-text\">\n<div class=\"col-md-3 nsbb-item-label\">SSD: 1000GB<\/div>\n<div><\/div>\n<div class=\"col-md-9 nsbb-item-text\">\n<div class=\"col-md-3 nsbb-item-label\">Grafi\u010dka karta: Intel Arc Graphics, Vrsta: Integrisana<\/div>\n<div><\/div>\n<div class=\"col-md-9 nsbb-item-text\">\n<div class=\"col-md-3 nsbb-item-label\">Operativni sistem: Windows 10 Home + Office (Licencirani)<\/div>\n<div><\/div>\n<div>\n<div class=\"col-md-3 nsbb-item-label\">Garancija: 12 mjeseci<\/div>\n<div><\/div>\n<div class=\"col-md-9 nsbb-item-text\">\n<div class=\"col-md-3 nsbb-item-label\">Ostalo: WebCamera 5 MP IR, WiFi 7, Bluetooth 5.4, 1 \u00d7 USB-C 3.2 Gen2 (10 Gb\/s), 3 \u00d7 USB-A 3.2 Gen2 (10 Gb\/s), 1 \u00d7 HDMI 2.1, 1 \u00d7 3.5 mm combo audio jack, 1 \u00d7 Thunderbolt 4 (USB-C), Battery: 68Wh<\/div>\n<\/div>\n<\/div>\n<\/div>\n<\/div>\n<\/div>\n<\/div>\n<\/div>\n","protected":false},"featured_media":52804,"template":"","meta":[],"product_cat":[564,409,1012,808],"product_tag":[],"class_list":{"0":"post-52803","1":"product","2":"type-product","3":"status-publish","4":"has-post-thumbnail","6":"product_brand-hp","7":"product_cat-brend-hp","8":"product_cat-ct-notebooks","9":"product_cat-poslovni-laptopi-15-16","10":"product_cat-ct-notebookpr","11":"pa_brend-hp","13":"first","14":"instock","15":"shipping-taxable","16":"purchasable","17":"product-type-simple"},"_links":{"self":[{"href":"https:\/\/techstore.ba\/shop\/wp-json\/wp\/v2\/product\/52803","targetHints":{"allow":["GET"]}}],"collection":[{"href":"https:\/\/techstore.ba\/shop\/wp-json\/wp\/v2\/product"}],"about":[{"href":"https:\/\/techstore.ba\/shop\/wp-json\/wp\/v2\/types\/product"}],"wp:featuredmedia":[{"embeddable":true,"href":"https:\/\/techstore.ba\/shop\/wp-json\/wp\/v2\/media\/52804"}],"wp:attachment":[{"href":"https:\/\/techstore.ba\/shop\/wp-json\/wp\/v2\/media?parent=52803"}],"wp:term":[{"taxonomy":"product_cat","embeddable":true,"href":"https:\/\/techstore.ba\/shop\/wp-json\/wp\/v2\/product_cat?post=52803"},{"taxonomy":"product_tag","embeddable":true,"href":"https:\/\/techstore.ba\/shop\/wp-json\/wp\/v2\/product_tag?post=52803"}],"curies":[{"name":"wp","href":"https:\/\/api.w.org\/{rel}","templated":true}]}}