{"id":52566,"date":"2026-02-25T13:05:46","date_gmt":"2026-02-25T12:05:46","guid":{"rendered":"https:\/\/techstore.ba\/shop\/?post_type=product&#038;p=52566"},"modified":"2026-02-25T13:05:46","modified_gmt":"2026-02-25T12:05:46","slug":"brother-mfc-l2802dn","status":"publish","type":"product","link":"https:\/\/techstore.ba\/shop\/product\/brother-mfc-l2802dn\/","title":{"rendered":"Brother MFC-L2802DN"},"content":{"rendered":"<div role=\"heading\" aria-level=\"3\" data-animation-nesting=\"\" data-sfc-cp=\"\" data-complete=\"true\" data-processed=\"true\" data-sae=\"\"><strong class=\"Yjhzub\" data-complete=\"true\" data-processed=\"true\">Brother MFC-L2802DN<\/strong>\u00a0je kompaktni crno-bijeli (monohromatski) laserski multifunkcijski ure\u0111aj 4-u-1, idealan za ku\u0107ne urede i manje poslovne prostore koji zahtijevaju pouzdanost i brzinu.<\/div>\n<div role=\"heading\" aria-level=\"3\" data-animation-nesting=\"\" data-sfc-cp=\"\" data-complete=\"true\" data-processed=\"true\" data-sae=\"\"><\/div>\n<div class=\"otQkpb\" role=\"heading\" aria-level=\"3\" data-animation-nesting=\"\" data-sfc-cp=\"\" data-complete=\"true\" data-processed=\"true\" data-sae=\"\">Klju\u010dne karakteristike<button class=\"rBl3me\" tabindex=\"0\" data-amic=\"true\" data-icl-uuid=\"f1fa1e50-4684-4934-95b0-6db35c62a737\" aria-label=\"View related links\" data-wiz-attrbind=\"disabled=PLxSc_l\/C5gNJc;aria-label=PLxSc_l\/bOjMyf;class=PLxSc_l\/UpSNec\" data-ved=\"2ahUKEwjfgsrIy_SSAxUs2QIHHczBPFEQye0OegYIAQgDEAA\"><\/button><\/div>\n<ul class=\"KsbFXc U6u95\" data-processed=\"true\" data-complete=\"true\">\n<li class=\"dF3vjf\" data-hveid=\"CAEIBBAA\" data-complete=\"true\" data-sae=\"\"><span class=\"T286Pc\" data-sfc-cp=\"\" data-complete=\"true\"><strong class=\"Yjhzub\" data-complete=\"true\">Funkcije<\/strong>: \u0160tampanje, kopiranje, skeniranje i faks.<\/span><\/li>\n<li class=\"dF3vjf\" data-hveid=\"CAEIBBAB\" data-complete=\"true\" data-sae=\"\"><span class=\"T286Pc\" data-sfc-cp=\"\" data-complete=\"true\"><strong class=\"Yjhzub\" data-complete=\"true\">Brzina \u0161tampe<\/strong>: Do\u00a0<strong class=\"Yjhzub\" data-complete=\"true\">32 stranice u minuti<\/strong>\u00a0(A4).<\/span><\/li>\n<li class=\"dF3vjf\" data-hveid=\"CAEIBBAC\" data-complete=\"true\" data-sae=\"\"><span class=\"T286Pc\" data-sfc-cp=\"\" data-complete=\"true\"><strong class=\"Yjhzub\" data-complete=\"true\">Obostrana \u0161tampa<\/strong>: Automatski dupleks (dvostrano \u0161tampanje) za u\u0161tedu papira.<\/span><\/li>\n<li class=\"dF3vjf\" data-hveid=\"CAEIBBAD\" data-complete=\"true\" data-sae=\"\"><span class=\"T286Pc\" data-sfc-cp=\"\" data-complete=\"true\"><strong class=\"Yjhzub\" data-complete=\"true\">ADF (Automatski ulaga\u010d)<\/strong>: Kapacitet od\u00a0<strong class=\"Yjhzub\" data-complete=\"true\">50 listova<\/strong>\u00a0za brzo skeniranje i kopiranje vi\u0161e dokumenata odjednom.<\/span><\/li>\n<li class=\"dF3vjf\" data-hveid=\"CAEIBBAE\" data-sae=\"\" data-complete=\"true\"><span class=\"T286Pc\" data-sfc-cp=\"\" data-complete=\"true\"><strong class=\"Yjhzub\" data-complete=\"true\">Povezivanje<\/strong>: \u017di\u010dna mre\u017ea (<strong class=\"Yjhzub\" data-complete=\"true\">Ethernet\/LAN<\/strong>) i\u00a0<strong class=\"Yjhzub\" data-complete=\"true\">USB<\/strong>\u00a0veza.\u00a0<em class=\"eujQNb\" data-complete=\"true\">Napomena: Ovaj model nema ugra\u0111en Wi-Fi<\/em>.<\/span><\/li>\n<li class=\"dF3vjf\" data-hveid=\"CAEIBBAF\" data-complete=\"true\" data-processed=\"true\" data-sae=\"\"><span class=\"T286Pc\" data-sfc-cp=\"\" data-complete=\"true\"><strong class=\"Yjhzub\" data-complete=\"true\">Kapacitet papira<\/strong>: Standardna ladica za\u00a0<strong class=\"Yjhzub\" data-complete=\"true\">250 listova<\/strong>.<\/span><span class=\"uJ19be notranslate\" data-wiz-uids=\"PLxSc_1e,PLxSc_1f\" data-complete=\"true\"><span class=\"vKEkVd\" data-animation-atomic=\"\" data-wiz-attrbind=\"class=PLxSc_1d\/TKHnVd\" data-sae=\"\"><span aria-hidden=\"true\">\u00a0<\/span><button class=\"rBl3me IWyTpf pjvauc\" tabindex=\"0\" data-amic=\"true\" data-icl-uuid=\"d1780890-4536-4689-a918-af2456156893\" aria-label=\"shop.imel.ba (+5) \u2013 View related links\" data-wiz-attrbind=\"disabled=PLxSc_1d\/C5gNJc;aria-label=PLxSc_1d\/bOjMyf;class=PLxSc_1d\/UpSNec\" data-ved=\"2ahUKEwjfgsrIy_SSAxUs2QIHHczBPFEQye0OegYIAQgEEAY\"><\/button><\/span><\/span>\n<div class=\"Fwa2Od\" data-animation-skip=\"\" data-signal-inputs=\"scS1X=PLxSc_1d\/scS1X\" data-ved=\"2ahUKEwjfgsrIy_SSAxUs2QIHHczBPFEQ3s0SegYIAQgEEAc\" data-complete=\"true\"><img decoding=\"async\" id=\"img-5-OeaZ_zO6yyi-gPzIPziQU_2\" class=\"lXbsme\" src=\"data:image\/png;base64,iVBORw0KGgoAAAANSUhEUgAAABAAAAAQCAYAAAAf8\/9hAAABlUlEQVQ4jcXRPWtUURDG8d+5u96Iu4qiKBpfCBiQgKSzEdRCxJdGEAxaCH4ZOz+I0UYQIaTSUotUatLElxWJiMbE3XV3de+xcDZsI2jlwGWGc+f8z\/PM8L8jlc25XahjIOtI8qB9768BBRbxFI8lp\/9VQR0vMYlzuITlsjk3iQ4m0EUt6jYaWMdnVPXtjYnbvU7\/EJ5gNr4T0TCNFkrswyqOYiny+aLX6YvmVUxhI179js2ou\/gWqjbwHhdxoZ5zloqiL+dXOIWd+Bpyv8SFAnkMNgx1S\/VqWKmlJGbRxB7sD69T4X8YkjMOYAcO4mEx7D0YDXQFPzGDD\/iIt5HX8W7sbDrm8qw+tpFWSJ6Nxk3sDeg27EY\/zo6FzeVxwKd45TKOh9w\/xVRsYm0LkLNOSu6H3GrMezFqiVxgDQs5524aAcrG9dHPJKWruIa7cl4KGCndwhncGbRbK2Xz8BbdoDMvU6WiNsRZ3MBJKVVS+uH3pq7gJqbL5hGD9nyQI2rlzKh8Ex4foZtzllJR4TWeYwG94eCFX\/8GiwO3ko7aAAAAAElFTkSuQmCC\" alt=\"shop.imel.ba\" data-deferred=\"3\" data-imglogged=\"true\" data-aatf=\"4\" data-imgprocessed=\"true\" \/><span class=\"wJwe6c\"><span class=\"iFMVXd\">shop.imel.ba<\/span><span class=\"IjM6od\">\u00a0+5<\/span><\/span><\/div>\n<\/li>\n<\/ul>\n<div class=\"Fsg96\" data-sfc-cp=\"\" data-complete=\"true\" data-processed=\"true\"><\/div>\n<div class=\"otQkpb\" role=\"heading\" aria-level=\"3\" data-animation-nesting=\"\" data-sfc-cp=\"\" data-processed=\"true\" data-sae=\"\" data-complete=\"true\">Potro\u0161ni materijal i odr\u017eavanje<button class=\"rBl3me\" tabindex=\"0\" data-amic=\"true\" data-icl-uuid=\"77adb382-ced7-48d6-b497-3bb20c7eb1d7\" aria-label=\"View related links\" data-wiz-attrbind=\"disabled=PLxSc_1p\/C5gNJc;aria-label=PLxSc_1p\/bOjMyf;class=PLxSc_1p\/UpSNec\" data-ved=\"2ahUKEwjfgsrIy_SSAxUs2QIHHczBPFEQye0OegYIAQgFEAA\"><\/button><\/div>\n<ul class=\"KsbFXc U6u95\" data-complete=\"true\" data-processed=\"true\">\n<li class=\"dF3vjf\" data-hveid=\"CAEIBhAA\" data-complete=\"true\" data-sae=\"\"><span class=\"T286Pc\" data-sfc-cp=\"\" data-complete=\"true\"><strong class=\"Yjhzub\" data-complete=\"true\">Toner<\/strong>: Koristi\u00a0<span data-sfc-cp=\"\" data-wiz-uids=\"PLxSc_1x\" data-complete=\"true\"><a class=\"H23r4e\" href=\"https:\/\/shop.imel.ba\/artikal\/toner-brother-tn2590\/\" target=\"_blank\" rel=\"noopener\" data-hveid=\"CAEIBhAB\">Brother TN2590<\/a><\/span>\u00a0(kapacitet ~1.200 strana) ili visoko-kapacitetni\u00a0<span data-sfc-cp=\"\" data-wiz-uids=\"PLxSc_1z\" data-complete=\"true\"><a class=\"H23r4e\" href=\"https:\/\/ris.ba\/ba\/Proizvod\/toner-komp-brother-tn-2590\/65206\" target=\"_blank\" rel=\"noopener\" data-hveid=\"CAEIBhAC\">TN2590XL<\/a><\/span>\u00a0(~3.000 strana).<\/span><\/li>\n<li class=\"dF3vjf\" data-hveid=\"CAEIBhAD\" data-complete=\"true\" data-sae=\"\"><span class=\"T286Pc\" data-sfc-cp=\"\" data-complete=\"true\"><strong class=\"Yjhzub\" data-complete=\"true\">Bubanj (Drum)<\/strong>: Jedinica DR2590 sa radnim vijekom do 15.000 stranica.<\/span><\/li>\n<li class=\"dF3vjf\" data-hveid=\"CAEIBhAE\" data-complete=\"true\" data-sae=\"\"><span class=\"T286Pc\" data-sfc-cp=\"\" data-complete=\"true\" aria-owns=\"action-menu-parent-container\"><strong class=\"Yjhzub\" data-complete=\"true\">Pakovanje<\/strong>: Uz ure\u0111aj obi\u010dno dolazi inicijalni toner za oko 700 stranica.<\/span><\/li>\n<\/ul>\n","protected":false},"excerpt":{"rendered":"<div class=\"otQkpb\" role=\"heading\" aria-level=\"3\" data-animation-nesting=\"\" data-sfc-cp=\"\" data-complete=\"true\" data-processed=\"true\" data-sae=\"\">Klju\u010dne karakteristike<button class=\"rBl3me\" tabindex=\"0\" data-amic=\"true\" data-icl-uuid=\"f1fa1e50-4684-4934-95b0-6db35c62a737\" aria-label=\"View related links\" data-wiz-attrbind=\"disabled=PLxSc_l\/C5gNJc;aria-label=PLxSc_l\/bOjMyf;class=PLxSc_l\/UpSNec\" data-ved=\"2ahUKEwjfgsrIy_SSAxUs2QIHHczBPFEQye0OegYIAQgDEAA\"><\/button><\/div>\n<ul class=\"KsbFXc U6u95\" data-processed=\"true\" data-complete=\"true\">\n<li class=\"dF3vjf\" data-hveid=\"CAEIBBAA\" data-complete=\"true\" data-sae=\"\"><span class=\"T286Pc\" data-sfc-cp=\"\" data-complete=\"true\"><strong class=\"Yjhzub\" data-complete=\"true\">Funkcije<\/strong>: \u0160tampanje, kopiranje, skeniranje i faks.<\/span><\/li>\n<li class=\"dF3vjf\" data-hveid=\"CAEIBBAB\" data-complete=\"true\" data-sae=\"\"><span class=\"T286Pc\" data-sfc-cp=\"\" data-complete=\"true\"><strong class=\"Yjhzub\" data-complete=\"true\">Brzina \u0161tampe<\/strong>: Do\u00a0<strong class=\"Yjhzub\" data-complete=\"true\">32 stranice u minuti<\/strong>\u00a0(A4).<\/span><\/li>\n<li class=\"dF3vjf\" data-hveid=\"CAEIBBAC\" data-complete=\"true\" data-sae=\"\"><span class=\"T286Pc\" data-sfc-cp=\"\" data-complete=\"true\"><strong class=\"Yjhzub\" data-complete=\"true\">Obostrana \u0161tampa<\/strong>: Automatski dupleks (dvostrano \u0161tampanje) za u\u0161tedu papira.<\/span><\/li>\n<li class=\"dF3vjf\" data-hveid=\"CAEIBBAD\" data-complete=\"true\" data-sae=\"\"><span class=\"T286Pc\" data-sfc-cp=\"\" data-complete=\"true\"><strong class=\"Yjhzub\" data-complete=\"true\">ADF (Automatski ulaga\u010d)<\/strong>: Kapacitet od\u00a0<strong class=\"Yjhzub\" data-complete=\"true\">50 listova<\/strong>\u00a0za brzo skeniranje i kopiranje vi\u0161e dokumenata odjednom.<\/span><\/li>\n<li class=\"dF3vjf\" data-hveid=\"CAEIBBAE\" data-sae=\"\" data-complete=\"true\"><span class=\"T286Pc\" data-sfc-cp=\"\" data-complete=\"true\"><strong class=\"Yjhzub\" data-complete=\"true\">Povezivanje<\/strong>: \u017di\u010dna mre\u017ea (<strong class=\"Yjhzub\" data-complete=\"true\">Ethernet\/LAN<\/strong>) i\u00a0<strong class=\"Yjhzub\" data-complete=\"true\">USB<\/strong>\u00a0veza.\u00a0<em class=\"eujQNb\" data-complete=\"true\">Napomena: Ovaj model nema ugra\u0111en Wi-Fi<\/em>.<\/span><\/li>\n<li class=\"dF3vjf\" data-hveid=\"CAEIBBAF\" data-complete=\"true\" data-processed=\"true\" data-sae=\"\"><span class=\"T286Pc\" data-sfc-cp=\"\" data-complete=\"true\"><strong class=\"Yjhzub\" data-complete=\"true\">Kapacitet papira<\/strong>: Standardna ladica za\u00a0<strong class=\"Yjhzub\" data-complete=\"true\">250 listova<\/strong>.<\/span><span class=\"uJ19be notranslate\" data-wiz-uids=\"PLxSc_1e,PLxSc_1f\" data-complete=\"true\"><span class=\"vKEkVd\" data-animation-atomic=\"\" data-wiz-attrbind=\"class=PLxSc_1d\/TKHnVd\" data-sae=\"\"><span aria-hidden=\"true\">\u00a0<\/span><button class=\"rBl3me IWyTpf pjvauc\" tabindex=\"0\" data-amic=\"true\" data-icl-uuid=\"d1780890-4536-4689-a918-af2456156893\" aria-label=\"shop.imel.ba (+5) \u2013 View related links\" data-wiz-attrbind=\"disabled=PLxSc_1d\/C5gNJc;aria-label=PLxSc_1d\/bOjMyf;class=PLxSc_1d\/UpSNec\" data-ved=\"2ahUKEwjfgsrIy_SSAxUs2QIHHczBPFEQye0OegYIAQgEEAY\"><\/button><\/span><\/span>\n<div class=\"Fwa2Od\" data-animation-skip=\"\" data-signal-inputs=\"scS1X=PLxSc_1d\/scS1X\" data-ved=\"2ahUKEwjfgsrIy_SSAxUs2QIHHczBPFEQ3s0SegYIAQgEEAc\" data-complete=\"true\"><img decoding=\"async\" id=\"img-5-OeaZ_zO6yyi-gPzIPziQU_2\" class=\"lXbsme\" src=\"data:image\/png;base64,iVBORw0KGgoAAAANSUhEUgAAABAAAAAQCAYAAAAf8\/9hAAABlUlEQVQ4jcXRPWtUURDG8d+5u96Iu4qiKBpfCBiQgKSzEdRCxJdGEAxaCH4ZOz+I0UYQIaTSUotUatLElxWJiMbE3XV3de+xcDZsI2jlwGWGc+f8z\/PM8L8jlc25XahjIOtI8qB9768BBRbxFI8lp\/9VQR0vMYlzuITlsjk3iQ4m0EUt6jYaWMdnVPXtjYnbvU7\/EJ5gNr4T0TCNFkrswyqOYiny+aLX6YvmVUxhI179js2ou\/gWqjbwHhdxoZ5zloqiL+dXOIWd+Bpyv8SFAnkMNgx1S\/VqWKmlJGbRxB7sD69T4X8YkjMOYAcO4mEx7D0YDXQFPzGDD\/iIt5HX8W7sbDrm8qw+tpFWSJ6Nxk3sDeg27EY\/zo6FzeVxwKd45TKOh9w\/xVRsYm0LkLNOSu6H3GrMezFqiVxgDQs5524aAcrG9dHPJKWruIa7cl4KGCndwhncGbRbK2Xz8BbdoDMvU6WiNsRZ3MBJKVVS+uH3pq7gJqbL5hGD9nyQI2rlzKh8Ex4foZtzllJR4TWeYwG94eCFX\/8GiwO3ko7aAAAAAElFTkSuQmCC\" alt=\"shop.imel.ba\" data-deferred=\"3\" data-imglogged=\"true\" data-aatf=\"4\" data-imgprocessed=\"true\" \/><span class=\"wJwe6c\"><span class=\"iFMVXd\">shop.imel.ba<\/span><span class=\"IjM6od\">\u00a0+5<\/span><\/span><\/div>\n<\/li>\n<\/ul>\n<div class=\"Fsg96\" data-sfc-cp=\"\" data-complete=\"true\" data-processed=\"true\"><\/div>\n<div class=\"otQkpb\" role=\"heading\" aria-level=\"3\" data-animation-nesting=\"\" data-sfc-cp=\"\" data-processed=\"true\" data-sae=\"\" data-complete=\"true\">Potro\u0161ni materijal i odr\u017eavanje<button class=\"rBl3me\" tabindex=\"0\" data-amic=\"true\" data-icl-uuid=\"77adb382-ced7-48d6-b497-3bb20c7eb1d7\" aria-label=\"View related links\" data-wiz-attrbind=\"disabled=PLxSc_1p\/C5gNJc;aria-label=PLxSc_1p\/bOjMyf;class=PLxSc_1p\/UpSNec\" data-ved=\"2ahUKEwjfgsrIy_SSAxUs2QIHHczBPFEQye0OegYIAQgFEAA\"><\/button><\/div>\n<ul class=\"KsbFXc U6u95\" data-complete=\"true\" data-processed=\"true\">\n<li class=\"dF3vjf\" data-hveid=\"CAEIBhAA\" data-complete=\"true\" data-sae=\"\"><span class=\"T286Pc\" data-sfc-cp=\"\" data-complete=\"true\"><strong class=\"Yjhzub\" data-complete=\"true\">Toner<\/strong>: Koristi\u00a0<span data-sfc-cp=\"\" data-wiz-uids=\"PLxSc_1x\" data-complete=\"true\"><a class=\"H23r4e\" href=\"https:\/\/shop.imel.ba\/artikal\/toner-brother-tn2590\/\" target=\"_blank\" rel=\"noopener\" data-hveid=\"CAEIBhAB\">Brother TN2590<\/a><\/span>\u00a0(kapacitet ~1.200 strana) ili visoko-kapacitetni\u00a0<span data-sfc-cp=\"\" data-wiz-uids=\"PLxSc_1z\" data-complete=\"true\"><a class=\"H23r4e\" href=\"https:\/\/ris.ba\/ba\/Proizvod\/toner-komp-brother-tn-2590\/65206\" target=\"_blank\" rel=\"noopener\" data-hveid=\"CAEIBhAC\">TN2590XL<\/a><\/span>\u00a0(~3.000 strana).<\/span><\/li>\n<li class=\"dF3vjf\" data-hveid=\"CAEIBhAD\" data-complete=\"true\" data-sae=\"\"><span class=\"T286Pc\" data-sfc-cp=\"\" data-complete=\"true\"><strong class=\"Yjhzub\" data-complete=\"true\">Bubanj (Drum)<\/strong>: Jedinica DR2590 sa radnim vijekom do 15.000 stranica.<\/span><\/li>\n<li class=\"dF3vjf\" data-hveid=\"CAEIBhAE\" data-complete=\"true\" data-sae=\"\"><span class=\"T286Pc\" data-sfc-cp=\"\" data-complete=\"true\" aria-owns=\"action-menu-parent-container\"><strong class=\"Yjhzub\" data-complete=\"true\">Pakovanje<\/strong>: Uz ure\u0111aj obi\u010dno dolazi inicijalni toner za oko 700 stranica.<\/span><\/li>\n<\/ul>\n<p>&nbsp;<\/p>\n","protected":false},"featured_media":52567,"template":"","meta":[],"product_cat":[1023,445],"product_tag":[],"class_list":{"0":"post-52566","1":"product","2":"type-product","3":"status-publish","4":"has-post-thumbnail","6":"product_cat-brother","7":"product_cat-ct-printmfpml","8":"pa_brend-laserski-mf-printeri","10":"first","11":"instock","12":"shipping-taxable","13":"purchasable","14":"product-type-simple"},"_links":{"self":[{"href":"https:\/\/techstore.ba\/shop\/wp-json\/wp\/v2\/product\/52566","targetHints":{"allow":["GET"]}}],"collection":[{"href":"https:\/\/techstore.ba\/shop\/wp-json\/wp\/v2\/product"}],"about":[{"href":"https:\/\/techstore.ba\/shop\/wp-json\/wp\/v2\/types\/product"}],"wp:featuredmedia":[{"embeddable":true,"href":"https:\/\/techstore.ba\/shop\/wp-json\/wp\/v2\/media\/52567"}],"wp:attachment":[{"href":"https:\/\/techstore.ba\/shop\/wp-json\/wp\/v2\/media?parent=52566"}],"wp:term":[{"taxonomy":"product_cat","embeddable":true,"href":"https:\/\/techstore.ba\/shop\/wp-json\/wp\/v2\/product_cat?post=52566"},{"taxonomy":"product_tag","embeddable":true,"href":"https:\/\/techstore.ba\/shop\/wp-json\/wp\/v2\/product_tag?post=52566"}],"curies":[{"name":"wp","href":"https:\/\/api.w.org\/{rel}","templated":true}]}}