{"id":51173,"date":"2026-02-12T16:07:49","date_gmt":"2026-02-12T15:07:49","guid":{"rendered":"https:\/\/techstore.ba\/shop\/?post_type=product&#038;p=51173"},"modified":"2026-02-17T13:07:54","modified_gmt":"2026-02-17T12:07:54","slug":"logitech-mis-nm190-red-wireless","status":"publish","type":"product","link":"https:\/\/techstore.ba\/shop\/product\/logitech-mis-nm190-red-wireless\/","title":{"rendered":"LOGITECH MI\u0160 NM190 RED WIRELESS"},"content":{"rendered":"<p>OGITECH MI\u0160 NM190RED Wireless je prakti\u010dan i pouzdan be\u017ei\u010dni mi\u0161 namijenjen svakodnevnoj upotrebi kod ku\u0107e, u kancelariji ili na putovanju. Zahvaljuju\u0107i 2.4 GHz be\u017ei\u010dnoj tehnologiji osigurava stabilnu i brzu vezu bez prekida, uz domet koji omogu\u0107ava slobodu kretanja bez nepotrebnih kablova na radnom stolu. Kompaktan i lagan dizajn \u010dini ga idealnim izborom za korisnike laptopa, ali i za standardne desktop ra\u010dunare.<br data-start=\"691\" data-end=\"694\" \/>Opti\u010dki senzor sa rezolucijom do 1600 DPI omogu\u0107ava precizno i glatko upravljanje kursorom, bilo da radite administrativne poslove, pregledate internet sadr\u017eaj ili koristite multimedijalne aplikacije. Ergonomski oblik pru\u017ea udobnost pri du\u017eem kori\u0161tenju, dok tri funkcionalne tipke sa scroll to\u010dki\u0107em omogu\u0107avaju jednostavno i efikasno upravljanje.<br data-start=\"1042\" data-end=\"1045\" \/>Instalacija je brza i jednostavna \u2013 dovoljno je priklju\u010diti USB nano prijemnik u ra\u010dunar i mi\u0161 je spreman za rad bez dodatnih pode\u0161avanja. OGITECH NM190RED predstavlja ekonomi\u010dno i pouzdano rje\u0161enje za sve korisnike koji tra\u017ee funkcionalan be\u017ei\u010dni mi\u0161 uz moderan dizajn i jednostavnu upotrebu.<\/p>\n","protected":false},"excerpt":{"rendered":"<article class=\"text-token-text-primary w-full focus:outline-none [--shadow-height:45px] has-data-writing-block:pointer-events-none has-data-writing-block:-mt-(--shadow-height) has-data-writing-block:pt-(--shadow-height) [&amp;:has([data-writing-block])&gt;*]:pointer-events-auto scroll-mt-(--header-height)\" dir=\"auto\" tabindex=\"-1\" data-turn-id=\"67a7d07c-0078-4fac-93c9-b73e57c684de\" data-testid=\"conversation-turn-1\" data-scroll-anchor=\"false\" data-turn=\"user\"><\/article>\n<article class=\"text-token-text-primary w-full focus:outline-none [--shadow-height:45px] has-data-writing-block:pointer-events-none has-data-writing-block:-mt-(--shadow-height) has-data-writing-block:pt-(--shadow-height) [&amp;:has([data-writing-block])&gt;*]:pointer-events-auto [content-visibility:auto] supports-[content-visibility:auto]:[contain-intrinsic-size:auto_100lvh] scroll-mt-[calc(var(--header-height)+min(200px,max(70px,20svh)))]\" dir=\"auto\" tabindex=\"-1\" data-turn-id=\"request-WEB:79d9e051-3323-470c-93f2-c226ab0c6895-0\" data-testid=\"conversation-turn-2\" data-scroll-anchor=\"true\" data-turn=\"assistant\">\n<div class=\"text-base my-auto mx-auto pb-10 [--thread-content-margin:--spacing(4)] @w-sm\/main:[--thread-content-margin:--spacing(6)] @w-lg\/main:[--thread-content-margin:--spacing(16)] px-(--thread-content-margin)\">\n<div class=\"[--thread-content-max-width:40rem] @w-lg\/main:[--thread-content-max-width:48rem] mx-auto max-w-(--thread-content-max-width) flex-1 group\/turn-messages focus-visible:outline-hidden relative flex w-full min-w-0 flex-col agent-turn\" tabindex=\"-1\">\n<div class=\"flex max-w-full flex-col grow\">\n<div class=\"min-h-8 text-message relative flex w-full flex-col items-end gap-2 text-start break-words whitespace-normal [.text-message+&amp;]:mt-1\" dir=\"auto\" data-message-author-role=\"assistant\" data-message-id=\"9874ec4a-da44-4da4-9ff8-daf19303420d\" data-message-model-slug=\"gpt-5-2\">\n<div class=\"flex w-full flex-col gap-1 empty:hidden first:pt-[1px]\">\n<div class=\"markdown prose dark:prose-invert w-full wrap-break-word light markdown-new-styling\">\n<p data-start=\"0\" data-end=\"272\">Tip: Be\u017ei\u010dni opti\u010dki mi\u0161 (2.4 GHz)<br data-start=\"36\" data-end=\"39\" \/>Model: OGITECH MI\u0160 NM190RED<br data-start=\"68\" data-end=\"71\" \/>Rezolucija: 800\u20131600 DPI<br data-start=\"139\" data-end=\"142\" \/>Povezivanje: USB nano prijemnik<br data-start=\"175\" data-end=\"178\" \/>Napajanje: 1x AA baterija<br data-start=\"205\" data-end=\"208\" \/>Kompatibilnost: Windows, macOS i drugi sistemi sa USB portom<\/p>\n<\/div>\n<\/div>\n<\/div>\n<\/div>\n<\/div>\n<\/div>\n<\/article>\n","protected":false},"featured_media":51174,"template":"","meta":[],"product_cat":[378,847],"product_tag":[],"class_list":{"0":"post-51173","1":"product","2":"type-product","3":"status-publish","4":"has-post-thumbnail","6":"product_brand-logitech","7":"product_cat-ct-misevi","8":"product_cat-periferija","9":"pa_brend-logitech","11":"first","12":"instock","13":"shipping-taxable","14":"purchasable","15":"product-type-simple"},"_links":{"self":[{"href":"https:\/\/techstore.ba\/shop\/wp-json\/wp\/v2\/product\/51173","targetHints":{"allow":["GET"]}}],"collection":[{"href":"https:\/\/techstore.ba\/shop\/wp-json\/wp\/v2\/product"}],"about":[{"href":"https:\/\/techstore.ba\/shop\/wp-json\/wp\/v2\/types\/product"}],"wp:featuredmedia":[{"embeddable":true,"href":"https:\/\/techstore.ba\/shop\/wp-json\/wp\/v2\/media\/51174"}],"wp:attachment":[{"href":"https:\/\/techstore.ba\/shop\/wp-json\/wp\/v2\/media?parent=51173"}],"wp:term":[{"taxonomy":"product_cat","embeddable":true,"href":"https:\/\/techstore.ba\/shop\/wp-json\/wp\/v2\/product_cat?post=51173"},{"taxonomy":"product_tag","embeddable":true,"href":"https:\/\/techstore.ba\/shop\/wp-json\/wp\/v2\/product_tag?post=51173"}],"curies":[{"name":"wp","href":"https:\/\/api.w.org\/{rel}","templated":true}]}}