{"id":51101,"date":"2026-02-12T13:31:28","date_gmt":"2026-02-12T12:31:28","guid":{"rendered":"https:\/\/techstore.ba\/shop\/?post_type=product&#038;p=51101"},"modified":"2026-02-17T13:13:24","modified_gmt":"2026-02-17T12:13:24","slug":"tucano-smilza-torba-za-laptop-15-6-crna","status":"publish","type":"product","link":"https:\/\/techstore.ba\/shop\/product\/tucano-smilza-torba-za-laptop-15-6-crna\/","title":{"rendered":"TUCANO SMILZA Torba za Laptop 15.6&#8221; Crna"},"content":{"rendered":"<p><strong data-start=\"55\" data-end=\"96\"><span class=\"hover:entity-accent entity-underline inline cursor-pointer align-baseline\"><span class=\"whitespace-normal\">TUCANO SMILZA Torba za Laptop 15.6&#8221; Crna<\/span><\/span><\/strong> je <strong data-start=\"100\" data-end=\"121\">super-tanka torba<\/strong> dizajnirana za prijenosna ra\u010dunala do <strong data-start=\"160\" data-end=\"169\">15,6\u2033<\/strong> (uklju\u010duju\u0107i kompatibilnost i s MacBook Pro 16\u2033). Napravljena je od <strong data-start=\"238\" data-end=\"283\" data-is-only-node=\"\">materijala od reciklirane plastike (rPET)<\/strong> koji je lagan i izdr\u017eljiv, s <strong data-start=\"313\" data-end=\"347\">unutra\u0161njom anti-shock oblogom<\/strong> i <strong data-start=\"350\" data-end=\"370\">neopren kutovima<\/strong> koji poma\u017eu stabilno dr\u017eanje laptopa.<\/p>\n","protected":false},"excerpt":{"rendered":"<p>TUCANO SMILZA Torba za Laptop 15.6&#8221; Crna je super-tanka torba dizajnirana za prijenosna ra\u010dunala do 15,6\u2033 (uklju\u010duju\u0107i kompatibilnost i s MacBook Pro 16\u2033). Napravljena je od materijala od reciklirane plastike (rPET) koji je lagan i izdr\u017eljiv, s unutra\u0161njom anti-shock oblogom i neopren kutovima koji poma\u017eu stabilno dr\u017eanje laptopa.<\/p>\n","protected":false},"featured_media":51102,"template":"","meta":[],"product_cat":[740,607],"product_tag":[],"class_list":{"0":"post-51101","1":"product","2":"type-product","3":"status-publish","4":"has-post-thumbnail","6":"product_cat-ruksaci-i-torbe","7":"product_cat-brend-tucano","8":"pa_brend-ruksaci-i-torbe","10":"first","11":"instock","12":"shipping-taxable","13":"purchasable","14":"product-type-simple"},"_links":{"self":[{"href":"https:\/\/techstore.ba\/shop\/wp-json\/wp\/v2\/product\/51101","targetHints":{"allow":["GET"]}}],"collection":[{"href":"https:\/\/techstore.ba\/shop\/wp-json\/wp\/v2\/product"}],"about":[{"href":"https:\/\/techstore.ba\/shop\/wp-json\/wp\/v2\/types\/product"}],"wp:featuredmedia":[{"embeddable":true,"href":"https:\/\/techstore.ba\/shop\/wp-json\/wp\/v2\/media\/51102"}],"wp:attachment":[{"href":"https:\/\/techstore.ba\/shop\/wp-json\/wp\/v2\/media?parent=51101"}],"wp:term":[{"taxonomy":"product_cat","embeddable":true,"href":"https:\/\/techstore.ba\/shop\/wp-json\/wp\/v2\/product_cat?post=51101"},{"taxonomy":"product_tag","embeddable":true,"href":"https:\/\/techstore.ba\/shop\/wp-json\/wp\/v2\/product_tag?post=51101"}],"curies":[{"name":"wp","href":"https:\/\/api.w.org\/{rel}","templated":true}]}}