{"id":51096,"date":"2026-02-12T13:07:08","date_gmt":"2026-02-12T12:07:08","guid":{"rendered":"https:\/\/techstore.ba\/shop\/?post_type=product&#038;p=51096"},"modified":"2026-02-17T13:13:56","modified_gmt":"2026-02-17T12:13:56","slug":"asus-ruksak-ap4600","status":"publish","type":"product","link":"https:\/\/techstore.ba\/shop\/product\/asus-ruksak-ap4600\/","title":{"rendered":"ASUS Ruksak AP4600"},"content":{"rendered":"<p data-start=\"38\" data-end=\"249\">ASUS AP4600 je <strong data-start=\"53\" data-end=\"112\">laptop ruksak dizajniran za prenosnike do otprilike 16\u2033<\/strong> (maksimalno oko 40,6 cm) i prakti\u010dan je izbor za svakodnevnu upotrebu, posao, \u0161kolu ili putovanja.<\/p>\n<ul data-start=\"251\" data-end=\"852\">\n<li data-start=\"251\" data-end=\"414\">\n<p data-start=\"253\" data-end=\"414\">Elegantnog i <strong data-start=\"266\" data-end=\"290\">vodootpornog dizajna<\/strong> sa <strong data-start=\"294\" data-end=\"318\">otpornim poliesterom<\/strong> koji \u0161titi ure\u0111aje od ogrebotina i vremenskih utjecaja.<\/p>\n<\/li>\n<li data-start=\"415\" data-end=\"578\">\n<p data-start=\"417\" data-end=\"578\">Ima <strong data-start=\"421\" data-end=\"460\">vi\u0161e od desetak specijalnih d\u017eepova<\/strong> i pretinaca za organizaciju telefona, punja\u010da, boca s vodom i drugih sitnica.<\/p>\n<\/li>\n<li data-start=\"579\" data-end=\"706\">\n<p data-start=\"581\" data-end=\"706\"><strong data-start=\"581\" data-end=\"612\">Lagano i izdr\u017eljivo ku\u0107i\u0161te<\/strong> s prozra\u010dnim naramenicama pru\u017ea udobnost pri no\u0161enju.<\/p>\n<\/li>\n<li data-start=\"707\" data-end=\"852\">\n<p data-start=\"709\" data-end=\"852\">Dimenzije oko <strong data-start=\"723\" data-end=\"742\">43 \u00d7 30 \u00d7 10 cm<\/strong> i te\u017eina oko <strong data-start=\"756\" data-end=\"767\">0,45 kg<\/strong> \u010dine ga prakti\u010dnim bez prevelikog optere\u0107enja.<\/p>\n<\/li>\n<\/ul>\n","protected":false},"excerpt":{"rendered":"<p>ASUS AP4600 je laptop ruksak dizajniran za prenosnike do otprilike 16\u2033 (maksimalno oko 40,6 cm) i prakti\u010dan je izbor za svakodnevnu upotrebu, posao, \u0161kolu ili putovanja. Elegantnog i vodootpornog dizajna sa otpornim poliesterom koji \u0161titi ure\u0111aje od ogrebotina i vremenskih utjecaja. Ima vi\u0161e od desetak specijalnih d\u017eepova i pretinaca za organizaciju telefona, punja\u010da, boca s [&hellip;]<\/p>\n","protected":false},"featured_media":51097,"template":"","meta":[],"product_cat":[582,740],"product_tag":[],"class_list":{"0":"post-51096","1":"product","2":"type-product","3":"status-publish","4":"has-post-thumbnail","6":"product_cat-brend-asus","7":"product_cat-ruksaci-i-torbe","8":"pa_brend-asus","10":"first","11":"instock","12":"shipping-taxable","13":"purchasable","14":"product-type-simple"},"_links":{"self":[{"href":"https:\/\/techstore.ba\/shop\/wp-json\/wp\/v2\/product\/51096","targetHints":{"allow":["GET"]}}],"collection":[{"href":"https:\/\/techstore.ba\/shop\/wp-json\/wp\/v2\/product"}],"about":[{"href":"https:\/\/techstore.ba\/shop\/wp-json\/wp\/v2\/types\/product"}],"wp:featuredmedia":[{"embeddable":true,"href":"https:\/\/techstore.ba\/shop\/wp-json\/wp\/v2\/media\/51097"}],"wp:attachment":[{"href":"https:\/\/techstore.ba\/shop\/wp-json\/wp\/v2\/media?parent=51096"}],"wp:term":[{"taxonomy":"product_cat","embeddable":true,"href":"https:\/\/techstore.ba\/shop\/wp-json\/wp\/v2\/product_cat?post=51096"},{"taxonomy":"product_tag","embeddable":true,"href":"https:\/\/techstore.ba\/shop\/wp-json\/wp\/v2\/product_tag?post=51096"}],"curies":[{"name":"wp","href":"https:\/\/api.w.org\/{rel}","templated":true}]}}