{"id":50892,"date":"2026-02-11T16:48:07","date_gmt":"2026-02-11T15:48:07","guid":{"rendered":"https:\/\/techstore.ba\/shop\/?post_type=product&#038;p=50892"},"modified":"2026-02-14T18:13:15","modified_gmt":"2026-02-14T17:13:15","slug":"hp-colorlaser-mfp-3303fdw","status":"publish","type":"product","link":"https:\/\/techstore.ba\/shop\/product\/hp-colorlaser-mfp-3303fdw\/","title":{"rendered":"HP COLORLASER MFP 3303fdw"},"content":{"rendered":"<div class=\"Y3BBE\" data-sfc-cp=\"\" data-hveid=\"CAEICBAA\" data-complete=\"true\" data-processed=\"true\"><strong class=\"Yjhzub\" data-complete=\"true\" data-processed=\"true\">HP Color LaserJet Pro MFP 3303fdw: Unesite Boju i Efikasnost u Va\u0161e Poslovanje<\/strong><button class=\"rBl3me\" tabindex=\"0\" data-amic=\"true\" data-icl-uuid=\"43029c50-1d3d-4380-8b0c-239e5a4e70a3\" aria-label=\"View related links\" data-wiz-attrbind=\"disabled=XyHV9d_2i\/C5gNJc;aria-label=XyHV9d_2i\/bOjMyf;class=XyHV9d_2i\/UpSNec\" data-ved=\"2ahUKEwi3gP_s49GSAxXw9AIHHR5gEr8Qye0OegYIAQgIEAE\"><\/button><\/div>\n<div class=\"Y3BBE\" data-sfc-cp=\"\" data-hveid=\"CAEICRAA\" data-complete=\"true\" data-processed=\"true\">HP Color LaserJet Pro MFP 3303fdw predstavlja zna\u010dajan korak naprijed u odnosu na monohromatske modele, nude\u0107i ne samo sveobuhvatnu funkcionalnost (printanje, skeniranje, kopiranje, faks) ve\u0107 i\u00a0<strong class=\"Yjhzub\" data-complete=\"true\" data-processed=\"true\">profesionalan laserski ispis u boji<\/strong>. Ovaj ure\u0111aj je idealan za mala i srednja preduze\u0107a kojima je potreban brz i pouzdan radni partner sposoban da kreira \u017eivopisne marketin\u0161ke materijale i o\u0161tre poslovne dokumente.<span class=\"uJ19be notranslate\" data-wiz-uids=\"XyHV9d_2o,XyHV9d_2p\" data-complete=\"true\" data-processed=\"true\"><span class=\"vKEkVd\" data-animation-atomic=\"\" data-wiz-attrbind=\"class=XyHV9d_2n\/TKHnVd\" data-sae=\"\"><span aria-hidden=\"true\">\u00a0<\/span><button class=\"rBl3me\" tabindex=\"0\" data-amic=\"true\" data-icl-uuid=\"a53a87db-6cb8-4a0e-873e-d3b5c45dec5a\" aria-label=\"View related links\" data-wiz-attrbind=\"disabled=XyHV9d_2n\/C5gNJc;aria-label=XyHV9d_2n\/bOjMyf;class=XyHV9d_2n\/UpSNec\" data-ved=\"2ahUKEwi3gP_s49GSAxXw9AIHHR5gEr8Qye0OegYIAQgJEAE\"><\/button><\/span><\/span><\/div>\n<div class=\"Y3BBE\" data-sfc-cp=\"\" data-hveid=\"CAEIChAA\" data-complete=\"true\" data-processed=\"true\"><strong class=\"Yjhzub\" data-complete=\"true\" data-processed=\"true\">Vrhunska Brzina i Automatizacija<\/strong><span class=\"uJ19be notranslate\" data-wiz-uids=\"XyHV9d_2t,XyHV9d_2u\" data-complete=\"true\" data-processed=\"true\"><span class=\"vKEkVd\" data-animation-atomic=\"\" data-wiz-attrbind=\"class=XyHV9d_2s\/TKHnVd\" data-sae=\"\"><span aria-hidden=\"true\">\u00a0<\/span><button class=\"rBl3me\" tabindex=\"0\" data-amic=\"true\" data-icl-uuid=\"457cd313-c73f-4d52-a6bc-2803c172a968\" aria-label=\"View related links\" data-wiz-attrbind=\"disabled=XyHV9d_2s\/C5gNJc;aria-label=XyHV9d_2s\/bOjMyf;class=XyHV9d_2s\/UpSNec\" data-ved=\"2ahUKEwi3gP_s49GSAxXw9AIHHR5gEr8Qye0OegYIAQgKEAE\"><\/button><\/span><\/span><\/div>\n<div class=\"Y3BBE\" data-sfc-cp=\"\" data-hveid=\"CAEICxAA\" data-complete=\"true\" data-processed=\"true\">Ovaj MFP se isti\u010de brzinom, dosti\u017eu\u0107i do\u00a0<strong class=\"Yjhzub\" data-complete=\"true\" data-processed=\"true\">25 stranica u minuti<\/strong>\u00a0i za crno-bijeli i za ispis u boji. Posebna prednost je\u00a0<strong class=\"Yjhzub\" data-complete=\"true\" data-processed=\"true\">automatsko obostrano printanje i skeniranje u jednom prolazu<\/strong>\u00a0putem ADF-a od 50 listova. Ova funkcija zna\u010dajno ubrzava rad sa vi\u0161estranim dokumentima i omogu\u0107ava efikasniju digitalizaciju arhiva, nadma\u0161uju\u0107i mogu\u0107nosti jednostavnijih modela.<span class=\"uJ19be notranslate\" data-wiz-uids=\"XyHV9d_2z,XyHV9d_30\" data-complete=\"true\" data-processed=\"true\"><span class=\"vKEkVd\" data-animation-atomic=\"\" data-wiz-attrbind=\"class=XyHV9d_2y\/TKHnVd\" data-sae=\"\"><span aria-hidden=\"true\">\u00a0<\/span><button class=\"rBl3me\" tabindex=\"0\" data-amic=\"true\" data-icl-uuid=\"dbc8c637-dbc8-46c3-aa2b-f1868eb2d7a6\" aria-label=\"View related links\" data-wiz-attrbind=\"disabled=XyHV9d_2y\/C5gNJc;aria-label=XyHV9d_2y\/bOjMyf;class=XyHV9d_2y\/UpSNec\" data-ved=\"2ahUKEwi3gP_s49GSAxXw9AIHHR5gEr8Qye0OegYIAQgLEAE\"><\/button><\/span><\/span><\/div>\n<div class=\"Y3BBE\" data-sfc-cp=\"\" data-hveid=\"CAEIDBAA\" data-complete=\"true\" data-processed=\"true\"><strong class=\"Yjhzub\" data-complete=\"true\" data-processed=\"true\">Fleksibilno Povezivanje i Intuitivna Kontrola<\/strong><span class=\"uJ19be notranslate\" data-wiz-uids=\"XyHV9d_36,XyHV9d_37\" data-complete=\"true\" data-processed=\"true\"><span class=\"vKEkVd\" data-animation-atomic=\"\" data-wiz-attrbind=\"class=XyHV9d_35\/TKHnVd\" data-sae=\"\"><span aria-hidden=\"true\">\u00a0<\/span><button class=\"rBl3me\" tabindex=\"0\" data-amic=\"true\" data-icl-uuid=\"b0936388-09bd-41e4-94ee-caa0b2a8ee99\" aria-label=\"View related links\" data-wiz-attrbind=\"disabled=XyHV9d_35\/C5gNJc;aria-label=XyHV9d_35\/bOjMyf;class=XyHV9d_35\/UpSNec\" data-ved=\"2ahUKEwi3gP_s49GSAxXw9AIHHR5gEr8Qye0OegYIAQgMEAE\"><\/button><\/span><\/span><\/div>\n<div class=\"Y3BBE\" data-sfc-cp=\"\" data-hveid=\"CAEIDRAA\" data-complete=\"true\" data-processed=\"true\">HP 3303fdw nudi potpunu slobodu povezivanja. Mo\u017eete ga povezati \u017ei\u010dno putem\u00a0<strong class=\"Yjhzub\" data-complete=\"true\" data-processed=\"true\">Gigabit Ethernet<\/strong>\u00a0mre\u017ee za maksimalnu stabilnost u uredu, ili be\u017ei\u010dno koriste\u0107i pouzdani\u00a0<strong class=\"Yjhzub\" data-complete=\"true\" data-processed=\"true\">dual-band Wi-Fi<\/strong>\u00a0koji se automatski ponovo povezuje radi odr\u017eavanja veze. Upravljanje je jednostavno zahvaljuju\u0107i velikom\u00a0<strong class=\"Yjhzub\" data-complete=\"true\" data-processed=\"true\">4,3-in\u010dnom ekranu osjetljivom na dodir<\/strong><span class=\"T286Pc\" data-sfc-cp=\"\" data-complete=\"true\" data-processed=\"true\">, a mobilno printanje je omogu\u0107eno kroz\u00a0HP Smart aplikaciju, Apple AirPrint, i Wi-Fi Direct.<\/span><span class=\"uJ19be notranslate\" data-wiz-uids=\"XyHV9d_3f,XyHV9d_3g\" data-complete=\"true\" data-processed=\"true\"><span class=\"vKEkVd\" data-animation-atomic=\"\" data-wiz-attrbind=\"class=XyHV9d_3e\/TKHnVd\" data-sae=\"\"><span aria-hidden=\"true\">\u00a0<\/span><button class=\"rBl3me\" tabindex=\"0\" data-amic=\"true\" data-icl-uuid=\"913c1802-e063-48b6-a3e1-405d7db6600f\" aria-label=\"View related links\" data-wiz-attrbind=\"disabled=XyHV9d_3e\/C5gNJc;aria-label=XyHV9d_3e\/bOjMyf;class=XyHV9d_3e\/UpSNec\" data-ved=\"2ahUKEwi3gP_s49GSAxXw9AIHHR5gEr8Qye0OegYIAQgNEAE\"><\/button><\/span><\/span><\/div>\n<div class=\"Y3BBE\" data-sfc-cp=\"\" data-hveid=\"CAEIDhAA\" data-complete=\"true\" data-processed=\"true\"><strong class=\"Yjhzub\" data-complete=\"true\" data-processed=\"true\">Profesionalni Rezultati i Sigurnost<\/strong><button class=\"rBl3me\" tabindex=\"0\" data-amic=\"true\" data-icl-uuid=\"a4adf38d-72e3-4e3f-b30c-77bfbda1c70c\" aria-label=\"View related links\" data-wiz-attrbind=\"disabled=XyHV9d_3m\/C5gNJc;aria-label=XyHV9d_3m\/bOjMyf;class=XyHV9d_3m\/UpSNec\" data-ved=\"2ahUKEwi3gP_s49GSAxXw9AIHHR5gEr8Qye0OegYIAQgOEAE\"><\/button><\/div>\n<div class=\"Y3BBE\" data-sfc-cp=\"\" data-hveid=\"CAEIDxAA\" data-complete=\"true\" data-processed=\"true\">Zahvaljuju\u0107i HP-ovoj\u00a0<strong class=\"Yjhzub\" data-complete=\"true\" data-processed=\"true\">TerraJet Toner tehnologiji<\/strong>, ovaj printer pru\u017ea dosljedan kvalitet sa \u017eivim bojama i jasnim detaljima, savr\u0161enim za bro\u0161ure i prezentacije. Ure\u0111aj je opremljen i HP Wolf Pro sigurnosnim rje\u0161enjima za za\u0161titu va\u0161e mre\u017ee i podataka. Sa robusnim dizajnom i mogu\u0107no\u0161\u0107u kori\u0161tenja tonera visokog prinosa (HP 222X), HP Color LaserJet Pro MFP 3303fdw nudi odli\u010dnu kombinaciju performansi, kvaliteta i dugoro\u010dne isplativosti.<span class=\"uJ19be notranslate\" data-wiz-uids=\"XyHV9d_3s,XyHV9d_3t\" data-complete=\"true\" data-processed=\"true\"><span class=\"vKEkVd\" data-animation-atomic=\"\" data-wiz-attrbind=\"class=XyHV9d_3r\/TKHnVd\" data-sae=\"\"><span aria-hidden=\"true\" aria-owns=\"action-menu-parent-container\">\u00a0<\/span><button class=\"rBl3me\" tabindex=\"0\" data-amic=\"true\" data-icl-uuid=\"03472039-9b0f-447c-bc82-ff3f3f245df6\" aria-label=\"View related links\" data-wiz-attrbind=\"disabled=XyHV9d_3r\/C5gNJc;aria-label=XyHV9d_3r\/bOjMyf;class=XyHV9d_3r\/UpSNec\" data-ved=\"2ahUKEwi3gP_s49GSAxXw9AIHHR5gEr8Qye0OegYIAQgPEAE\"><\/button><\/span><\/span><\/div>\n<div class=\"Fsg96\" data-sfc-cp=\"\" data-complete=\"true\" data-processed=\"true\"><\/div>\n<div data-xid=\"Gd7Hsc\" data-sfc-cp=\"\" data-complete=\"true\" data-processed=\"true\">\n<div class=\"DBd2Wb\" data-complete=\"true\" data-processed=\"true\">\n<div data-complete=\"true\" data-processed=\"true\"><\/div>\n<div class=\"zkL70c\" data-processed=\"true\">\n<div data-xid=\"YruvMc\" data-signal-inputs=\"ns9scf=XyHV9d_3w\/ns9scf\" data-complete=\"true\" data-processed=\"true\">\n<div class=\"OUQe0e\" data-processed=\"true\">\n<div id=\"shrproxy39\" class=\"bQ0Yzc\" data-ved=\"0CAAQp4QQahgKEwiY1IKQ3dGSAxUAAAAAHQAAAAAQlgE\" data-hveid=\"0\" data-processed=\"true\"><\/div>\n<\/div>\n<\/div>\n<\/div>\n<\/div>\n<\/div>\n","protected":false},"excerpt":{"rendered":"<p><span class=\"T286Pc\" data-sfc-cp=\"\" data-complete=\"true\"><strong class=\"Yjhzub\" data-complete=\"true\">Funkcije<\/strong>: Printanje, kopiranje, skeniranje, faks.<\/span><\/p>\n<p><span class=\"T286Pc\" data-sfc-cp=\"\" data-complete=\"true\"><strong class=\"Yjhzub\" data-complete=\"true\">Tehnologija printanja<\/strong>: Laser u boji.<\/span><\/p>\n<p><span class=\"T286Pc\" data-sfc-cp=\"\" data-complete=\"true\"><strong class=\"Yjhzub\" data-complete=\"true\">Brzina printanja (mono i boja, A4)<\/strong>: Do 25 stranica u minuti (str\/min).<\/span><\/p>\n<p><span class=\"T286Pc\" data-sfc-cp=\"\" data-complete=\"true\"><strong class=\"Yjhzub\" data-complete=\"true\">Rezolucija printanja (najbolja)<\/strong>: Do 600 x 600 dpi.<\/span><\/p>\n<p><span class=\"T286Pc\" data-sfc-cp=\"\" data-complete=\"true\"><strong class=\"Yjhzub\" data-complete=\"true\">Automatski ulaga\u010d dokumenata (ADF)<\/strong>: Da, kapacitet 50 listova, sa\u00a0<strong class=\"Yjhzub\" data-complete=\"true\">automatskim obostranim skeniranjem u jednom prolazu<\/strong>.<\/span><\/p>\n<p><span class=\"T286Pc\" data-sfc-cp=\"\" data-complete=\"true\"><strong class=\"Yjhzub\" data-complete=\"true\">Povezivanje<\/strong>: Hi-Speed USB 2.0, Gigabit Ethernet LAN,\u00a0<strong class=\"Yjhzub\" data-complete=\"true\">dual-band Wi-Fi<\/strong>\u00a0(2.4GHz\/5GHz), Wi-Fi Direct, 2 RJ-11 porta za faks.<\/span><\/p>\n<p><span class=\"T286Pc\" data-sfc-cp=\"\" data-complete=\"true\"><strong class=\"Yjhzub\" data-complete=\"true\">Automatsko obostrano printanje (Duplex)<\/strong>: Da, automatsko.<\/span><\/p>\n<p><span class=\"T286Pc\" data-sfc-cp=\"\" data-complete=\"true\"><strong class=\"Yjhzub\" data-complete=\"true\">Mobilno printanje<\/strong>: Apple AirPrint, Mopria Certified,\u00a0<span data-sfc-cp=\"\" data-complete=\"true\"><a class=\"H23r4e\" href=\"https:\/\/www.hp.com\/us-en\/home.html\" target=\"_blank\" rel=\"noopener\" data-hveid=\"CAEIBRAI\">HP Smart App<\/a><\/span>, Wi-Fi Direct Printing.<\/span><\/p>\n<p><span class=\"T286Pc\" data-sfc-cp=\"\" data-complete=\"true\"><strong class=\"Yjhzub\" data-complete=\"true\">Memorija<\/strong>: 512 MB.<\/span><\/p>\n<p><span class=\"T286Pc\" data-sfc-cp=\"\" data-complete=\"true\"><strong class=\"Yjhzub\" data-complete=\"true\">Kapacitet ulazne ladice<\/strong>: 250 listova + 1 list prioritetne ladice.<\/span><\/p>\n<p><span class=\"T286Pc\" data-sfc-cp=\"\" data-complete=\"true\"><strong class=\"Yjhzub\" data-complete=\"true\">Maksimalni mjese\u010dni ciklus<\/strong>: Do 40.000 stranica.<\/span><\/p>\n<p><span class=\"T286Pc\" data-sfc-cp=\"\" data-complete=\"true\"><strong class=\"Yjhzub\" data-complete=\"true\">Potro\u0161ni materijal<\/strong>: Koristi HP 222A (standardni prinos) ili HP 222X (visoki prinos) tonere u \u010detiri boje (crna, cijan, magenta, \u017euta).<\/span><\/p>\n<p><span class=\"T286Pc\" data-sfc-cp=\"\" data-complete=\"true\" aria-owns=\"action-menu-parent-container\"><strong class=\"Yjhzub\" data-complete=\"true\">Ekran<\/strong>: 4.3-in\u010dni (10.9 cm) kolor ekran osjetljiv na dodir.<\/span><\/p>\n","protected":false},"featured_media":50893,"template":"","meta":[],"product_cat":[445],"product_tag":[],"class_list":{"0":"post-50892","1":"product","2":"type-product","3":"status-publish","4":"has-post-thumbnail","6":"product_brand-hp","7":"product_cat-ct-printmfpml","8":"pa_brend-hp","10":"first","11":"instock","12":"shipping-taxable","13":"purchasable","14":"product-type-simple"},"_links":{"self":[{"href":"https:\/\/techstore.ba\/shop\/wp-json\/wp\/v2\/product\/50892","targetHints":{"allow":["GET"]}}],"collection":[{"href":"https:\/\/techstore.ba\/shop\/wp-json\/wp\/v2\/product"}],"about":[{"href":"https:\/\/techstore.ba\/shop\/wp-json\/wp\/v2\/types\/product"}],"wp:featuredmedia":[{"embeddable":true,"href":"https:\/\/techstore.ba\/shop\/wp-json\/wp\/v2\/media\/50893"}],"wp:attachment":[{"href":"https:\/\/techstore.ba\/shop\/wp-json\/wp\/v2\/media?parent=50892"}],"wp:term":[{"taxonomy":"product_cat","embeddable":true,"href":"https:\/\/techstore.ba\/shop\/wp-json\/wp\/v2\/product_cat?post=50892"},{"taxonomy":"product_tag","embeddable":true,"href":"https:\/\/techstore.ba\/shop\/wp-json\/wp\/v2\/product_tag?post=50892"}],"curies":[{"name":"wp","href":"https:\/\/api.w.org\/{rel}","templated":true}]}}