{"id":50828,"date":"2026-02-11T14:41:19","date_gmt":"2026-02-11T13:41:19","guid":{"rendered":"https:\/\/techstore.ba\/shop\/product\/asus-rog-delta-ii-wirelessgaming-slusalice\/"},"modified":"2026-04-04T11:44:52","modified_gmt":"2026-04-04T09:44:52","slug":"asus-rog-delta-ii-wirelessgaming-slusalice","status":"publish","type":"product","link":"https:\/\/techstore.ba\/shop\/product\/asus-rog-delta-ii-wirelessgaming-slusalice\/","title":{"rendered":"Asus ROG Delta II wirelessgaming slu\u0161alice"},"content":{"rendered":"","protected":false},"excerpt":{"rendered":"<p>Asus ROG Delta II wireless gaming slu\u0161alice, trostruka konekcija: 2.4 GHz, BT, \u017ei\u010dana, 3.5 mm, titanium-plated diaphragm drivers, 20 Hz-20KHz, 318 g, AURA Sync RGB, do 110 sati kori\u0161tenja s baterijom<\/p>\n","protected":false},"featured_media":50829,"template":"","meta":[],"product_cat":[582,471],"product_tag":[],"class_list":{"0":"post-50828","1":"product","2":"type-product","3":"status-publish","4":"has-post-thumbnail","6":"product_cat-brend-asus","7":"product_cat-ct-slusalice","8":"pa_brend-asus","10":"first","11":"instock","12":"shipping-taxable","13":"purchasable","14":"product-type-simple"},"_links":{"self":[{"href":"https:\/\/techstore.ba\/shop\/wp-json\/wp\/v2\/product\/50828","targetHints":{"allow":["GET"]}}],"collection":[{"href":"https:\/\/techstore.ba\/shop\/wp-json\/wp\/v2\/product"}],"about":[{"href":"https:\/\/techstore.ba\/shop\/wp-json\/wp\/v2\/types\/product"}],"wp:featuredmedia":[{"embeddable":true,"href":"https:\/\/techstore.ba\/shop\/wp-json\/wp\/v2\/media\/50829"}],"wp:attachment":[{"href":"https:\/\/techstore.ba\/shop\/wp-json\/wp\/v2\/media?parent=50828"}],"wp:term":[{"taxonomy":"product_cat","embeddable":true,"href":"https:\/\/techstore.ba\/shop\/wp-json\/wp\/v2\/product_cat?post=50828"},{"taxonomy":"product_tag","embeddable":true,"href":"https:\/\/techstore.ba\/shop\/wp-json\/wp\/v2\/product_tag?post=50828"}],"curies":[{"name":"wp","href":"https:\/\/api.w.org\/{rel}","templated":true}]}}