{"id":50824,"date":"2026-02-11T14:41:14","date_gmt":"2026-02-11T13:41:14","guid":{"rendered":"https:\/\/techstore.ba\/shop\/product\/asus-tuf-gaming-h1-wirelessslusalice\/"},"modified":"2026-04-04T11:44:52","modified_gmt":"2026-04-04T09:44:52","slug":"asus-tuf-gaming-h1-wirelessslusalice","status":"publish","type":"product","link":"https:\/\/techstore.ba\/shop\/product\/asus-tuf-gaming-h1-wirelessslusalice\/","title":{"rendered":"ASUS TUF gaming H1 wirelessslu\u0161alice"},"content":{"rendered":"","protected":false},"excerpt":{"rendered":"<p>ASUS TUF gaming H1 slu\u0161alice wireless, savr\u0161en zvuk uz virtuelni surround 7.1, mikrofon ima Discord certifikat i podr\u017eava TeamSpeak, domet do 25m. Do 15h aktivnog kori\u0161tenja. Kompaktibilne sa PlayStation, XBOX, Nintendo, PC, smartphone.<\/p>\n","protected":false},"featured_media":50825,"template":"","meta":[],"product_cat":[582,471,852],"product_tag":[],"class_list":{"0":"post-50824","1":"product","2":"type-product","3":"status-publish","4":"has-post-thumbnail","6":"product_cat-brend-asus","7":"product_cat-ct-slusalice","8":"product_cat-slusalice-za-pc","9":"pa_brend-asus","11":"first","12":"outofstock","13":"shipping-taxable","14":"purchasable","15":"product-type-simple"},"_links":{"self":[{"href":"https:\/\/techstore.ba\/shop\/wp-json\/wp\/v2\/product\/50824","targetHints":{"allow":["GET"]}}],"collection":[{"href":"https:\/\/techstore.ba\/shop\/wp-json\/wp\/v2\/product"}],"about":[{"href":"https:\/\/techstore.ba\/shop\/wp-json\/wp\/v2\/types\/product"}],"wp:featuredmedia":[{"embeddable":true,"href":"https:\/\/techstore.ba\/shop\/wp-json\/wp\/v2\/media\/50825"}],"wp:attachment":[{"href":"https:\/\/techstore.ba\/shop\/wp-json\/wp\/v2\/media?parent=50824"}],"wp:term":[{"taxonomy":"product_cat","embeddable":true,"href":"https:\/\/techstore.ba\/shop\/wp-json\/wp\/v2\/product_cat?post=50824"},{"taxonomy":"product_tag","embeddable":true,"href":"https:\/\/techstore.ba\/shop\/wp-json\/wp\/v2\/product_tag?post=50824"}],"curies":[{"name":"wp","href":"https:\/\/api.w.org\/{rel}","templated":true}]}}