{"id":50760,"date":"2026-02-11T14:26:39","date_gmt":"2026-02-11T13:26:39","guid":{"rendered":"https:\/\/techstore.ba\/shop\/product\/tuf-gaming-m4-air-gaming-mis\/"},"modified":"2026-04-04T11:18:35","modified_gmt":"2026-04-04T09:18:35","slug":"tuf-gaming-m4-air-gaming-mis","status":"publish","type":"product","link":"https:\/\/techstore.ba\/shop\/product\/tuf-gaming-m4-air-gaming-mis\/","title":{"rendered":"TUF Gaming M4 Air gaming mi\u0161"},"content":{"rendered":"","protected":false},"excerpt":{"rendered":"<p>ASUS TUF Gaming M4 Air \u017ei\u010dani gaming mi\u0161, veza: USB. Ultra-lagan, 16.000 DPI, 6 programibilnih tipki, 3 memory profila, 47 g te\u017eina, IPX6 certifikat vodootpornosti. Armoury Crate software.<\/p>\n","protected":false},"featured_media":50761,"template":"","meta":[],"product_cat":[582,1016,1015,378],"product_tag":[],"class_list":{"0":"post-50760","1":"product","2":"type-product","3":"status-publish","4":"has-post-thumbnail","6":"product_cat-brend-asus","7":"product_cat-gaming-misevi","8":"product_cat-gaming-periferija","9":"product_cat-ct-misevi","10":"pa_brend-misevi","12":"first","13":"instock","14":"shipping-taxable","15":"purchasable","16":"product-type-simple"},"_links":{"self":[{"href":"https:\/\/techstore.ba\/shop\/wp-json\/wp\/v2\/product\/50760","targetHints":{"allow":["GET"]}}],"collection":[{"href":"https:\/\/techstore.ba\/shop\/wp-json\/wp\/v2\/product"}],"about":[{"href":"https:\/\/techstore.ba\/shop\/wp-json\/wp\/v2\/types\/product"}],"wp:featuredmedia":[{"embeddable":true,"href":"https:\/\/techstore.ba\/shop\/wp-json\/wp\/v2\/media\/50761"}],"wp:attachment":[{"href":"https:\/\/techstore.ba\/shop\/wp-json\/wp\/v2\/media?parent=50760"}],"wp:term":[{"taxonomy":"product_cat","embeddable":true,"href":"https:\/\/techstore.ba\/shop\/wp-json\/wp\/v2\/product_cat?post=50760"},{"taxonomy":"product_tag","embeddable":true,"href":"https:\/\/techstore.ba\/shop\/wp-json\/wp\/v2\/product_tag?post=50760"}],"curies":[{"name":"wp","href":"https:\/\/api.w.org\/{rel}","templated":true}]}}