{"id":50335,"date":"2026-02-09T10:04:23","date_gmt":"2026-02-09T09:04:23","guid":{"rendered":"https:\/\/techstore.ba\/shop\/?post_type=product&#038;p=50335"},"modified":"2026-04-04T18:52:12","modified_gmt":"2026-04-04T16:52:12","slug":"samsung-galaxy-watch-8-44mm-bt-graphite","status":"publish","type":"product","link":"https:\/\/techstore.ba\/shop\/product\/samsung-galaxy-watch-8-44mm-bt-graphite\/","title":{"rendered":"SAMSUNG GALAXY WATCH 8 44MM BT GRAPHITE"},"content":{"rendered":"<div id=\"tw-container\" class=\"nev7se\" data-cp=\"1\" data-nnttsvi=\"1\" data-sletp=\"false\" data-sm=\"1\" data-ssbp=\"false\" data-sugg-time=\"500\" data-sugg-url=\"https:\/\/clients1.google.com\/complete\/search\" data-uilc=\"en\" data-vil=\",af,af-ZA,am,am-ET,ar-EG,ar-AE,ar-KW,ar-QA,ar,ar-IL,ar-JO,ar-LB,ar-PS,az,az-AZ,bg,bg-BG,bn,bn-BD,bn-IN,ca,ca-es,cs,cs-CZ,de,de-DE,de-CH,de-AT,de-LI,en,en-US,en-CA,en-AU,en-NZ,en-GB,en-IN,en-KE,en-TZ,en-NG,en-GH,en-PH,en-ZA,es,es-ES,es-AR,es-UY,es-419,es-BO,es-CL,es-CR,es-CO,es-DO,es-EC,es-GT,es-HN,es-NI,es-PA,es-PE,es-PR,es-PY,es-SV,es-VE,es-MX,es-US,eu,eu-ES,fi,fi-FI,fr,fr-FR,fr-CH,fr-BE,gl,gl-ES,gu,gu-IN,he,he-IL,iw,iw-IL,hu,hu-HU,hy,hy-AM,id,id-ID,is,is-IS,it,it-IT,it-CH,ja,ja-JP,jv,jv-ID,ka,ka-GE,km,km-KH,kn,kn-IN,ko,ko-KR,la,lo,lo-LA,lv,lv-LV,ml,ml-IN,mr,mr-IN,ms,ms-MY,nl,nl-NL,nb,nb-NO,ne,ne-NP,pl,pl-PL,pt,pt-BR,pt-PT,ro,ro-RO,ru,ru-RU,si-LK,sk,sk-SK,sr,sr-RS,su,su-ID,sv,sv-SE,sw,sw-TZ,sw-KE,ta,ta-IN,ta-SG,ta-LK,ta-MY,te,te-IN,tr,tr-TR,ur,ur-PK,ur-IN,yue,yue-HK,yue-Hant-HK,zh-HK,zh,zh-CN,zh-cmn,zh-cmn-CN,zh-Hans,zh-Hans-CN,zh-cmn-Hans,zh-cmn-Hans-CN,cmn-CN,cmn-Hans,cmn-Hans-CN,zh-TW,zh-Hant-TW,cmn-TW,cmn-Hant-TW,zh-cmn-TW,zh-cmn-Hant-TW,zu,zu-ZA,hi,hi-IN,tl,tl-PH,pa,pa-IN\">\n<div>\n<div>\n<div id=\"tw-ob\" class=\"tw-src-ltr\">\n<div class=\"oSioSc\">\n<div id=\"tw-target\">\n<div id=\"kAz1tf\" class=\"g9WsWb PZPZlf\" data-attrid=\"tw-targetArea\" data-entityname=\"Google Translate\">\n<div id=\"tw-target-text-container\" class=\"tw-ta-container tw-nfl\" tabindex=\"0\" role=\"text\">\n<pre id=\"tw-target-text\" class=\"tw-data-text tw-text-large tw-ta\" dir=\"ltr\" tabindex=\"-1\" role=\"text\" data-placeholder=\"Translation\" data-ved=\"2ahUKEwj2k-X1hMySAxV81QIHHTuBH68Q3ewLegQIDBAW\" aria-label=\"Translated text: Dizajn: Aluminijsko ku\u0107i\u0161te od 44 mm u grafitu, sa ekranom od 1,47 in\u010da. Performanse: 3nm procesor sa 2 GB RAM-a i 32 GB prostora za pohranu. Ekran: Svjetlina do 3.000 nita za vidljivost na otvorenom. Pra\u0107enje zdravlja: Napredni AI coaching za spavanje, pra\u0107enje otkucaja srca, zdravlje krvnih sudova i nova mjerenja nivoa antioksidansa. Povezivanje: Bluetooth, Wi-Fi, GPS i NFC. Baterija: Kapacitet 425 mAh.\"><span class=\"Y2IQFc\" lang=\"bs\"> Dizajn: Aluminijsko ku\u0107i\u0161te od 44 mm u grafitu, sa ekranom od 1,47 in\u010da.\r\n Performanse: 3nm procesor sa 2 GB RAM-a i 32 GB prostora za pohranu.\r\n Ekran: Svjetlina do 3.000 nita za vidljivost na otvorenom.\r\n Pra\u0107enje zdravlja: Napredni AI coaching za spavanje, pra\u0107enje otkucaja srca, zdravlje krvnih sudova i nova mjerenja nivoa antioksidansa.\r\n Povezivanje: Bluetooth, Wi-Fi, GPS i NFC. Baterija: Kapacitet 425 mAh.<\/span><\/pre>\n<\/div>\n<div id=\"tw-target-rmn-container\" class=\"tw-target-rmn tw-ta-container tw-nfl\" tabindex=\"-1\" role=\"text\">\n<pre id=\"tw-target-rmn\" class=\"tw-data-placeholder tw-text-small tw-ta\" dir=\"ltr\" tabindex=\"-1\" role=\"text\" data-placeholder=\"\"><\/pre>\n<\/div>\n<div class=\"iYB33c\">\n<div id=\"tw-tmenu\" class=\"tw-menu\"><\/div>\n<\/div>\n<\/div>\n<\/div>\n<\/div>\n<\/div>\n<div id=\"tw-images\"><\/div>\n<div class=\"dURPtb\"><\/div>\n<div>\n<div><\/div>\n<\/div>\n<\/div>\n<\/div>\n<\/div>\n<div class=\"KFFQ0c xKf9F\"><\/div>\n","protected":false},"excerpt":{"rendered":"<p>Dizajn: Aluminijsko ku\u0107i\u0161te od 44 mm u grafitu, sa ekranom od 1,47 in\u010da. Performanse: 3nm procesor sa 2 GB RAM-a i 32 GB prostora za pohranu. Ekran: Svjetlina do 3.000 nita za vidljivost na otvorenom. Pra\u0107enje zdravlja: Napredni AI coaching za spavanje, pra\u0107enje otkucaja srca, zdravlje krvnih sudova i nova mjerenja nivoa antioksidansa. Povezivanje: Bluetooth, [&hellip;]<\/p>\n","protected":false},"featured_media":50336,"template":"","meta":[],"product_cat":[1235,1231,477],"product_tag":[],"class_list":{"0":"post-50335","1":"product","2":"type-product","3":"status-publish","4":"has-post-thumbnail","6":"product_cat-8-mart-akcija","7":"product_cat-akcijamart","8":"product_cat-ct-smartwatch","9":"pa_brend-smart-watch","11":"first","12":"instock","13":"sale","14":"shipping-taxable","15":"purchasable","16":"product-type-simple"},"_links":{"self":[{"href":"https:\/\/techstore.ba\/shop\/wp-json\/wp\/v2\/product\/50335","targetHints":{"allow":["GET"]}}],"collection":[{"href":"https:\/\/techstore.ba\/shop\/wp-json\/wp\/v2\/product"}],"about":[{"href":"https:\/\/techstore.ba\/shop\/wp-json\/wp\/v2\/types\/product"}],"wp:featuredmedia":[{"embeddable":true,"href":"https:\/\/techstore.ba\/shop\/wp-json\/wp\/v2\/media\/50336"}],"wp:attachment":[{"href":"https:\/\/techstore.ba\/shop\/wp-json\/wp\/v2\/media?parent=50335"}],"wp:term":[{"taxonomy":"product_cat","embeddable":true,"href":"https:\/\/techstore.ba\/shop\/wp-json\/wp\/v2\/product_cat?post=50335"},{"taxonomy":"product_tag","embeddable":true,"href":"https:\/\/techstore.ba\/shop\/wp-json\/wp\/v2\/product_tag?post=50335"}],"curies":[{"name":"wp","href":"https:\/\/api.w.org\/{rel}","templated":true}]}}