{"id":50222,"date":"2026-02-06T15:56:34","date_gmt":"2026-02-06T14:56:34","guid":{"rendered":"https:\/\/techstore.ba\/shop\/product\/rowenta-usisivac-ro2910ea-swift-power-classic-750-w-1-2-l-kanister\/"},"modified":"2026-03-03T04:23:24","modified_gmt":"2026-03-03T03:23:24","slug":"rowenta-usisivac-ro2910ea-swift-power-classic-750-w-1-2-l-kanister","status":"publish","type":"product","link":"https:\/\/techstore.ba\/shop\/product\/rowenta-usisivac-ro2910ea-swift-power-classic-750-w-1-2-l-kanister\/","title":{"rendered":"Rowenta usisiva\u010d RO2910EA Swift Power Classic, 750 W, 1.2 L kanister"},"content":{"rendered":"","protected":false},"excerpt":{"rendered":"<p>Rowenta Swift Power Classic RO2910EA usisiva\u010d.Snaga eco motora 750W &#8211; ekvivalent usisne snage 1.800 W, spremnik kanistera 1.2 L, radijus od 7,6 m.Effitech motor osigurava optimalnu u\u010dinkovitost \u010di\u0161\u0107enja i skupljanja pra\u0161ine na tvrdim podovima<\/p>\n","protected":false},"featured_media":50223,"template":"","meta":[],"product_cat":[563,721],"product_tag":[],"class_list":{"0":"post-50222","1":"product","2":"type-product","3":"status-publish","4":"has-post-thumbnail","6":"product_cat-brend-rowenta","7":"product_cat-ct-usisivaci","8":"pa_brend-usisivaci","10":"first","11":"instock","12":"shipping-taxable","13":"purchasable","14":"product-type-simple"},"_links":{"self":[{"href":"https:\/\/techstore.ba\/shop\/wp-json\/wp\/v2\/product\/50222","targetHints":{"allow":["GET"]}}],"collection":[{"href":"https:\/\/techstore.ba\/shop\/wp-json\/wp\/v2\/product"}],"about":[{"href":"https:\/\/techstore.ba\/shop\/wp-json\/wp\/v2\/types\/product"}],"wp:featuredmedia":[{"embeddable":true,"href":"https:\/\/techstore.ba\/shop\/wp-json\/wp\/v2\/media\/50223"}],"wp:attachment":[{"href":"https:\/\/techstore.ba\/shop\/wp-json\/wp\/v2\/media?parent=50222"}],"wp:term":[{"taxonomy":"product_cat","embeddable":true,"href":"https:\/\/techstore.ba\/shop\/wp-json\/wp\/v2\/product_cat?post=50222"},{"taxonomy":"product_tag","embeddable":true,"href":"https:\/\/techstore.ba\/shop\/wp-json\/wp\/v2\/product_tag?post=50222"}],"curies":[{"name":"wp","href":"https:\/\/api.w.org\/{rel}","templated":true}]}}