{"id":50187,"date":"2026-02-06T15:36:25","date_gmt":"2026-02-06T14:36:25","guid":{"rendered":"https:\/\/techstore.ba\/shop\/product\/tefal-el-eks-lonac-one-pot\/"},"modified":"2026-04-04T11:22:37","modified_gmt":"2026-04-04T09:22:37","slug":"tefal-el-eks-lonac-one-pot","status":"publish","type":"product","link":"https:\/\/techstore.ba\/shop\/product\/tefal-el-eks-lonac-one-pot\/","title":{"rendered":"Tefal el. eks. lonac One Pot"},"content":{"rendered":"","protected":false},"excerpt":{"rendered":"<p>Tefal CY505E30 One Pot, elektri\u010dni ekspres lonac, bez potrebe za nadgledanjem, 25 razli\u010ditih programa za pripremu ri\u017ee, zobene ka\u0161e, hrane za bebe, program kuhanja u ekspres loncu, pe\u010denje, 3 nivoa kuhanja\/pripreme supe, 3 nivoa kuhanja na pari..<\/p>\n","protected":false},"featured_media":0,"template":"","meta":[],"product_cat":[807,844,15],"product_tag":[],"class_list":{"0":"post-50187","1":"product","2":"type-product","3":"status-publish","5":"product_cat-ct-multicookp","6":"product_cat-brend-tefal","7":"product_cat-uncategorized","8":"pa_brend-multikuker","10":"first","11":"outofstock","12":"shipping-taxable","13":"purchasable","14":"product-type-simple"},"_links":{"self":[{"href":"https:\/\/techstore.ba\/shop\/wp-json\/wp\/v2\/product\/50187","targetHints":{"allow":["GET"]}}],"collection":[{"href":"https:\/\/techstore.ba\/shop\/wp-json\/wp\/v2\/product"}],"about":[{"href":"https:\/\/techstore.ba\/shop\/wp-json\/wp\/v2\/types\/product"}],"wp:attachment":[{"href":"https:\/\/techstore.ba\/shop\/wp-json\/wp\/v2\/media?parent=50187"}],"wp:term":[{"taxonomy":"product_cat","embeddable":true,"href":"https:\/\/techstore.ba\/shop\/wp-json\/wp\/v2\/product_cat?post=50187"},{"taxonomy":"product_tag","embeddable":true,"href":"https:\/\/techstore.ba\/shop\/wp-json\/wp\/v2\/product_tag?post=50187"}],"curies":[{"name":"wp","href":"https:\/\/api.w.org\/{rel}","templated":true}]}}