{"id":41468,"date":"2026-02-03T18:41:16","date_gmt":"2026-02-03T17:41:16","guid":{"rendered":"https:\/\/techstore.ba\/shop\/product\/bosch-usisivac-s-vrecicom-serie-2-crveni-237-x-290-x-367-mm\/"},"modified":"2026-03-03T04:23:24","modified_gmt":"2026-03-03T03:23:24","slug":"bosch-usisivac-s-vrecicom-serie-2-crveni-237-x-290-x-367-mm","status":"publish","type":"product","link":"https:\/\/techstore.ba\/shop\/product\/bosch-usisivac-s-vrecicom-serie-2-crveni-237-x-290-x-367-mm\/","title":{"rendered":"BOSCH Usisiva\u010d s vre\u0107icom Serie 2|, CRVENI, 237 x 290 x 367 mm"},"content":{"rendered":"","protected":false},"excerpt":{"rendered":"<p>BOSCH Usisiva\u010d s vre\u0107icom BGBS2RD1  Serie 2, CRVENI, 10-godi\u0161nja garancija za motor, 4.7 kg,  Tip filter vre\u0107ica: TYP G,Radijus djelovanja: 8 m, HIGIJENSKI FILTER,fleece bag, 600W<\/p>\n","protected":false},"featured_media":41469,"template":"","meta":[],"product_cat":[843,721],"product_tag":[],"class_list":{"0":"post-41468","1":"product","2":"type-product","3":"status-publish","4":"has-post-thumbnail","6":"product_cat-brend-bosch","7":"product_cat-ct-usisivaci","8":"pa_brend-bosch","10":"first","11":"instock","12":"shipping-taxable","13":"purchasable","14":"product-type-simple"},"_links":{"self":[{"href":"https:\/\/techstore.ba\/shop\/wp-json\/wp\/v2\/product\/41468","targetHints":{"allow":["GET"]}}],"collection":[{"href":"https:\/\/techstore.ba\/shop\/wp-json\/wp\/v2\/product"}],"about":[{"href":"https:\/\/techstore.ba\/shop\/wp-json\/wp\/v2\/types\/product"}],"wp:featuredmedia":[{"embeddable":true,"href":"https:\/\/techstore.ba\/shop\/wp-json\/wp\/v2\/media\/41469"}],"wp:attachment":[{"href":"https:\/\/techstore.ba\/shop\/wp-json\/wp\/v2\/media?parent=41468"}],"wp:term":[{"taxonomy":"product_cat","embeddable":true,"href":"https:\/\/techstore.ba\/shop\/wp-json\/wp\/v2\/product_cat?post=41468"},{"taxonomy":"product_tag","embeddable":true,"href":"https:\/\/techstore.ba\/shop\/wp-json\/wp\/v2\/product_tag?post=41468"}],"curies":[{"name":"wp","href":"https:\/\/api.w.org\/{rel}","templated":true}]}}