{"id":32276,"date":"2026-02-02T18:51:24","date_gmt":"2026-02-02T17:51:24","guid":{"rendered":"https:\/\/techstore.ba\/shop\/product\/bosch-2in1-usisivac-unlimited7usisvanje-i-pranjeprohygienic2-zamjenjive-baterije-40min-rad-eco\/"},"modified":"2026-03-03T04:23:24","modified_gmt":"2026-03-03T03:23:24","slug":"bosch-2in1-usisivac-unlimited7usisvanje-i-pranjeprohygienic2-zamjenjive-baterije-40min-rad-eco","status":"publish","type":"product","link":"https:\/\/techstore.ba\/shop\/product\/bosch-2in1-usisivac-unlimited7usisvanje-i-pranjeprohygienic2-zamjenjive-baterije-40min-rad-eco\/","title":{"rendered":"BOSCH 2in1 Usisiva\u010d UNLIMITED7Usisvanje i pranje,ProHygienic,2 zamjenjive baterije, 40min rad ECO"},"content":{"rendered":"<h3>Specifikacije<\/h3>\n<table style=\"border-collapse:collapse;width:100%;\">\n<tr>\n<th style=\"text-align:left;padding:6px 10px;border:1px solid #eee;\">COLOR_VACCL<\/th>\n<td style=\"padding:6px 10px;border:1px solid #eee;\">Bijela<\/td>\n<\/tr>\n<tr>\n<th style=\"text-align:left;padding:6px 10px;border:1px solid #eee;\">TYPE_VACCL<\/th>\n<td style=\"padding:6px 10px;border:1px solid #eee;\">\u0160tapni<\/td>\n<\/tr>\n<\/table>\n","protected":false},"excerpt":{"rendered":"<p>BOSCH 2in1 Usisiva\u010d BCS712HYG5 UNLIMITED 7, Usisvanje i pranje,ProHygienic,,2 zamjenjive baterije, 40min rad ECO, Eco na\u010dinu rada sa rotiraju\u0107om \u010detkom za pod Do 15 min,fleksibilan<\/p>\n","protected":false},"featured_media":32277,"template":"","meta":[],"product_cat":[843,721],"product_tag":[],"class_list":{"0":"post-32276","1":"product","2":"type-product","3":"status-publish","4":"has-post-thumbnail","6":"product_cat-brend-bosch","7":"product_cat-ct-usisivaci","8":"pa_brend-bosch","10":"first","11":"instock","12":"shipping-taxable","13":"purchasable","14":"product-type-simple"},"_links":{"self":[{"href":"https:\/\/techstore.ba\/shop\/wp-json\/wp\/v2\/product\/32276","targetHints":{"allow":["GET"]}}],"collection":[{"href":"https:\/\/techstore.ba\/shop\/wp-json\/wp\/v2\/product"}],"about":[{"href":"https:\/\/techstore.ba\/shop\/wp-json\/wp\/v2\/types\/product"}],"wp:featuredmedia":[{"embeddable":true,"href":"https:\/\/techstore.ba\/shop\/wp-json\/wp\/v2\/media\/32277"}],"wp:attachment":[{"href":"https:\/\/techstore.ba\/shop\/wp-json\/wp\/v2\/media?parent=32276"}],"wp:term":[{"taxonomy":"product_cat","embeddable":true,"href":"https:\/\/techstore.ba\/shop\/wp-json\/wp\/v2\/product_cat?post=32276"},{"taxonomy":"product_tag","embeddable":true,"href":"https:\/\/techstore.ba\/shop\/wp-json\/wp\/v2\/product_tag?post=32276"}],"curies":[{"name":"wp","href":"https:\/\/api.w.org\/{rel}","templated":true}]}}