{"id":32114,"date":"2026-02-02T18:46:33","date_gmt":"2026-02-02T17:46:33","guid":{"rendered":"https:\/\/techstore.ba\/shop\/product\/trust-gxt866-torix-mehanickatastatura-us-layout-zicanausb-2-0-rgb-crna\/"},"modified":"2026-04-04T11:52:57","modified_gmt":"2026-04-04T09:52:57","slug":"trust-gxt866-torix-mehanickatastatura-us-layout-zicanausb-2-0-rgb-crna","status":"publish","type":"product","link":"https:\/\/techstore.ba\/shop\/product\/trust-gxt866-torix-mehanickatastatura-us-layout-zicanausb-2-0-rgb-crna\/","title":{"rendered":"Trust GXT866 Torix mehani\u010dkatastatura, US layout, \u017ei\u010dana,USB 2.0, RGB, crna"},"content":{"rendered":"<h3>Specifikacije<\/h3>\n<table style=\"border-collapse:collapse;width:100%;\">\n<tr>\n<th style=\"text-align:left;padding:6px 10px;border:1px solid #eee;\">NUM_KB<\/th>\n<td style=\"padding:6px 10px;border:1px solid #eee;\">Da<\/td>\n<\/tr>\n<tr>\n<th style=\"text-align:left;padding:6px 10px;border:1px solid #eee;\">POVEZ_KB<\/th>\n<td style=\"padding:6px 10px;border:1px solid #eee;\">\u017di\u010dna<\/td>\n<\/tr>\n<tr>\n<th style=\"text-align:left;padding:6px 10px;border:1px solid #eee;\">CABLE_KB<\/th>\n<td style=\"padding:6px 10px;border:1px solid #eee;\">1,8m<\/td>\n<\/tr>\n<tr>\n<th style=\"text-align:left;padding:6px 10px;border:1px solid #eee;\">CONN_KB<\/th>\n<td style=\"padding:6px 10px;border:1px solid #eee;\">USB<\/td>\n<\/tr>\n<tr>\n<th style=\"text-align:left;padding:6px 10px;border:1px solid #eee;\">LOC_KB<\/th>\n<td style=\"padding:6px 10px;border:1px solid #eee;\">EN<\/td>\n<\/tr>\n<\/table>\n","protected":false},"excerpt":{"rendered":"<p>Trust GXT866 Torix mehani\u010dka tastatura, US layout, \u017ei\u010dana, USB 2.0, du\u017eina kabla 180 cm, USB-C, USB-A, RGB, crna<\/p>\n","protected":false},"featured_media":32115,"template":"","meta":[],"product_cat":[1015,1017,506,553],"product_tag":[],"class_list":{"0":"post-32114","1":"product","2":"type-product","3":"status-publish","4":"has-post-thumbnail","6":"product_cat-gaming-periferija","7":"product_cat-gaming-tastature","8":"product_cat-ct-tastature","9":"product_cat-brend-trust","10":"pa_brend-tastature","12":"first","13":"instock","14":"shipping-taxable","15":"purchasable","16":"product-type-simple"},"_links":{"self":[{"href":"https:\/\/techstore.ba\/shop\/wp-json\/wp\/v2\/product\/32114","targetHints":{"allow":["GET"]}}],"collection":[{"href":"https:\/\/techstore.ba\/shop\/wp-json\/wp\/v2\/product"}],"about":[{"href":"https:\/\/techstore.ba\/shop\/wp-json\/wp\/v2\/types\/product"}],"wp:featuredmedia":[{"embeddable":true,"href":"https:\/\/techstore.ba\/shop\/wp-json\/wp\/v2\/media\/32115"}],"wp:attachment":[{"href":"https:\/\/techstore.ba\/shop\/wp-json\/wp\/v2\/media?parent=32114"}],"wp:term":[{"taxonomy":"product_cat","embeddable":true,"href":"https:\/\/techstore.ba\/shop\/wp-json\/wp\/v2\/product_cat?post=32114"},{"taxonomy":"product_tag","embeddable":true,"href":"https:\/\/techstore.ba\/shop\/wp-json\/wp\/v2\/product_tag?post=32114"}],"curies":[{"name":"wp","href":"https:\/\/api.w.org\/{rel}","templated":true}]}}