{"id":32110,"date":"2026-02-02T18:46:25","date_gmt":"2026-02-02T17:46:25","guid":{"rendered":"https:\/\/techstore.ba\/shop\/product\/trust-gxt867-acira-60-minimehanicka-gaming-tastatura\/"},"modified":"2026-04-04T11:52:57","modified_gmt":"2026-04-04T09:52:57","slug":"trust-gxt867-acira-60-minimehanicka-gaming-tastatura","status":"publish","type":"product","link":"https:\/\/techstore.ba\/shop\/product\/trust-gxt867-acira-60-minimehanicka-gaming-tastatura\/","title":{"rendered":"Trust GXT867 ACIRA 60% minimehani\u010dka gaming tastatura"},"content":{"rendered":"","protected":false},"excerpt":{"rendered":"<p>Trust GXT867 ACIRA 60% mini mehani\u010dka tastatura, RGB, \u017ei\u010dana, USB 2.0, du\u017eina kabla 150 cm<\/p>\n","protected":false},"featured_media":32111,"template":"","meta":[],"product_cat":[1015,1017,506,553],"product_tag":[],"class_list":{"0":"post-32110","1":"product","2":"type-product","3":"status-publish","4":"has-post-thumbnail","6":"product_cat-gaming-periferija","7":"product_cat-gaming-tastature","8":"product_cat-ct-tastature","9":"product_cat-brend-trust","10":"pa_brend-tastature","12":"first","13":"instock","14":"shipping-taxable","15":"purchasable","16":"product-type-simple"},"_links":{"self":[{"href":"https:\/\/techstore.ba\/shop\/wp-json\/wp\/v2\/product\/32110","targetHints":{"allow":["GET"]}}],"collection":[{"href":"https:\/\/techstore.ba\/shop\/wp-json\/wp\/v2\/product"}],"about":[{"href":"https:\/\/techstore.ba\/shop\/wp-json\/wp\/v2\/types\/product"}],"wp:featuredmedia":[{"embeddable":true,"href":"https:\/\/techstore.ba\/shop\/wp-json\/wp\/v2\/media\/32111"}],"wp:attachment":[{"href":"https:\/\/techstore.ba\/shop\/wp-json\/wp\/v2\/media?parent=32110"}],"wp:term":[{"taxonomy":"product_cat","embeddable":true,"href":"https:\/\/techstore.ba\/shop\/wp-json\/wp\/v2\/product_cat?post=32110"},{"taxonomy":"product_tag","embeddable":true,"href":"https:\/\/techstore.ba\/shop\/wp-json\/wp\/v2\/product_tag?post=32110"}],"curies":[{"name":"wp","href":"https:\/\/api.w.org\/{rel}","templated":true}]}}