{"id":32037,"date":"2026-02-02T18:45:28","date_gmt":"2026-02-02T17:45:28","guid":{"rendered":"https:\/\/techstore.ba\/shop\/product\/trust-primo-set-tastaturamis-office-set-bh-hr-srb-layout\/"},"modified":"2026-04-04T11:52:57","modified_gmt":"2026-04-04T09:52:57","slug":"trust-primo-set-tastaturamis-office-set-bh-hr-srb-layout","status":"publish","type":"product","link":"https:\/\/techstore.ba\/shop\/product\/trust-primo-set-tastaturamis-office-set-bh-hr-srb-layout\/","title":{"rendered":"Trust Primo set tastatura+mi\u0161 office set, BH\/HR\/SRB layout"},"content":{"rendered":"<h3>Specifikacije<\/h3>\n<table style=\"border-collapse:collapse;width:100%;\">\n<tr>\n<th style=\"text-align:left;padding:6px 10px;border:1px solid #eee;\">NUM_KB<\/th>\n<td style=\"padding:6px 10px;border:1px solid #eee;\">Da<\/td>\n<\/tr>\n<tr>\n<th style=\"text-align:left;padding:6px 10px;border:1px solid #eee;\">POVEZ_KB<\/th>\n<td style=\"padding:6px 10px;border:1px solid #eee;\">\u017di\u010dna<\/td>\n<\/tr>\n<tr>\n<th style=\"text-align:left;padding:6px 10px;border:1px solid #eee;\">CABLE_KB<\/th>\n<td style=\"padding:6px 10px;border:1px solid #eee;\">1,8m<\/td>\n<\/tr>\n<tr>\n<th style=\"text-align:left;padding:6px 10px;border:1px solid #eee;\">CONN_KB<\/th>\n<td style=\"padding:6px 10px;border:1px solid #eee;\">USB<\/td>\n<\/tr>\n<tr>\n<th style=\"text-align:left;padding:6px 10px;border:1px solid #eee;\">LOC_KB<\/th>\n<td style=\"padding:6px 10px;border:1px solid #eee;\">SRB<\/td>\n<\/tr>\n<\/table>\n","protected":false},"excerpt":{"rendered":"<p>Trust Primo set tastatura+mi\u0161. Office set, tastatura spill-resistant, low-profile tipke, BH\/HR\/SRB layout, du\u017eina kabla 1.80m. Ergonomski mi\u0161, dizajnom prilago\u0111en za obje ruke. USB veza 2.0.<\/p>\n","protected":false},"featured_media":32039,"template":"","meta":[],"product_cat":[506,553],"product_tag":[],"class_list":{"0":"post-32037","1":"product","2":"type-product","3":"status-publish","4":"has-post-thumbnail","6":"product_cat-ct-tastature","7":"product_cat-brend-trust","8":"pa_brend-tastature","10":"first","11":"outofstock","12":"shipping-taxable","13":"purchasable","14":"product-type-simple"},"_links":{"self":[{"href":"https:\/\/techstore.ba\/shop\/wp-json\/wp\/v2\/product\/32037","targetHints":{"allow":["GET"]}}],"collection":[{"href":"https:\/\/techstore.ba\/shop\/wp-json\/wp\/v2\/product"}],"about":[{"href":"https:\/\/techstore.ba\/shop\/wp-json\/wp\/v2\/types\/product"}],"wp:featuredmedia":[{"embeddable":true,"href":"https:\/\/techstore.ba\/shop\/wp-json\/wp\/v2\/media\/32039"}],"wp:attachment":[{"href":"https:\/\/techstore.ba\/shop\/wp-json\/wp\/v2\/media?parent=32037"}],"wp:term":[{"taxonomy":"product_cat","embeddable":true,"href":"https:\/\/techstore.ba\/shop\/wp-json\/wp\/v2\/product_cat?post=32037"},{"taxonomy":"product_tag","embeddable":true,"href":"https:\/\/techstore.ba\/shop\/wp-json\/wp\/v2\/product_tag?post=32037"}],"curies":[{"name":"wp","href":"https:\/\/api.w.org\/{rel}","templated":true}]}}