{"id":31933,"date":"2026-02-02T18:44:00","date_gmt":"2026-02-02T17:44:00","guid":{"rendered":"https:\/\/techstore.ba\/shop\/product\/genius-tastatura-luxemate-110-zicana-usb\/"},"modified":"2026-04-04T11:52:56","modified_gmt":"2026-04-04T09:52:56","slug":"genius-tastatura-luxemate-110-zicana-usb","status":"publish","type":"product","link":"https:\/\/techstore.ba\/shop\/product\/genius-tastatura-luxemate-110-zicana-usb\/","title":{"rendered":"Genius Tastatura LuxeMate 110 \u017ei\u010dana, USB"},"content":{"rendered":"","protected":false},"excerpt":{"rendered":"<p>Genius Tastatura LuxeMate 110, \u017ei\u010dana, USB<\/p>\n","protected":false},"featured_media":31934,"template":"","meta":[],"product_cat":[595,506],"product_tag":[],"class_list":{"0":"post-31933","1":"product","2":"type-product","3":"status-publish","4":"has-post-thumbnail","6":"product_cat-brend-genius","7":"product_cat-ct-tastature","8":"pa_brend-tastature","10":"first","11":"instock","12":"shipping-taxable","13":"purchasable","14":"product-type-simple"},"_links":{"self":[{"href":"https:\/\/techstore.ba\/shop\/wp-json\/wp\/v2\/product\/31933","targetHints":{"allow":["GET"]}}],"collection":[{"href":"https:\/\/techstore.ba\/shop\/wp-json\/wp\/v2\/product"}],"about":[{"href":"https:\/\/techstore.ba\/shop\/wp-json\/wp\/v2\/types\/product"}],"wp:featuredmedia":[{"embeddable":true,"href":"https:\/\/techstore.ba\/shop\/wp-json\/wp\/v2\/media\/31934"}],"wp:attachment":[{"href":"https:\/\/techstore.ba\/shop\/wp-json\/wp\/v2\/media?parent=31933"}],"wp:term":[{"taxonomy":"product_cat","embeddable":true,"href":"https:\/\/techstore.ba\/shop\/wp-json\/wp\/v2\/product_cat?post=31933"},{"taxonomy":"product_tag","embeddable":true,"href":"https:\/\/techstore.ba\/shop\/wp-json\/wp\/v2\/product_tag?post=31933"}],"curies":[{"name":"wp","href":"https:\/\/api.w.org\/{rel}","templated":true}]}}