{"id":31594,"date":"2026-02-02T18:35:14","date_gmt":"2026-02-02T17:35:14","guid":{"rendered":"https:\/\/techstore.ba\/shop\/product\/bosch-staklokeramicka-ploca-serie-6-inox-okvir-60-cmekvivalent-pkn645fp1e\/"},"modified":"2026-04-04T11:55:15","modified_gmt":"2026-04-04T09:55:15","slug":"bosch-staklokeramicka-ploca-serie-6-inox-okvir-60-cmekvivalent-pkn645fp1e","status":"publish","type":"product","link":"https:\/\/techstore.ba\/shop\/product\/bosch-staklokeramicka-ploca-serie-6-inox-okvir-60-cmekvivalent-pkn645fp1e\/","title":{"rendered":"BOSCH Staklokerami\u010dka plo\u010da Serie 6|, Inox okvir, 60 cm,Ekvivalent PKN645FP1E"},"content":{"rendered":"<h3>Specifikacije<\/h3>\n<table style=\"border-collapse:collapse;width:100%\">\n<tr>\n<th style=\"text-align:left;padding:6px 10px;border:1px solid #eee\">WIDTH CM_HOB<\/th>\n<td style=\"padding:6px 10px;border:1px solid #eee\">60<\/td>\n<\/tr>\n<tr>\n<th style=\"text-align:left;padding:6px 10px;border:1px solid #eee\">NUMBER OF ZONES_HOB<\/th>\n<td style=\"padding:6px 10px;border:1px solid #eee\">4<\/td>\n<\/tr>\n<tr>\n<th style=\"text-align:left;padding:6px 10px;border:1px solid #eee\">TYPE OF CONTROL_HOB<\/th>\n<td style=\"padding:6px 10px;border:1px solid #eee\">Senzorsko<\/td>\n<\/tr>\n<tr>\n<th style=\"text-align:left;padding:6px 10px;border:1px solid #eee\">TYPE OF HOB_HOB<\/th>\n<td style=\"padding:6px 10px;border:1px solid #eee\">Staklokeramicka<\/td>\n<\/tr>\n<tr>\n<th style=\"text-align:left;padding:6px 10px;border:1px solid #eee\">WARRANTY_HOB<\/th>\n<td style=\"padding:6px 10px;border:1px solid #eee\">2G<\/td>\n<\/tr>\n<\/table>\n","protected":false},"excerpt":{"rendered":"<p>BOSCH Staklokerami\u010dka plo\u010da  Serie 6| PKN645FP2E, Inox okvir, 60 cm,  PowerBoost, ReStart, DirectSelect, 1X Ovalno, 1X pro\u0161ireno kolo<\/p>\n","protected":false},"featured_media":31596,"template":"","meta":[],"product_cat":[843,841,15],"product_tag":[],"class_list":{"0":"post-31594","1":"product","2":"type-product","3":"status-publish","4":"has-post-thumbnail","6":"product_cat-brend-bosch","7":"product_cat-ct-ugrploce","8":"product_cat-uncategorized","9":"pa_brend-bosch","11":"first","12":"outofstock","13":"shipping-taxable","14":"purchasable","15":"product-type-simple"},"_links":{"self":[{"href":"https:\/\/techstore.ba\/shop\/wp-json\/wp\/v2\/product\/31594","targetHints":{"allow":["GET"]}}],"collection":[{"href":"https:\/\/techstore.ba\/shop\/wp-json\/wp\/v2\/product"}],"about":[{"href":"https:\/\/techstore.ba\/shop\/wp-json\/wp\/v2\/types\/product"}],"wp:featuredmedia":[{"embeddable":true,"href":"https:\/\/techstore.ba\/shop\/wp-json\/wp\/v2\/media\/31596"}],"wp:attachment":[{"href":"https:\/\/techstore.ba\/shop\/wp-json\/wp\/v2\/media?parent=31594"}],"wp:term":[{"taxonomy":"product_cat","embeddable":true,"href":"https:\/\/techstore.ba\/shop\/wp-json\/wp\/v2\/product_cat?post=31594"},{"taxonomy":"product_tag","embeddable":true,"href":"https:\/\/techstore.ba\/shop\/wp-json\/wp\/v2\/product_tag?post=31594"}],"curies":[{"name":"wp","href":"https:\/\/api.w.org\/{rel}","templated":true}]}}