{"id":31551,"date":"2026-02-02T18:34:04","date_gmt":"2026-02-02T17:34:04","guid":{"rendered":"https:\/\/techstore.ba\/shop\/product\/bosch-kombinovana-ploca-3-1serie-2\/"},"modified":"2026-02-17T18:44:36","modified_gmt":"2026-02-17T17:44:36","slug":"bosch-kombinovana-ploca-3-1serie-2","status":"publish","type":"product","link":"https:\/\/techstore.ba\/shop\/product\/bosch-kombinovana-ploca-3-1serie-2\/","title":{"rendered":"BOSCH  Kombinovana plo\u010da 3\/1Serie 2|,"},"content":{"rendered":"<h3>Specifikacije<\/h3>\n<table style=\"border-collapse:collapse;width:100%\">\n<tr>\n<th style=\"text-align:left;padding:6px 10px;border:1px solid #eee\">NUMBER OF ZONES_HOB<\/th>\n<td style=\"padding:6px 10px;border:1px solid #eee\">4<\/td>\n<\/tr>\n<tr>\n<th style=\"text-align:left;padding:6px 10px;border:1px solid #eee\">TYPE OF CONTROL_HOB<\/th>\n<td style=\"padding:6px 10px;border:1px solid #eee\">Mehanicko<\/td>\n<\/tr>\n<tr>\n<th style=\"text-align:left;padding:6px 10px;border:1px solid #eee\">WARRANTY_HOB<\/th>\n<td style=\"padding:6px 10px;border:1px solid #eee\">2G<\/td>\n<\/tr>\n<tr>\n<th style=\"text-align:left;padding:6px 10px;border:1px solid #eee\">TYPE OF HOB_HOB<\/th>\n<td style=\"padding:6px 10px;border:1px solid #eee\">Kombinacija gas+ringle<\/td>\n<\/tr>\n<tr>\n<th style=\"text-align:left;padding:6px 10px;border:1px solid #eee\">WIDTH CM_HOB<\/th>\n<td style=\"padding:6px 10px;border:1px solid #eee\">60<\/td>\n<\/tr>\n<\/table>\n","protected":false},"excerpt":{"rendered":"<p>BOSCH  Kombinovana plo\u010da 3\/1 (plin\/struja)  PBY6C5B62O Serie 2|; 60 cm; Mehani\u010dke kontrole; jednoru\u010dno paljenje; Nehr\u0111aju\u0107i \u010delik ; Dizne za zemni plin (20 mbar);  Prilo\u017eene mlaznice za teku\u0107i plin (28-30\/37 mbar); TR<\/p>\n","protected":false},"featured_media":31552,"template":"","meta":[],"product_cat":[843,841,15],"product_tag":[],"class_list":{"0":"post-31551","1":"product","2":"type-product","3":"status-publish","4":"has-post-thumbnail","6":"product_cat-brend-bosch","7":"product_cat-ct-ugrploce","8":"product_cat-uncategorized","9":"pa_brend-bosch","11":"first","12":"outofstock","13":"shipping-taxable","14":"purchasable","15":"product-type-simple"},"_links":{"self":[{"href":"https:\/\/techstore.ba\/shop\/wp-json\/wp\/v2\/product\/31551","targetHints":{"allow":["GET"]}}],"collection":[{"href":"https:\/\/techstore.ba\/shop\/wp-json\/wp\/v2\/product"}],"about":[{"href":"https:\/\/techstore.ba\/shop\/wp-json\/wp\/v2\/types\/product"}],"wp:featuredmedia":[{"embeddable":true,"href":"https:\/\/techstore.ba\/shop\/wp-json\/wp\/v2\/media\/31552"}],"wp:attachment":[{"href":"https:\/\/techstore.ba\/shop\/wp-json\/wp\/v2\/media?parent=31551"}],"wp:term":[{"taxonomy":"product_cat","embeddable":true,"href":"https:\/\/techstore.ba\/shop\/wp-json\/wp\/v2\/product_cat?post=31551"},{"taxonomy":"product_tag","embeddable":true,"href":"https:\/\/techstore.ba\/shop\/wp-json\/wp\/v2\/product_tag?post=31551"}],"curies":[{"name":"wp","href":"https:\/\/api.w.org\/{rel}","templated":true}]}}