{"id":30231,"date":"2026-02-02T17:47:36","date_gmt":"2026-02-02T16:47:36","guid":{"rendered":"https:\/\/techstore.ba\/shop\/product\/trust-carus-batman-slusalice\/"},"modified":"2026-04-04T11:44:56","modified_gmt":"2026-04-04T09:44:56","slug":"trust-carus-batman-slusalice","status":"publish","type":"product","link":"https:\/\/techstore.ba\/shop\/product\/trust-carus-batman-slusalice\/","title":{"rendered":"Trust CARUS BATMAN slu\u0161alice"},"content":{"rendered":"","protected":false},"excerpt":{"rendered":"<p>Trust CARUS BATMAN \u017ei\u010dane slu\u0161alice.Mo\u0107an dizajn napravljen za PC, laptop i konzole. Aux priklju\u010dak 3.5mm, du\u017eina kabla 120cm<\/p>\n","protected":false},"featured_media":30232,"template":"","meta":[],"product_cat":[471,852,553],"product_tag":[],"class_list":{"0":"post-30231","1":"product","2":"type-product","3":"status-publish","4":"has-post-thumbnail","6":"product_cat-ct-slusalice","7":"product_cat-slusalice-za-pc","8":"product_cat-brend-trust","9":"pa_brend-slusalice-za-pc","11":"first","12":"instock","13":"shipping-taxable","14":"purchasable","15":"product-type-simple"},"_links":{"self":[{"href":"https:\/\/techstore.ba\/shop\/wp-json\/wp\/v2\/product\/30231","targetHints":{"allow":["GET"]}}],"collection":[{"href":"https:\/\/techstore.ba\/shop\/wp-json\/wp\/v2\/product"}],"about":[{"href":"https:\/\/techstore.ba\/shop\/wp-json\/wp\/v2\/types\/product"}],"wp:featuredmedia":[{"embeddable":true,"href":"https:\/\/techstore.ba\/shop\/wp-json\/wp\/v2\/media\/30232"}],"wp:attachment":[{"href":"https:\/\/techstore.ba\/shop\/wp-json\/wp\/v2\/media?parent=30231"}],"wp:term":[{"taxonomy":"product_cat","embeddable":true,"href":"https:\/\/techstore.ba\/shop\/wp-json\/wp\/v2\/product_cat?post=30231"},{"taxonomy":"product_tag","embeddable":true,"href":"https:\/\/techstore.ba\/shop\/wp-json\/wp\/v2\/product_tag?post=30231"}],"curies":[{"name":"wp","href":"https:\/\/api.w.org\/{rel}","templated":true}]}}