{"id":30071,"date":"2026-02-02T17:42:24","date_gmt":"2026-02-02T16:42:24","guid":{"rendered":"https:\/\/techstore.ba\/shop\/product\/sony-bezicne-slusalice-ch720blokada-buke-baterija-do-35hdsee-mikrofon-uvezivanje-sa-2-bt-uredj-2\/"},"modified":"2026-04-04T11:44:55","modified_gmt":"2026-04-04T09:44:55","slug":"sony-bezicne-slusalice-ch720blokada-buke-baterija-do-35hdsee-mikrofon-uvezivanje-sa-2-bt-uredj-2","status":"publish","type":"product","link":"https:\/\/techstore.ba\/shop\/product\/sony-bezicne-slusalice-ch720blokada-buke-baterija-do-35hdsee-mikrofon-uvezivanje-sa-2-bt-uredj-2\/","title":{"rendered":"Sony be\u017ei\u010dne slu\u0161alice CH720blokada buke; baterija do 35h;DSEE; mikrofon; uvezivanje sa 2 BT uredj"},"content":{"rendered":"","protected":false},"excerpt":{"rendered":"<p>Sony be\u017ei\u010dne slu\u0161alice CH720; Blokada buke uz tehnologiju dvostrukog senzora buke i integrirani procesor V1; baterija do 35h; Digital Sound Enhancement Engine; mikrofon; povizivanje sa 2 BT uredjaja; boja bijela<\/p>\n","protected":false},"featured_media":30072,"template":"","meta":[],"product_cat":[471,852,561],"product_tag":[],"class_list":{"0":"post-30071","1":"product","2":"type-product","3":"status-publish","4":"has-post-thumbnail","6":"product_cat-ct-slusalice","7":"product_cat-slusalice-za-pc","8":"product_cat-brend-sony","9":"pa_brend-slusalice-za-pc","11":"first","12":"instock","13":"shipping-taxable","14":"purchasable","15":"product-type-simple"},"_links":{"self":[{"href":"https:\/\/techstore.ba\/shop\/wp-json\/wp\/v2\/product\/30071","targetHints":{"allow":["GET"]}}],"collection":[{"href":"https:\/\/techstore.ba\/shop\/wp-json\/wp\/v2\/product"}],"about":[{"href":"https:\/\/techstore.ba\/shop\/wp-json\/wp\/v2\/types\/product"}],"wp:featuredmedia":[{"embeddable":true,"href":"https:\/\/techstore.ba\/shop\/wp-json\/wp\/v2\/media\/30072"}],"wp:attachment":[{"href":"https:\/\/techstore.ba\/shop\/wp-json\/wp\/v2\/media?parent=30071"}],"wp:term":[{"taxonomy":"product_cat","embeddable":true,"href":"https:\/\/techstore.ba\/shop\/wp-json\/wp\/v2\/product_cat?post=30071"},{"taxonomy":"product_tag","embeddable":true,"href":"https:\/\/techstore.ba\/shop\/wp-json\/wp\/v2\/product_tag?post=30071"}],"curies":[{"name":"wp","href":"https:\/\/api.w.org\/{rel}","templated":true}]}}