{"id":29854,"date":"2026-02-02T17:37:12","date_gmt":"2026-02-02T16:37:12","guid":{"rendered":"https:\/\/techstore.ba\/shop\/product\/philips-tat2149wt-00-slusalice-in-ear-slusaliceverzija-bt-5-4\/"},"modified":"2026-04-04T11:44:53","modified_gmt":"2026-04-04T09:44:53","slug":"philips-tat2149wt-00-slusalice-in-ear-slusaliceverzija-bt-5-4","status":"publish","type":"product","link":"https:\/\/techstore.ba\/shop\/product\/philips-tat2149wt-00-slusalice-in-ear-slusaliceverzija-bt-5-4\/","title":{"rendered":"Philips TAT2149WT\/00 slu\u0161alice, in-ear slu\u0161alice,Verzija BT 5.4"},"content":{"rendered":"<h3>Specifikacije<\/h3>\n<table style=\"border-collapse: collapse; width: 100%;\">\n<tbody>\n<tr>\n<th style=\"text-align: left; padding: 6px 10px; border: 1px solid #eee;\">KONEKCIJA<\/th>\n<td style=\"padding: 6px 10px; border: 1px solid #eee;\">Be\u017ei\u010dna<\/td>\n<\/tr>\n<tr>\n<th style=\"text-align: left; padding: 6px 10px; border: 1px solid #eee;\">MIKROFON<\/th>\n<td style=\"padding: 6px 10px; border: 1px solid #eee;\">Da<\/td>\n<\/tr>\n<tr>\n<th style=\"text-align: left; padding: 6px 10px; border: 1px solid #eee;\">COLOR_AV<\/th>\n<td style=\"padding: 6px 10px; border: 1px solid #eee;\">Bijela<\/td>\n<\/tr>\n<tr>\n<th style=\"text-align: left; padding: 6px 10px; border: 1px solid #eee;\">TYPE_AVSLUS<\/th>\n<td style=\"padding: 6px 10px; border: 1px solid #eee;\">Earphones<\/td>\n<\/tr>\n<\/tbody>\n<\/table>\n","protected":false},"excerpt":{"rendered":"<p>Philips TAT2149WT\/00 slu\u0161alice BT, si\u0107u\u0161ne ali mo\u0107ne in-ear slu\u0161alice, do 14h reprodukcije, kutija za punjenje se mo\u017ee staviti na privjesak za klju\u010deve, IPX4 za\u0161tita, Boja bijela<\/p>\n","protected":false},"featured_media":29855,"template":"","meta":[],"product_cat":[559,471,383],"product_tag":[],"class_list":{"0":"post-29854","1":"product","2":"type-product","3":"status-publish","4":"has-post-thumbnail","6":"product_cat-brend-philips","7":"product_cat-ct-slusalice","8":"product_cat-ct-mobilphear","9":"pa_brend-slusalice-za-mobilne-telefone","11":"first","12":"instock","13":"shipping-taxable","14":"purchasable","15":"product-type-simple"},"_links":{"self":[{"href":"https:\/\/techstore.ba\/shop\/wp-json\/wp\/v2\/product\/29854","targetHints":{"allow":["GET"]}}],"collection":[{"href":"https:\/\/techstore.ba\/shop\/wp-json\/wp\/v2\/product"}],"about":[{"href":"https:\/\/techstore.ba\/shop\/wp-json\/wp\/v2\/types\/product"}],"wp:featuredmedia":[{"embeddable":true,"href":"https:\/\/techstore.ba\/shop\/wp-json\/wp\/v2\/media\/29855"}],"wp:attachment":[{"href":"https:\/\/techstore.ba\/shop\/wp-json\/wp\/v2\/media?parent=29854"}],"wp:term":[{"taxonomy":"product_cat","embeddable":true,"href":"https:\/\/techstore.ba\/shop\/wp-json\/wp\/v2\/product_cat?post=29854"},{"taxonomy":"product_tag","embeddable":true,"href":"https:\/\/techstore.ba\/shop\/wp-json\/wp\/v2\/product_tag?post=29854"}],"curies":[{"name":"wp","href":"https:\/\/api.w.org\/{rel}","templated":true}]}}