{"id":29775,"date":"2026-02-02T17:35:57","date_gmt":"2026-02-02T16:35:57","guid":{"rendered":"https:\/\/techstore.ba\/shop\/product\/philips-tak4200-djecije-slusbt-led-svjetla-do-45h-bateribezicno-dijeljenje-zvuka-aplikacija\/"},"modified":"2026-04-04T11:44:53","modified_gmt":"2026-04-04T09:44:53","slug":"philips-tak4200-djecije-slusbt-led-svjetla-do-45h-bateribezicno-dijeljenje-zvuka-aplikacija","status":"publish","type":"product","link":"https:\/\/techstore.ba\/shop\/product\/philips-tak4200-djecije-slusbt-led-svjetla-do-45h-bateribezicno-dijeljenje-zvuka-aplikacija\/","title":{"rendered":"Philips TAK4200 djecije slusBT; LED svjetla; do 45h bateribezicno dijeljenje zvuka; aplikacija"},"content":{"rendered":"","protected":false},"excerpt":{"rendered":"<p>Philips TAK4200 djecije slu\u0161alice; Be\u017ei\u010dne slu\u0161. koje se stavljaju na u\u0161i; Glasno\u0107a ograni\u010dena na 85 dB; LED svjetla. Dijeljenje zvuka; Izdr\u017eljive i preklopive; Aplikacija za slu\u0161alice tvrtke Philips s roditeljskim nadzorom; do 45 sati reprodukcije;<\/p>\n","protected":false},"featured_media":29776,"template":"","meta":[],"product_cat":[559,471,383],"product_tag":[],"class_list":{"0":"post-29775","1":"product","2":"type-product","3":"status-publish","4":"has-post-thumbnail","6":"product_cat-brend-philips","7":"product_cat-ct-slusalice","8":"product_cat-ct-mobilphear","9":"pa_brend-slusalice-za-mobilne-telefone","11":"first","12":"instock","13":"shipping-taxable","14":"purchasable","15":"product-type-simple"},"_links":{"self":[{"href":"https:\/\/techstore.ba\/shop\/wp-json\/wp\/v2\/product\/29775","targetHints":{"allow":["GET"]}}],"collection":[{"href":"https:\/\/techstore.ba\/shop\/wp-json\/wp\/v2\/product"}],"about":[{"href":"https:\/\/techstore.ba\/shop\/wp-json\/wp\/v2\/types\/product"}],"wp:featuredmedia":[{"embeddable":true,"href":"https:\/\/techstore.ba\/shop\/wp-json\/wp\/v2\/media\/29776"}],"wp:attachment":[{"href":"https:\/\/techstore.ba\/shop\/wp-json\/wp\/v2\/media?parent=29775"}],"wp:term":[{"taxonomy":"product_cat","embeddable":true,"href":"https:\/\/techstore.ba\/shop\/wp-json\/wp\/v2\/product_cat?post=29775"},{"taxonomy":"product_tag","embeddable":true,"href":"https:\/\/techstore.ba\/shop\/wp-json\/wp\/v2\/product_tag?post=29775"}],"curies":[{"name":"wp","href":"https:\/\/api.w.org\/{rel}","templated":true}]}}