{"id":29735,"date":"2026-02-02T17:35:23","date_gmt":"2026-02-02T16:35:23","guid":{"rendered":"https:\/\/techstore.ba\/shop\/product\/philips-tah4209bl-00-bt-slusal-zatvoreni-akusticni-sistem-verzija-bt-5-3-do-55h-glazbe\/"},"modified":"2026-04-04T11:44:53","modified_gmt":"2026-04-04T09:44:53","slug":"philips-tah4209bl-00-bt-slusal-zatvoreni-akusticni-sistem-verzija-bt-5-3-do-55h-glazbe","status":"publish","type":"product","link":"https:\/\/techstore.ba\/shop\/product\/philips-tah4209bl-00-bt-slusal-zatvoreni-akusticni-sistem-verzija-bt-5-3-do-55h-glazbe\/","title":{"rendered":"Philips TAH4209BL\/00 BT slusal, zatvoreni akusti\u010dni sistem,, Verzija BT 5.3, do 55h glazbe"},"content":{"rendered":"<h3>Specifikacije<\/h3>\n<table style=\"border-collapse:collapse;width:100%;\">\n<tr>\n<th style=\"text-align:left;padding:6px 10px;border:1px solid #eee;\">MIKROFON<\/th>\n<td style=\"padding:6px 10px;border:1px solid #eee;\">Da<\/td>\n<\/tr>\n<tr>\n<th style=\"text-align:left;padding:6px 10px;border:1px solid #eee;\">TYPE_AVSLUS<\/th>\n<td style=\"padding:6px 10px;border:1px solid #eee;\">Headphones<\/td>\n<\/tr>\n<tr>\n<th style=\"text-align:left;padding:6px 10px;border:1px solid #eee;\">COLOR_AV<\/th>\n<td style=\"padding:6px 10px;border:1px solid #eee;\">Plava<\/td>\n<\/tr>\n<tr>\n<th style=\"text-align:left;padding:6px 10px;border:1px solid #eee;\">KONEKCIJA<\/th>\n<td style=\"padding:6px 10px;border:1px solid #eee;\">Be\u017ei\u010dna<\/td>\n<\/tr>\n<\/table>\n","protected":false},"excerpt":{"rendered":"<p>Philips TAH4209BL\/00 slu\u0161al. Lagane, udobne I sklopive. Prirodan zvuk, dinami\u010dan bas, do 55h reprodukcije. Brzo punjenje od 15min pru\u017ea 2h reprodukcije. Verzija Bluetootha 5.3. Maksimalni domet 10m. Boja: Plava<\/p>\n","protected":false},"featured_media":29737,"template":"","meta":[],"product_cat":[559,471],"product_tag":[],"class_list":{"0":"post-29735","1":"product","2":"type-product","3":"status-publish","4":"has-post-thumbnail","6":"product_cat-brend-philips","7":"product_cat-ct-slusalice","8":"pa_brend-slusalice","10":"first","11":"outofstock","12":"shipping-taxable","13":"purchasable","14":"product-type-simple"},"_links":{"self":[{"href":"https:\/\/techstore.ba\/shop\/wp-json\/wp\/v2\/product\/29735","targetHints":{"allow":["GET"]}}],"collection":[{"href":"https:\/\/techstore.ba\/shop\/wp-json\/wp\/v2\/product"}],"about":[{"href":"https:\/\/techstore.ba\/shop\/wp-json\/wp\/v2\/types\/product"}],"wp:featuredmedia":[{"embeddable":true,"href":"https:\/\/techstore.ba\/shop\/wp-json\/wp\/v2\/media\/29737"}],"wp:attachment":[{"href":"https:\/\/techstore.ba\/shop\/wp-json\/wp\/v2\/media?parent=29735"}],"wp:term":[{"taxonomy":"product_cat","embeddable":true,"href":"https:\/\/techstore.ba\/shop\/wp-json\/wp\/v2\/product_cat?post=29735"},{"taxonomy":"product_tag","embeddable":true,"href":"https:\/\/techstore.ba\/shop\/wp-json\/wp\/v2\/product_tag?post=29735"}],"curies":[{"name":"wp","href":"https:\/\/api.w.org\/{rel}","templated":true}]}}