{"id":29614,"date":"2026-02-02T17:31:43","date_gmt":"2026-02-02T16:31:43","guid":{"rendered":"https:\/\/techstore.ba\/shop\/product\/philips-taa6219bk-bt-slusalsolarno-napajane-perivijastucici-za-usi-baterije-od-80-sat\/"},"modified":"2026-03-19T15:15:15","modified_gmt":"2026-03-19T14:15:15","slug":"philips-taa6219bk-bt-slusalsolarno-napajane-perivijastucici-za-usi-baterije-od-80-sat","status":"publish","type":"product","link":"https:\/\/techstore.ba\/shop\/product\/philips-taa6219bk-bt-slusalsolarno-napajane-perivijastucici-za-usi-baterije-od-80-sat\/","title":{"rendered":"Philips TAA6219BK BT slu\u0161alSolarno napajane; perivijastu\u010di\u0107i za u\u0161i; baterije od 80 sat"},"content":{"rendered":"","protected":false},"excerpt":{"rendered":"<p>Philips TAA6219BK BT slu\u0161alice; Solarna tehnologija Powerfoyle; Samopunjive slu\u0161alice; Rezerva baterije od 80 sati; Perivi jastu\u010di\u0107i za u\u0161i; za\u0161tita IP55; BT u vi\u0161e ta\u010daka; za aktivan stil \u017eivota<\/p>\n","protected":false},"featured_media":29615,"template":"","meta":[],"product_cat":[559,471,383],"product_tag":[],"class_list":{"0":"post-29614","1":"product","2":"type-product","3":"status-publish","4":"has-post-thumbnail","6":"product_cat-brend-philips","7":"product_cat-ct-slusalice","8":"product_cat-ct-mobilphear","9":"pa_brend-slusalice-za-mobilne-telefone","11":"first","12":"outofstock","13":"shipping-taxable","14":"purchasable","15":"product-type-simple"},"_links":{"self":[{"href":"https:\/\/techstore.ba\/shop\/wp-json\/wp\/v2\/product\/29614","targetHints":{"allow":["GET"]}}],"collection":[{"href":"https:\/\/techstore.ba\/shop\/wp-json\/wp\/v2\/product"}],"about":[{"href":"https:\/\/techstore.ba\/shop\/wp-json\/wp\/v2\/types\/product"}],"wp:featuredmedia":[{"embeddable":true,"href":"https:\/\/techstore.ba\/shop\/wp-json\/wp\/v2\/media\/29615"}],"wp:attachment":[{"href":"https:\/\/techstore.ba\/shop\/wp-json\/wp\/v2\/media?parent=29614"}],"wp:term":[{"taxonomy":"product_cat","embeddable":true,"href":"https:\/\/techstore.ba\/shop\/wp-json\/wp\/v2\/product_cat?post=29614"},{"taxonomy":"product_tag","embeddable":true,"href":"https:\/\/techstore.ba\/shop\/wp-json\/wp\/v2\/product_tag?post=29614"}],"curies":[{"name":"wp","href":"https:\/\/api.w.org\/{rel}","templated":true}]}}