{"id":29583,"date":"2026-02-02T17:31:03","date_gmt":"2026-02-02T16:31:03","guid":{"rendered":"https:\/\/techstore.ba\/shop\/product\/genius-hs-100u-slusalice-za-jedno-uho\/"},"modified":"2026-04-04T11:44:52","modified_gmt":"2026-04-04T09:44:52","slug":"genius-hs-100u-slusalice-za-jedno-uho","status":"publish","type":"product","link":"https:\/\/techstore.ba\/shop\/product\/genius-hs-100u-slusalice-za-jedno-uho\/","title":{"rendered":"Genius HS-100U slu\u0161alice, za jedno uho"},"content":{"rendered":"","protected":false},"excerpt":{"rendered":"<p>Genius HS-100U slu\u0161alice za jedno uho, USB, ugra\u0111en poja\u010diva\u010d zvuka<\/p>\n","protected":false},"featured_media":41989,"template":"","meta":[],"product_cat":[595,471,383],"product_tag":[],"class_list":{"0":"post-29583","1":"product","2":"type-product","3":"status-publish","4":"has-post-thumbnail","6":"product_cat-brend-genius","7":"product_cat-ct-slusalice","8":"product_cat-ct-mobilphear","9":"pa_brend-slusalice-za-mobilne-telefone","11":"first","12":"outofstock","13":"shipping-taxable","14":"purchasable","15":"product-type-simple"},"_links":{"self":[{"href":"https:\/\/techstore.ba\/shop\/wp-json\/wp\/v2\/product\/29583","targetHints":{"allow":["GET"]}}],"collection":[{"href":"https:\/\/techstore.ba\/shop\/wp-json\/wp\/v2\/product"}],"about":[{"href":"https:\/\/techstore.ba\/shop\/wp-json\/wp\/v2\/types\/product"}],"wp:featuredmedia":[{"embeddable":true,"href":"https:\/\/techstore.ba\/shop\/wp-json\/wp\/v2\/media\/41989"}],"wp:attachment":[{"href":"https:\/\/techstore.ba\/shop\/wp-json\/wp\/v2\/media?parent=29583"}],"wp:term":[{"taxonomy":"product_cat","embeddable":true,"href":"https:\/\/techstore.ba\/shop\/wp-json\/wp\/v2\/product_cat?post=29583"},{"taxonomy":"product_tag","embeddable":true,"href":"https:\/\/techstore.ba\/shop\/wp-json\/wp\/v2\/product_tag?post=29583"}],"curies":[{"name":"wp","href":"https:\/\/api.w.org\/{rel}","templated":true}]}}