{"id":29406,"date":"2026-02-02T17:24:00","date_gmt":"2026-02-02T16:24:00","guid":{"rendered":"https:\/\/techstore.ba\/shop\/product\/segway-kickscooter-e2-ii14-90-kg-25-km-20-km-h-12-8-450-w\/"},"modified":"2026-04-06T18:59:13","modified_gmt":"2026-04-06T16:59:13","slug":"segway-kickscooter-e2-ii14-90-kg-25-km-20-km-h-12-8-450-w","status":"publish","type":"product","link":"https:\/\/techstore.ba\/shop\/product\/segway-kickscooter-e2-ii14-90-kg-25-km-20-km-h-12-8-450-w\/","title":{"rendered":"Segway KickScooter E2 II14+, 90 kg, 25 km, 20 km\/h, 12%, 8&#8221;, 450 W"},"content":{"rendered":"<p data-start=\"308\" data-end=\"547\"><strong data-start=\"308\" data-end=\"339\">Segway KickScooter E2 II14+<\/strong> je kompaktan i prakti\u010dan elektri\u010dni romobil, idealan za kratke gradske relacije i svakodnevnu vo\u017enju. Njegov lagani dizajn i jednostavno upravljanje \u010dine ga savr\u0161enim izborom za po\u010detnike i urbane korisnike.<\/p>\n<ul data-start=\"549\" data-end=\"1126\">\n<li data-section-id=\"18cw4p\" data-start=\"549\" data-end=\"681\">Motor snage 450 W omogu\u0107ava stabilnu i efikasnu vo\u017enju uz savladavanje uspona do 12%, \u0161to je dovoljno za ve\u0107inu gradskih terena.<\/li>\n<li data-section-id=\"1glx7tj\" data-start=\"682\" data-end=\"800\">Domet do 25 km pru\u017ea dovoljno autonomije za svakodnevne obaveze poput odlaska na posao, fakultet ili kra\u0107e izlete.<\/li>\n<li data-section-id=\"m2d05t\" data-start=\"801\" data-end=\"893\">8-in\u010dni to\u010dkovi osiguravaju dobru upravljivost i lako\u0107u manevrisanja u gradskim gu\u017evama.<\/li>\n<li data-section-id=\"joz93z\" data-start=\"894\" data-end=\"993\">Maksimalna brzina od 20 km\/h garantuje sigurnu i kontrolisanu vo\u017enju, posebno u urbanim zonama.<\/li>\n<li data-section-id=\"10n809\" data-start=\"994\" data-end=\"1126\">Kompaktna konstrukcija i manja te\u017eina \u010dine ga jednostavnim za skladi\u0161tenje i no\u0161enje, idealno za kombinaciju sa javnim prevozom.<\/li>\n<\/ul>\n","protected":false},"excerpt":{"rendered":"<p data-start=\"58\" data-end=\"281\"><strong data-start=\"58\" data-end=\"78\">Ime proizvo\u0111a\u010da:<\/strong> Segway<br data-start=\"85\" data-end=\"88\" \/><strong data-start=\"88\" data-end=\"102\">Garancija:<\/strong> 12M<br data-start=\"106\" data-end=\"109\" \/><strong data-start=\"109\" data-end=\"131\">Maksimalna kila\u017ea:<\/strong> 90 kg<br data-start=\"137\" data-end=\"140\" \/><strong data-start=\"140\" data-end=\"161\">Maksimalni domet:<\/strong> 25 km<br data-start=\"167\" data-end=\"170\" data-is-only-node=\"\" \/><strong data-start=\"170\" data-end=\"188\">Ugao penjanja:<\/strong> do 12%<br data-start=\"195\" data-end=\"198\" \/><strong data-start=\"198\" data-end=\"216\">Vrsta to\u010dkova:<\/strong> 8\u201d<br data-start=\"219\" data-end=\"222\" \/><strong data-start=\"222\" data-end=\"240\">Izlazna snaga:<\/strong> 450 W<br data-start=\"246\" data-end=\"249\" \/><strong data-start=\"249\" data-end=\"271\">Maksimalna brzina:<\/strong> 20 km\/h<\/p>\n","protected":false},"featured_media":29407,"template":"","meta":[],"product_cat":[458,612],"product_tag":[],"class_list":{"0":"post-29406","1":"product","2":"type-product","3":"status-publish","4":"has-post-thumbnail","6":"product_cat-ct-scooterel","7":"product_cat-brend-segway","8":"pa_brend-elektricni-trotinet","10":"first","11":"outofstock","12":"shipping-taxable","13":"purchasable","14":"product-type-simple"},"_links":{"self":[{"href":"https:\/\/techstore.ba\/shop\/wp-json\/wp\/v2\/product\/29406","targetHints":{"allow":["GET"]}}],"collection":[{"href":"https:\/\/techstore.ba\/shop\/wp-json\/wp\/v2\/product"}],"about":[{"href":"https:\/\/techstore.ba\/shop\/wp-json\/wp\/v2\/types\/product"}],"wp:featuredmedia":[{"embeddable":true,"href":"https:\/\/techstore.ba\/shop\/wp-json\/wp\/v2\/media\/29407"}],"wp:attachment":[{"href":"https:\/\/techstore.ba\/shop\/wp-json\/wp\/v2\/media?parent=29406"}],"wp:term":[{"taxonomy":"product_cat","embeddable":true,"href":"https:\/\/techstore.ba\/shop\/wp-json\/wp\/v2\/product_cat?post=29406"},{"taxonomy":"product_tag","embeddable":true,"href":"https:\/\/techstore.ba\/shop\/wp-json\/wp\/v2\/product_tag?post=29406"}],"curies":[{"name":"wp","href":"https:\/\/api.w.org\/{rel}","templated":true}]}}