{"id":28522,"date":"2026-02-02T16:58:36","date_gmt":"2026-02-02T15:58:36","guid":{"rendered":"https:\/\/techstore.ba\/shop\/product\/xiaomi-bezicni-mis-lite-1000-dpi-senzor\/"},"modified":"2026-04-04T11:18:38","modified_gmt":"2026-04-04T09:18:38","slug":"xiaomi-bezicni-mis-lite-1000-dpi-senzor","status":"publish","type":"product","link":"https:\/\/techstore.ba\/shop\/product\/xiaomi-bezicni-mis-lite-1000-dpi-senzor\/","title":{"rendered":"Xiaomi be\u017ei\u010dni mi\u0161 Lite 1000 dpi senzor"},"content":{"rendered":"","protected":false},"excerpt":{"rendered":"<p>Xiaomi be\u017ei\u010dni mi\u0161 Lite<\/p>\n","protected":false},"featured_media":28523,"template":"","meta":[],"product_cat":[378,554],"product_tag":[],"class_list":{"0":"post-28522","1":"product","2":"type-product","3":"status-publish","4":"has-post-thumbnail","6":"product_cat-ct-misevi","7":"product_cat-brend-xiaomi","8":"pa_brend-misevi","10":"first","11":"outofstock","12":"shipping-taxable","13":"purchasable","14":"product-type-simple"},"_links":{"self":[{"href":"https:\/\/techstore.ba\/shop\/wp-json\/wp\/v2\/product\/28522","targetHints":{"allow":["GET"]}}],"collection":[{"href":"https:\/\/techstore.ba\/shop\/wp-json\/wp\/v2\/product"}],"about":[{"href":"https:\/\/techstore.ba\/shop\/wp-json\/wp\/v2\/types\/product"}],"wp:featuredmedia":[{"embeddable":true,"href":"https:\/\/techstore.ba\/shop\/wp-json\/wp\/v2\/media\/28523"}],"wp:attachment":[{"href":"https:\/\/techstore.ba\/shop\/wp-json\/wp\/v2\/media?parent=28522"}],"wp:term":[{"taxonomy":"product_cat","embeddable":true,"href":"https:\/\/techstore.ba\/shop\/wp-json\/wp\/v2\/product_cat?post=28522"},{"taxonomy":"product_tag","embeddable":true,"href":"https:\/\/techstore.ba\/shop\/wp-json\/wp\/v2\/product_tag?post=28522"}],"curies":[{"name":"wp","href":"https:\/\/api.w.org\/{rel}","templated":true}]}}