{"id":17409,"date":"2026-02-01T17:06:07","date_gmt":"2026-02-01T16:06:07","guid":{"rendered":"https:\/\/techstore.ba\/shop\/product\/asus-vivobook-e1504fa-bq1933156-r3-7320u-8gb-512ssd\/"},"modified":"2026-04-04T11:28:45","modified_gmt":"2026-04-04T09:28:45","slug":"asus-vivobook-e1504fa-bq1933156-r3-7320u-8gb-512ssd","status":"publish","type":"product","link":"https:\/\/techstore.ba\/shop\/product\/asus-vivobook-e1504fa-bq1933156-r3-7320u-8gb-512ssd\/","title":{"rendered":"ASUS VivoBook E1504FA-BQ193315,6&#8221;\/R3-7320U\/8GB\/512SSD"},"content":{"rendered":"<p data-start=\"102\" data-end=\"531\">U\u017eivajte u jednostavnom, ali mo\u0107nom iskustvu rada i zabave s <strong data-start=\"163\" data-end=\"201\">ASUS VivoBook Go 15 E1504FA-BQ1933<\/strong>. Njegov <strong data-start=\"210\" data-end=\"238\">15,6-in\u010dni FHD IPS ekran<\/strong> pru\u017ea \u0161iroke kutove gledanja i \u017eivopisne boje, idealne za gledanje filmova, online u\u010denje ili produktivan rad. Pokre\u0107e ga <strong data-start=\"361\" data-end=\"393\">mo\u0107an Ryzen 3 7320U procesor<\/strong> s 4 jezgre i 8 threadova, \u0161to omogu\u0107ava glatko izvo\u0111enje svakodnevnih zadataka, multitasking i lagan rad u vi\u0161e aplikacija istovremeno.<\/p>\n<p data-start=\"533\" data-end=\"899\">Sa <strong data-start=\"536\" data-end=\"556\">8GB LPDDR5 RAM-a<\/strong> i <strong data-start=\"559\" data-end=\"581\">512GB SSD pohranom<\/strong>, ovaj laptop pru\u017ea brzi rad sustava, instantno otvaranje aplikacija i dovoljno prostora za va\u0161e dokumente, fotografije i multimedijske sadr\u017eaje. Elegantan <strong data-start=\"737\" data-end=\"759\">Cool Silver dizajn<\/strong> kombinira modernost i sofisticiranost, dok tanak i lagan profil \u010dini ovaj laptop savr\u0161enim za no\u0161enje u \u0161kolu, na posao ili na putovanja.<\/p>\n<p data-start=\"901\" data-end=\"1123\">Bilo da studirate, radite od ku\u0107e ili se jednostavno \u017eelite zabaviti, <strong data-start=\"971\" data-end=\"994\">ASUS VivoBook Go 15<\/strong> nudi pouzdanu izvedbu i stil u jednom ure\u0111aju, uz <strong data-start=\"1045\" data-end=\"1070\">24-mjese\u010dnu garanciju<\/strong> koja osigurava mir i sigurnost tijekom kori\u0161tenja.<\/p>\n","protected":false},"excerpt":{"rendered":"<p>ASUS VivoBook Go 15 E1504FA-BQ1933: 15,6&#8221; FHD\/IPS; Ryzen 3, R3-7320U (4C\/8T); 8GB LPDDR5; 512GB SSD; Cool Silver; 24m garancija<\/p>\n","protected":false},"featured_media":40806,"template":"","meta":[],"product_cat":[582,409],"product_tag":[],"class_list":{"0":"post-17409","1":"product","2":"type-product","3":"status-publish","4":"has-post-thumbnail","6":"product_brand-asus","7":"product_cat-brend-asus","8":"product_cat-ct-notebooks","9":"pa_brend-asus","11":"first","12":"outofstock","13":"shipping-taxable","14":"purchasable","15":"product-type-simple"},"_links":{"self":[{"href":"https:\/\/techstore.ba\/shop\/wp-json\/wp\/v2\/product\/17409","targetHints":{"allow":["GET"]}}],"collection":[{"href":"https:\/\/techstore.ba\/shop\/wp-json\/wp\/v2\/product"}],"about":[{"href":"https:\/\/techstore.ba\/shop\/wp-json\/wp\/v2\/types\/product"}],"wp:featuredmedia":[{"embeddable":true,"href":"https:\/\/techstore.ba\/shop\/wp-json\/wp\/v2\/media\/40806"}],"wp:attachment":[{"href":"https:\/\/techstore.ba\/shop\/wp-json\/wp\/v2\/media?parent=17409"}],"wp:term":[{"taxonomy":"product_cat","embeddable":true,"href":"https:\/\/techstore.ba\/shop\/wp-json\/wp\/v2\/product_cat?post=17409"},{"taxonomy":"product_tag","embeddable":true,"href":"https:\/\/techstore.ba\/shop\/wp-json\/wp\/v2\/product_tag?post=17409"}],"curies":[{"name":"wp","href":"https:\/\/api.w.org\/{rel}","templated":true}]}}