{"id":17346,"date":"2026-02-01T17:05:02","date_gmt":"2026-02-01T16:05:02","guid":{"rendered":"https:\/\/techstore.ba\/shop\/product\/cbs110-unmanaged-8-port\/"},"modified":"2026-04-04T11:27:39","modified_gmt":"2026-04-04T09:27:39","slug":"cbs110-unmanaged-8-port","status":"publish","type":"product","link":"https:\/\/techstore.ba\/shop\/product\/cbs110-unmanaged-8-port\/","title":{"rendered":"CBS110 Unmanaged 8-port"},"content":{"rendered":"<h3>Specifikacije<\/h3>\n<table style=\"border-collapse: collapse; width: 100%;\">\n<tbody>\n<tr>\n<th style=\"text-align: left; padding: 6px 10px; border: 1px solid #eee;\">INTFACE_NETWORKSWC<\/th>\n<td style=\"padding: 6px 10px; border: 1px solid #eee;\">8xRJ45 1GbE<\/td>\n<\/tr>\n<\/tbody>\n<\/table>\n<p>&nbsp;<\/p>\n<div class=\"Y3BBE\" data-sfc-cp=\"\" data-hveid=\"CAEIBBAA\" data-processed=\"true\" data-complete=\"true\">Cisco Business 110-8T-D je dio CBS110 serije koja je namjenski razvijena za male biznise i ku\u0107ne kancelarije koje trebaju osnovnu, ali izuzetno pouzdanu mre\u017enu povezanost. Ovaj ure\u0111aj nudi legendarnu Cisco stabilnost u jednostavnom formatu koji ne zahtijeva prisustvo IT stru\u010dnjaka. Glavna prednost ovog switcha je u tome \u0161to korisnik samo treba priklju\u010diti napajanje i mre\u017ene kablove, a ure\u0111aj \u0107e se sam pobrinuti za sve ostalo, osiguravaju\u0107i gigabitne brzine na svakom portu.<button class=\"rBl3me\" tabindex=\"0\" data-amic=\"true\" data-icl-uuid=\"4d6e0ff9-af0b-478f-ab13-dcc307f2bab9\" aria-label=\"View related links\" data-wiz-attrbind=\"disabled=YD7ZMc_14\/C5gNJc;aria-label=YD7ZMc_14\/bOjMyf;class=YD7ZMc_14\/UpSNec\" data-ved=\"2ahUKEwj7mYqrh-OSAxUZxwIHHcAvFE0Qye0OegYIAQgEEAE\"><\/button><\/div>\n<div class=\"Y3BBE\" data-sfc-cp=\"\" data-hveid=\"CAEIBRAA\" data-complete=\"true\" data-processed=\"true\">Za razliku od jeftinijih plasti\u010dnih modela, CBS110-8T-D dolazi u kvalitetnom metalnom ku\u0107i\u0161tu koje ne samo da pru\u017ea dugotrajnost, ve\u0107 i efikasno odvodi toplotu. Zahvaljuju\u0107i dizajnu bez ventilatora, switch je potpuno tih, \u0161to ga \u010dini savr\u0161enim rje\u0161enjem za prostore gdje se cijeni ti\u0161ina, poput biblioteka, kancelarija ili dnevnih boravaka. Iako je rije\u010d o neupravljivom ure\u0111aju, on inteligentno upravlja saobra\u0107ajem pomo\u0107u ugra\u0111enih QoS funkcija koje prepoznaju i prioritetizuju kriti\u010dne podatke, sprje\u010davaju\u0107i &#8220;sjeckanje&#8221; tokom video poziva ili online sastanaka.<button class=\"rBl3me\" tabindex=\"0\" data-amic=\"true\" data-icl-uuid=\"7257878a-0896-4b1a-b659-f6913b56c030\" aria-label=\"View related links\" data-wiz-attrbind=\"disabled=YD7ZMc_18\/C5gNJc;aria-label=YD7ZMc_18\/bOjMyf;class=YD7ZMc_18\/UpSNec\" data-ved=\"2ahUKEwj7mYqrh-OSAxUZxwIHHcAvFE0Qye0OegYIAQgFEAE\"><\/button><\/div>\n<div class=\"Y3BBE\" data-sfc-cp=\"\" data-hveid=\"CAEIBhAA\" data-complete=\"true\" data-processed=\"true\" aria-owns=\"action-menu-parent-container\">Sigurnost i pouzdanost su dodatno osigurani kroz napredne tehnologije za detekciju mre\u017enih petlji (loop detection), koje automatski sprje\u010davaju \u010deste mre\u017ene gre\u0161ke koje mogu dovesti do prekida rada cijelog sistema. Uz nisku potro\u0161nju energije i visok stepen kompatibilnosti sa ostalom mre\u017enom opremom, ovaj switch predstavlja idealnu ulaznu ta\u010dku u svijet profesionalne mre\u017ene opreme, pru\u017eaju\u0107i stabilan temelj za digitalno poslovanje bez ikakvih komplikacija u odr\u017eavanju.<\/div>\n","protected":false},"excerpt":{"rendered":"<p><span class=\"T286Pc\" data-sfc-cp=\"\" data-complete=\"true\"><strong class=\"Yjhzub\" data-complete=\"true\">Konfiguracija portova:<\/strong>\u00a0Posjeduje 8 gigabitnih (10\/100\/1000) RJ-45 portova za brz i pouzdan \u017ei\u010dni prenos podataka.<\/span><\/p>\n<p><span class=\"T286Pc\" data-sfc-cp=\"\" data-complete=\"true\"><strong class=\"Yjhzub\" data-complete=\"true\">Plug-and-Play instalacija:<\/strong>\u00a0Radi se o potpuno neupravljivom (unmanaged) ure\u0111aju koji ne zahtijeva nikakvu konfiguraciju ili softver za rad.<\/span><\/p>\n<p><span class=\"T286Pc\" data-sfc-cp=\"\" data-complete=\"true\"><strong class=\"Yjhzub\" data-complete=\"true\">Kapacitet prebacivanja:<\/strong>\u00a0Pru\u017ea propusnost od 16 Gbps, omogu\u0107avaju\u0107i glatko funkcionisanje mre\u017ee bez zagu\u0161enja.<\/span><\/p>\n<p><span class=\"T286Pc\" data-sfc-cp=\"\" data-complete=\"true\"><strong class=\"Yjhzub\" data-complete=\"true\">Energetska efikasnost:<\/strong>\u00a0Podr\u017eava Energy Efficient Ethernet (IEEE 802.3az) standard koji smanjuje potro\u0161nju energije nadgledanjem saobra\u0107aja na portovima.<\/span><\/p>\n<p><span class=\"T286Pc\" data-sfc-cp=\"\" data-complete=\"true\"><strong class=\"Yjhzub\" data-complete=\"true\">Kvalitet usluge (QoS):<\/strong>\u00a0Integrisana podr\u0161ka za 802.1p prioritizaciju saobra\u0107aja osigurava stabilnost aplikacija poput glasa i videa.<\/span><\/p>\n<p><span class=\"T286Pc\" data-sfc-cp=\"\" data-complete=\"true\" aria-owns=\"action-menu-parent-container\"><strong class=\"Yjhzub\" data-complete=\"true\">Kompaktan dizajn:<\/strong>\u00a0Elegantno i \u010dvrsto metalno ku\u0107i\u0161te bez ventilatora omogu\u0107ava potpuno ne\u010dujan rad, idealan za radne stolove ili male kancelarije.<\/span><\/p>\n","protected":false},"featured_media":28281,"template":"","meta":[],"product_cat":[603,404],"product_tag":[],"class_list":{"0":"post-17346","1":"product","2":"type-product","3":"status-publish","4":"has-post-thumbnail","6":"product_brand-cisko","7":"product_cat-brend-cisco","8":"product_cat-ct-networkswc","9":"pa_brend-cisco","11":"first","12":"instock","13":"shipping-taxable","14":"purchasable","15":"product-type-simple"},"_links":{"self":[{"href":"https:\/\/techstore.ba\/shop\/wp-json\/wp\/v2\/product\/17346","targetHints":{"allow":["GET"]}}],"collection":[{"href":"https:\/\/techstore.ba\/shop\/wp-json\/wp\/v2\/product"}],"about":[{"href":"https:\/\/techstore.ba\/shop\/wp-json\/wp\/v2\/types\/product"}],"wp:featuredmedia":[{"embeddable":true,"href":"https:\/\/techstore.ba\/shop\/wp-json\/wp\/v2\/media\/28281"}],"wp:attachment":[{"href":"https:\/\/techstore.ba\/shop\/wp-json\/wp\/v2\/media?parent=17346"}],"wp:term":[{"taxonomy":"product_cat","embeddable":true,"href":"https:\/\/techstore.ba\/shop\/wp-json\/wp\/v2\/product_cat?post=17346"},{"taxonomy":"product_tag","embeddable":true,"href":"https:\/\/techstore.ba\/shop\/wp-json\/wp\/v2\/product_tag?post=17346"}],"curies":[{"name":"wp","href":"https:\/\/api.w.org\/{rel}","templated":true}]}}