{"id":16948,"date":"2026-02-01T16:02:34","date_gmt":"2026-02-01T15:02:34","guid":{"rendered":"https:\/\/techstore.ba\/shop\/product\/gxt113-felox-led-gaming-mouse-zicani-mis-usb-a-6400-dpi\/"},"modified":"2026-04-04T11:18:38","modified_gmt":"2026-04-04T09:18:38","slug":"gxt113-felox-led-gaming-mouse-zicani-mis-usb-a-6400-dpi","status":"publish","type":"product","link":"https:\/\/techstore.ba\/shop\/product\/gxt113-felox-led-gaming-mouse-zicani-mis-usb-a-6400-dpi\/","title":{"rendered":"GXT113 FELOX LED GAMING MOUSE, \u017ei\u010dani mi\u0161, USB-A, 6400 DPI"},"content":{"rendered":"","protected":false},"excerpt":{"rendered":"<p>GXT113 FELOX LED GAMING MOUSE, \u017ei\u010dani mi\u0161, USB-A, 6400 DPI, 6 tipki, crna boja<\/p>\n","protected":false},"featured_media":28505,"template":"","meta":[],"product_cat":[1016,1015,378,553],"product_tag":[],"class_list":{"0":"post-16948","1":"product","2":"type-product","3":"status-publish","4":"has-post-thumbnail","6":"product_cat-gaming-misevi","7":"product_cat-gaming-periferija","8":"product_cat-ct-misevi","9":"product_cat-brend-trust","10":"pa_brend-misevi","12":"first","13":"instock","14":"shipping-taxable","15":"purchasable","16":"product-type-simple"},"_links":{"self":[{"href":"https:\/\/techstore.ba\/shop\/wp-json\/wp\/v2\/product\/16948","targetHints":{"allow":["GET"]}}],"collection":[{"href":"https:\/\/techstore.ba\/shop\/wp-json\/wp\/v2\/product"}],"about":[{"href":"https:\/\/techstore.ba\/shop\/wp-json\/wp\/v2\/types\/product"}],"wp:featuredmedia":[{"embeddable":true,"href":"https:\/\/techstore.ba\/shop\/wp-json\/wp\/v2\/media\/28505"}],"wp:attachment":[{"href":"https:\/\/techstore.ba\/shop\/wp-json\/wp\/v2\/media?parent=16948"}],"wp:term":[{"taxonomy":"product_cat","embeddable":true,"href":"https:\/\/techstore.ba\/shop\/wp-json\/wp\/v2\/product_cat?post=16948"},{"taxonomy":"product_tag","embeddable":true,"href":"https:\/\/techstore.ba\/shop\/wp-json\/wp\/v2\/product_tag?post=16948"}],"curies":[{"name":"wp","href":"https:\/\/api.w.org\/{rel}","templated":true}]}}