{"id":16925,"date":"2026-02-01T16:02:33","date_gmt":"2026-02-01T15:02:33","guid":{"rendered":"https:\/\/techstore.ba\/shop\/product\/trust-ozaa-multi-connectwireless-mis-800-3200-dpiopticki-senzor-3-nacina-konekcije\/"},"modified":"2026-04-04T11:18:37","modified_gmt":"2026-04-04T09:18:37","slug":"trust-ozaa-multi-connectwireless-mis-800-3200-dpiopticki-senzor-3-nacina-konekcije","status":"publish","type":"product","link":"https:\/\/techstore.ba\/shop\/product\/trust-ozaa-multi-connectwireless-mis-800-3200-dpiopticki-senzor-3-nacina-konekcije\/","title":{"rendered":"Trust OZAA+ Multi connectwireless mi\u0161, 800-3200 dpi,opti\u010dki senzor, 3 na\u010dina konekcije"},"content":{"rendered":"","protected":false},"excerpt":{"rendered":"<p>Trust OZAA+ Multi connect wireless mi\u0161, 800-3200 dpi, opti\u010dki senor, 3 na\u010dina konekcije: wireless, bluetooth, USB-C, silent tipke, punjiva baterija, crni<\/p>\n","protected":false},"featured_media":28323,"template":"","meta":[],"product_cat":[378,553],"product_tag":[],"class_list":{"0":"post-16925","1":"product","2":"type-product","3":"status-publish","4":"has-post-thumbnail","6":"product_cat-ct-misevi","7":"product_cat-brend-trust","8":"pa_brend-misevi","10":"first","11":"instock","12":"shipping-taxable","13":"purchasable","14":"product-type-simple"},"_links":{"self":[{"href":"https:\/\/techstore.ba\/shop\/wp-json\/wp\/v2\/product\/16925","targetHints":{"allow":["GET"]}}],"collection":[{"href":"https:\/\/techstore.ba\/shop\/wp-json\/wp\/v2\/product"}],"about":[{"href":"https:\/\/techstore.ba\/shop\/wp-json\/wp\/v2\/types\/product"}],"wp:featuredmedia":[{"embeddable":true,"href":"https:\/\/techstore.ba\/shop\/wp-json\/wp\/v2\/media\/28323"}],"wp:attachment":[{"href":"https:\/\/techstore.ba\/shop\/wp-json\/wp\/v2\/media?parent=16925"}],"wp:term":[{"taxonomy":"product_cat","embeddable":true,"href":"https:\/\/techstore.ba\/shop\/wp-json\/wp\/v2\/product_cat?post=16925"},{"taxonomy":"product_tag","embeddable":true,"href":"https:\/\/techstore.ba\/shop\/wp-json\/wp\/v2\/product_tag?post=16925"}],"curies":[{"name":"wp","href":"https:\/\/api.w.org\/{rel}","templated":true}]}}