{"id":16869,"date":"2026-02-01T16:02:12","date_gmt":"2026-02-01T15:02:12","guid":{"rendered":"https:\/\/techstore.ba\/shop\/product\/tefal-stapni-mikser-800w\/"},"modified":"2026-04-04T11:18:06","modified_gmt":"2026-04-04T09:18:06","slug":"tefal-stapni-mikser-800w","status":"publish","type":"product","link":"https:\/\/techstore.ba\/shop\/product\/tefal-stapni-mikser-800w\/","title":{"rendered":"Tefal \u0161tapni mikser 800W"},"content":{"rendered":"<h3>Specifikacije<\/h3>\n<table style=\"border-collapse:collapse;width:100%;\">\n<tr>\n<th style=\"text-align:left;padding:6px 10px;border:1px solid #eee;\">POWER_KITCHAPP<\/th>\n<td style=\"padding:6px 10px;border:1px solid #eee;\">800 W<\/td>\n<\/tr>\n<tr>\n<th style=\"text-align:left;padding:6px 10px;border:1px solid #eee;\">TYPE_KITCHAPP<\/th>\n<td style=\"padding:6px 10px;border:1px solid #eee;\">Stapni mikser<\/td>\n<\/tr>\n<\/table>\n","protected":false},"excerpt":{"rendered":"<p>OPTICHEF 800W,Opremljen ekskluzivnom tehnologijom Powelix, njegovih 10 brzina mo\u017ee se podesiti bez zaustavljanja, \u010da\u0161a od 800 ml i sjeckalica od 500 ml za jednostavno sjeckanje niza sastojaka<\/p>\n","protected":false},"featured_media":27283,"template":"","meta":[],"product_cat":[803,844,15],"product_tag":[],"class_list":{"0":"post-16869","1":"product","2":"type-product","3":"status-publish","4":"has-post-thumbnail","6":"product_cat-ct-mikseri","7":"product_cat-brend-tefal","8":"product_cat-uncategorized","9":"pa_brend-mikseri","11":"first","12":"instock","13":"shipping-taxable","14":"purchasable","15":"product-type-simple"},"_links":{"self":[{"href":"https:\/\/techstore.ba\/shop\/wp-json\/wp\/v2\/product\/16869","targetHints":{"allow":["GET"]}}],"collection":[{"href":"https:\/\/techstore.ba\/shop\/wp-json\/wp\/v2\/product"}],"about":[{"href":"https:\/\/techstore.ba\/shop\/wp-json\/wp\/v2\/types\/product"}],"wp:featuredmedia":[{"embeddable":true,"href":"https:\/\/techstore.ba\/shop\/wp-json\/wp\/v2\/media\/27283"}],"wp:attachment":[{"href":"https:\/\/techstore.ba\/shop\/wp-json\/wp\/v2\/media?parent=16869"}],"wp:term":[{"taxonomy":"product_cat","embeddable":true,"href":"https:\/\/techstore.ba\/shop\/wp-json\/wp\/v2\/product_cat?post=16869"},{"taxonomy":"product_tag","embeddable":true,"href":"https:\/\/techstore.ba\/shop\/wp-json\/wp\/v2\/product_tag?post=16869"}],"curies":[{"name":"wp","href":"https:\/\/api.w.org\/{rel}","templated":true}]}}