{"id":16475,"date":"2026-02-01T14:59:01","date_gmt":"2026-02-01T14:59:01","guid":{"rendered":"https:\/\/techstore.ba\/shop\/product\/bosch-mlin-za-kafu-crna-180w-75gr-sl\/"},"modified":"2026-04-04T11:12:29","modified_gmt":"2026-04-04T09:12:29","slug":"bosch-mlin-za-kafu-crna-180w-75gr-sl","status":"publish","type":"product","link":"https:\/\/techstore.ba\/shop\/product\/bosch-mlin-za-kafu-crna-180w-75gr-sl\/","title":{"rendered":"BOSCH  mlin za kafu CRNA, 180W, 75gr, SL"},"content":{"rendered":"","protected":false},"excerpt":{"rendered":"<p>BOSCH mlin za kafu; Boja: CRNA; 180W; 75 gr; No\u017e i \u010da\u0161ica za mljevenje iz nehr\u0111aju\u0107eg \u010delika; SL<\/p>\n","protected":false},"featured_media":44419,"template":"","meta":[],"product_cat":[843,796,15],"product_tag":[],"class_list":{"0":"post-16475","1":"product","2":"type-product","3":"status-publish","4":"has-post-thumbnail","6":"product_cat-brend-bosch","7":"product_cat-ct-kafemati","8":"product_cat-uncategorized","9":"pa_brend-bosch","11":"first","12":"instock","13":"shipping-taxable","14":"purchasable","15":"product-type-simple"},"_links":{"self":[{"href":"https:\/\/techstore.ba\/shop\/wp-json\/wp\/v2\/product\/16475","targetHints":{"allow":["GET"]}}],"collection":[{"href":"https:\/\/techstore.ba\/shop\/wp-json\/wp\/v2\/product"}],"about":[{"href":"https:\/\/techstore.ba\/shop\/wp-json\/wp\/v2\/types\/product"}],"wp:featuredmedia":[{"embeddable":true,"href":"https:\/\/techstore.ba\/shop\/wp-json\/wp\/v2\/media\/44419"}],"wp:attachment":[{"href":"https:\/\/techstore.ba\/shop\/wp-json\/wp\/v2\/media?parent=16475"}],"wp:term":[{"taxonomy":"product_cat","embeddable":true,"href":"https:\/\/techstore.ba\/shop\/wp-json\/wp\/v2\/product_cat?post=16475"},{"taxonomy":"product_tag","embeddable":true,"href":"https:\/\/techstore.ba\/shop\/wp-json\/wp\/v2\/product_tag?post=16475"}],"curies":[{"name":"wp","href":"https:\/\/api.w.org\/{rel}","templated":true}]}}