{"id":16264,"date":"2026-02-01T14:56:17","date_gmt":"2026-02-01T14:56:17","guid":{"rendered":"https:\/\/techstore.ba\/shop\/product\/tcl-frizider-rf282bse0282l-e-invertertotal-no-frost\/"},"modified":"2026-02-19T19:39:36","modified_gmt":"2026-02-19T18:39:36","slug":"tcl-frizider-rf282bse0282l-e-invertertotal-no-frost","status":"publish","type":"product","link":"https:\/\/techstore.ba\/shop\/product\/tcl-frizider-rf282bse0282l-e-invertertotal-no-frost\/","title":{"rendered":"TCL fri\u017eider RF282BSE0282L, E, InverterTotal No Frost"},"content":{"rendered":"<h3>Specifikacije<\/h3>\n<table style=\"border-collapse:collapse;width:100%\">\n<tr>\n<th style=\"text-align:left;padding:6px 10px;border:1px solid #eee\">CLIMATE CLASS_REFR<\/th>\n<td style=\"padding:6px 10px;border:1px solid #eee\">SN-N-ST-T<\/td>\n<\/tr>\n<tr>\n<th style=\"text-align:left;padding:6px 10px;border:1px solid #eee\">COLOR_REFR<\/th>\n<td style=\"padding:6px 10px;border:1px solid #eee\">Srebrna<\/td>\n<\/tr>\n<tr>\n<th style=\"text-align:left;padding:6px 10px;border:1px solid #eee\">DISPLAY_REFR<\/th>\n<td style=\"padding:6px 10px;border:1px solid #eee\">Unutra\u0161nji displej<\/td>\n<\/tr>\n<tr>\n<th style=\"text-align:left;padding:6px 10px;border:1px solid #eee\">ENERGY_CLASS_REFR<\/th>\n<td style=\"padding:6px 10px;border:1px solid #eee\">E<\/td>\n<\/tr>\n<tr>\n<th style=\"text-align:left;padding:6px 10px;border:1px solid #eee\">FREEZER\/FR.CHMB_REFR<\/th>\n<td style=\"padding:6px 10px;border:1px solid #eee\">Da<\/td>\n<\/tr>\n<tr>\n<th style=\"text-align:left;padding:6px 10px;border:1px solid #eee\">FS\/BUILT IN_REFR<\/th>\n<td style=\"padding:6px 10px;border:1px solid #eee\">Samostojeci<\/td>\n<\/tr>\n<tr>\n<th style=\"text-align:left;padding:6px 10px;border:1px solid #eee\">NOISE LEVEL DB_REFR<\/th>\n<td style=\"padding:6px 10px;border:1px solid #eee\">38<\/td>\n<\/tr>\n<tr>\n<th style=\"text-align:left;padding:6px 10px;border:1px solid #eee\">TECHNOLOGY_REFR<\/th>\n<td style=\"padding:6px 10px;border:1px solid #eee\">No Frost<\/td>\n<\/tr>\n<tr>\n<th style=\"text-align:left;padding:6px 10px;border:1px solid #eee\">TYPE_REFR<\/th>\n<td style=\"padding:6px 10px;border:1px solid #eee\">Kombinovani frizider<\/td>\n<\/tr>\n<tr>\n<th style=\"text-align:left;padding:6px 10px;border:1px solid #eee\">VOLUME_REFR<\/th>\n<td style=\"padding:6px 10px;border:1px solid #eee\">282<\/td>\n<\/tr>\n<tr>\n<th style=\"text-align:left;padding:6px 10px;border:1px solid #eee\">WARRANTY_REFR<\/th>\n<td style=\"padding:6px 10px;border:1px solid #eee\">2G<\/td>\n<\/tr>\n<tr>\n<th style=\"text-align:left;padding:6px 10px;border:1px solid #eee\">WIDTH_REFR<\/th>\n<td style=\"padding:6px 10px;border:1px solid #eee\">54.5<\/td>\n<\/tr>\n<tr>\n<th style=\"text-align:left;padding:6px 10px;border:1px solid #eee\">OTHER_REFR<\/th>\n<td style=\"padding:6px 10px;border:1px solid #eee\">Multi-Airflow, No Frost, Winter setting, 4 STAR Fast freeze, Temperature control:electronic, kapacitet fri\u017eidera: 202L, Ladice:1, Police:3, Balkoni:3 (fiksirani), polica za jaja:1 ( 6 jaja)<\/td>\n<\/tr>\n<tr>\n<th style=\"text-align:left;padding:6px 10px;border:1px solid #eee\">ADD_WG<\/th>\n<td style=\"padding:6px 10px;border:1px solid #eee\">Kapacitet zamrziva\u010da: 80L, sigurnost u slu\u010daju nestanka struje: 8h, ladice u zamrziva\u010du: 3, posuda za led, reversible door, uvu\u010dena ru\u010dka, ventilator, plin R600a,<\/td>\n<\/tr>\n<tr>\n<th style=\"text-align:left;padding:6px 10px;border:1px solid #eee\">ANN_REFR<\/th>\n<td style=\"padding:6px 10px;border:1px solid #eee\">229 kWh<\/td>\n<\/tr>\n<tr>\n<th style=\"text-align:left;padding:6px 10px;border:1px solid #eee\">DEPTH_REFR<\/th>\n<td style=\"padding:6px 10px;border:1px solid #eee\">61.5<\/td>\n<\/tr>\n<tr>\n<th style=\"text-align:left;padding:6px 10px;border:1px solid #eee\">FREEZER_REFR<\/th>\n<td style=\"padding:6px 10px;border:1px solid #eee\">Dole<\/td>\n<\/tr>\n<tr>\n<th style=\"text-align:left;padding:6px 10px;border:1px solid #eee\">HEIGH_REFR<\/th>\n<td style=\"padding:6px 10px;border:1px solid #eee\">181<\/td>\n<\/tr>\n<\/table>\n","protected":false},"excerpt":{"rendered":"<p>TCL fri\u017eider RF282BSE0, 282L, E, Inverter, No Frost, Fast cooling, Multi-Airflow, reverzibilna vrata, mat siva boja<\/p>\n","protected":false},"featured_media":36343,"template":"","meta":[],"product_cat":[335,573],"product_tag":[],"class_list":{"0":"post-16264","1":"product","2":"type-product","3":"status-publish","4":"has-post-thumbnail","6":"product_cat-ct-frizideri","7":"product_cat-brend-tcl","8":"pa_brend-frizideri","10":"first","11":"instock","12":"shipping-taxable","13":"purchasable","14":"product-type-simple"},"_links":{"self":[{"href":"https:\/\/techstore.ba\/shop\/wp-json\/wp\/v2\/product\/16264","targetHints":{"allow":["GET"]}}],"collection":[{"href":"https:\/\/techstore.ba\/shop\/wp-json\/wp\/v2\/product"}],"about":[{"href":"https:\/\/techstore.ba\/shop\/wp-json\/wp\/v2\/types\/product"}],"wp:featuredmedia":[{"embeddable":true,"href":"https:\/\/techstore.ba\/shop\/wp-json\/wp\/v2\/media\/36343"}],"wp:attachment":[{"href":"https:\/\/techstore.ba\/shop\/wp-json\/wp\/v2\/media?parent=16264"}],"wp:term":[{"taxonomy":"product_cat","embeddable":true,"href":"https:\/\/techstore.ba\/shop\/wp-json\/wp\/v2\/product_cat?post=16264"},{"taxonomy":"product_tag","embeddable":true,"href":"https:\/\/techstore.ba\/shop\/wp-json\/wp\/v2\/product_tag?post=16264"}],"curies":[{"name":"wp","href":"https:\/\/api.w.org\/{rel}","templated":true}]}}