{"id":16221,"date":"2026-02-01T14:55:59","date_gmt":"2026-02-01T14:55:59","guid":{"rendered":"https:\/\/techstore.ba\/shop\/product\/bosch-multipraktik800-w-2-brzine-trenutnazdjela-23-l-nastavci-i-nozevi\/"},"modified":"2026-04-04T11:03:58","modified_gmt":"2026-04-04T09:03:58","slug":"bosch-multipraktik800-w-2-brzine-trenutnazdjela-23-l-nastavci-i-nozevi","status":"publish","type":"product","link":"https:\/\/techstore.ba\/shop\/product\/bosch-multipraktik800-w-2-brzine-trenutnazdjela-23-l-nastavci-i-nozevi\/","title":{"rendered":"BOSCH Multipraktik800 W; 2 brzine + trenutnazdjela 2,3 l + nastavci i no\u017eevi"},"content":{"rendered":"","protected":false},"excerpt":{"rendered":"<p>BOSCH Multipraktik MCM3100W; 800 W; 2 brzine + trenutna; Multifunkcionalni INOX no\u017e; zdjela 2,3 l (0,5 kg bra\u0161na + 0,8 kg sastojaka); Kombinovana plo\u010da za rezanje i struganje INOX; nastavak za gnje\u010denje; za tu\u010denje i \u0161lag; plastika bez BPA<\/p>\n","protected":false},"featured_media":34887,"template":"","meta":[],"product_cat":[843,786,15],"product_tag":[],"class_list":{"0":"post-16221","1":"product","2":"type-product","3":"status-publish","4":"has-post-thumbnail","6":"product_cat-brend-bosch","7":"product_cat-ct-foodprocep","8":"product_cat-uncategorized","9":"pa_brend-bosch","11":"first","12":"instock","13":"shipping-taxable","14":"purchasable","15":"product-type-simple"},"_links":{"self":[{"href":"https:\/\/techstore.ba\/shop\/wp-json\/wp\/v2\/product\/16221","targetHints":{"allow":["GET"]}}],"collection":[{"href":"https:\/\/techstore.ba\/shop\/wp-json\/wp\/v2\/product"}],"about":[{"href":"https:\/\/techstore.ba\/shop\/wp-json\/wp\/v2\/types\/product"}],"wp:featuredmedia":[{"embeddable":true,"href":"https:\/\/techstore.ba\/shop\/wp-json\/wp\/v2\/media\/34887"}],"wp:attachment":[{"href":"https:\/\/techstore.ba\/shop\/wp-json\/wp\/v2\/media?parent=16221"}],"wp:term":[{"taxonomy":"product_cat","embeddable":true,"href":"https:\/\/techstore.ba\/shop\/wp-json\/wp\/v2\/product_cat?post=16221"},{"taxonomy":"product_tag","embeddable":true,"href":"https:\/\/techstore.ba\/shop\/wp-json\/wp\/v2\/product_tag?post=16221"}],"curies":[{"name":"wp","href":"https:\/\/api.w.org\/{rel}","templated":true}]}}