{"id":16014,"date":"2026-02-01T15:51:46","date_gmt":"2026-02-01T14:51:46","guid":{"rendered":"https:\/\/techstore.ba\/shop\/product\/rowenta-trimer-za-nos-i-usi-noseear-trimmer-specialist\/"},"modified":"2026-04-04T10:55:00","modified_gmt":"2026-04-04T08:55:00","slug":"rowenta-trimer-za-nos-i-usi-noseear-trimmer-specialist","status":"publish","type":"product","link":"https:\/\/techstore.ba\/shop\/product\/rowenta-trimer-za-nos-i-usi-noseear-trimmer-specialist\/","title":{"rendered":"Rowenta trimer za nos i u\u0161i Nose&#038;Ear Trimmer Specialist"},"content":{"rendered":"<p>Rowenta trimer za nos i u\u0161i, Nose&amp;Ear Trimmer Specialist TN3011F0, tehnologija Vision osvjetljava podru\u010dje \u0161i\u0161anja osiguravaju\u0107i da sve dla\u010dicebudu uklonjene. 100% vodootporan za lako \u010di\u0161\u0107enje.<\/p>\n","protected":false},"excerpt":{"rendered":"<p>Rowenta trimer za nos i u\u0161i, Nose&#038;Ear Trimmer Specialist TN3011F0, tehnologija Vision osvjetljava podru\u010dje \u0161i\u0161anja osiguravaju\u0107i da sve dla\u010dicebudu uklonjene. 100% vodootporan za lako \u010di\u0161\u0107enje.<\/p>\n","protected":false},"featured_media":22454,"template":"","meta":[],"product_cat":[774,563],"product_tag":[],"class_list":{"0":"post-16014","1":"product","2":"type-product","3":"status-publish","4":"has-post-thumbnail","6":"product_cat-ct-brijac","7":"product_cat-brend-rowenta","8":"pa_brend-elektricni-brijaci","10":"first","11":"instock","12":"shipping-taxable","13":"purchasable","14":"product-type-simple"},"_links":{"self":[{"href":"https:\/\/techstore.ba\/shop\/wp-json\/wp\/v2\/product\/16014","targetHints":{"allow":["GET"]}}],"collection":[{"href":"https:\/\/techstore.ba\/shop\/wp-json\/wp\/v2\/product"}],"about":[{"href":"https:\/\/techstore.ba\/shop\/wp-json\/wp\/v2\/types\/product"}],"wp:featuredmedia":[{"embeddable":true,"href":"https:\/\/techstore.ba\/shop\/wp-json\/wp\/v2\/media\/22454"}],"wp:attachment":[{"href":"https:\/\/techstore.ba\/shop\/wp-json\/wp\/v2\/media?parent=16014"}],"wp:term":[{"taxonomy":"product_cat","embeddable":true,"href":"https:\/\/techstore.ba\/shop\/wp-json\/wp\/v2\/product_cat?post=16014"},{"taxonomy":"product_tag","embeddable":true,"href":"https:\/\/techstore.ba\/shop\/wp-json\/wp\/v2\/product_tag?post=16014"}],"curies":[{"name":"wp","href":"https:\/\/api.w.org\/{rel}","templated":true}]}}