{"id":16013,"date":"2026-02-01T15:51:46","date_gmt":"2026-02-01T14:51:46","guid":{"rendered":"https:\/\/techstore.ba\/shop\/product\/rowenta-aparat-za-sisanje\/"},"modified":"2026-04-04T10:55:00","modified_gmt":"2026-04-04T08:55:00","slug":"rowenta-aparat-za-sisanje","status":"publish","type":"product","link":"https:\/\/techstore.ba\/shop\/product\/rowenta-aparat-za-sisanje\/","title":{"rendered":"Rowenta aparat za \u0161i\u0161anje"},"content":{"rendered":"<p>Rowenta TN1601F1 Driver aparat za \u0161i\u0161anje.Visokokvalitetne stainless steel o\u0161trice, \u010detiri \u010de\u0161lja 3-6-9-12 mm i podesive mikro-postavke. Kabal 1.80m omogu\u0107uje prakti\u010dnu sesiju bez stresa.<\/p>\n","protected":false},"excerpt":{"rendered":"<p>Rowenta TN1601F1 Driver aparat za \u0161i\u0161anje.Visokokvalitetne stainless steel o\u0161trice, \u010detiri \u010de\u0161lja 3-6-9-12 mm i podesive mikro-postavke. Kabal 1.80m omogu\u0107uje prakti\u010dnu sesiju bez stresa.<\/p>\n","protected":false},"featured_media":22451,"template":"","meta":[],"product_cat":[774,563],"product_tag":[],"class_list":{"0":"post-16013","1":"product","2":"type-product","3":"status-publish","4":"has-post-thumbnail","6":"product_cat-ct-brijac","7":"product_cat-brend-rowenta","8":"pa_brend-elektricni-brijaci","10":"first","11":"instock","12":"shipping-taxable","13":"purchasable","14":"product-type-simple"},"_links":{"self":[{"href":"https:\/\/techstore.ba\/shop\/wp-json\/wp\/v2\/product\/16013","targetHints":{"allow":["GET"]}}],"collection":[{"href":"https:\/\/techstore.ba\/shop\/wp-json\/wp\/v2\/product"}],"about":[{"href":"https:\/\/techstore.ba\/shop\/wp-json\/wp\/v2\/types\/product"}],"wp:featuredmedia":[{"embeddable":true,"href":"https:\/\/techstore.ba\/shop\/wp-json\/wp\/v2\/media\/22451"}],"wp:attachment":[{"href":"https:\/\/techstore.ba\/shop\/wp-json\/wp\/v2\/media?parent=16013"}],"wp:term":[{"taxonomy":"product_cat","embeddable":true,"href":"https:\/\/techstore.ba\/shop\/wp-json\/wp\/v2\/product_cat?post=16013"},{"taxonomy":"product_tag","embeddable":true,"href":"https:\/\/techstore.ba\/shop\/wp-json\/wp\/v2\/product_tag?post=16013"}],"curies":[{"name":"wp","href":"https:\/\/api.w.org\/{rel}","templated":true}]}}