{"id":15985,"date":"2026-02-01T15:51:22","date_gmt":"2026-02-01T14:51:22","guid":{"rendered":"https:\/\/techstore.ba\/shop\/product\/bosch-blender-serie-6vitapower1800w45000rpm6-automatskih-programa\/"},"modified":"2026-04-04T10:54:26","modified_gmt":"2026-04-04T08:54:26","slug":"bosch-blender-serie-6vitapower1800w45000rpm6-automatskih-programa","status":"publish","type":"product","link":"https:\/\/techstore.ba\/shop\/product\/bosch-blender-serie-6vitapower1800w45000rpm6-automatskih-programa\/","title":{"rendered":"BOSCH Blender Serie 6|,VitaPower,1800W,45000rpm,6 automatskih programa"},"content":{"rendered":"<p>BOSCH Blender MMB6652B Serie 6|,VitaPower,1800W,45000rpm,6 automatskih programa,smoothije, \u0161ejkove, tople juhe,sladoled i drobljenje leda, uklju\u010duju\u0107i program za \u010di\u0161\u0107enje<\/p>\n","protected":false},"excerpt":{"rendered":"<p>BOSCH Blender MMB6652B Serie 6|,VitaPower,1800W,45000rpm,6 automatskih programa,smoothije, \u0161ejkove, tople juhe,sladoled i drobljenje leda, uklju\u010duju\u0107i program za \u010di\u0161\u0107enje<\/p>\n","protected":false},"featured_media":0,"template":"","meta":[],"product_cat":[771,843,15],"product_tag":[],"class_list":{"0":"post-15985","1":"product","2":"type-product","3":"status-publish","5":"product_cat-ct-blenderi","6":"product_cat-brend-bosch","7":"product_cat-uncategorized","8":"pa_brend-blenderi","10":"first","11":"instock","12":"shipping-taxable","13":"purchasable","14":"product-type-simple"},"_links":{"self":[{"href":"https:\/\/techstore.ba\/shop\/wp-json\/wp\/v2\/product\/15985","targetHints":{"allow":["GET"]}}],"collection":[{"href":"https:\/\/techstore.ba\/shop\/wp-json\/wp\/v2\/product"}],"about":[{"href":"https:\/\/techstore.ba\/shop\/wp-json\/wp\/v2\/types\/product"}],"wp:attachment":[{"href":"https:\/\/techstore.ba\/shop\/wp-json\/wp\/v2\/media?parent=15985"}],"wp:term":[{"taxonomy":"product_cat","embeddable":true,"href":"https:\/\/techstore.ba\/shop\/wp-json\/wp\/v2\/product_cat?post=15985"},{"taxonomy":"product_tag","embeddable":true,"href":"https:\/\/techstore.ba\/shop\/wp-json\/wp\/v2\/product_tag?post=15985"}],"curies":[{"name":"wp","href":"https:\/\/api.w.org\/{rel}","templated":true}]}}