{"id":15970,"date":"2026-02-01T15:51:06","date_gmt":"2026-02-01T14:51:06","guid":{"rendered":"https:\/\/techstore.ba\/shop\/product\/rowenta-uvijac-za-kosu-16mm-kl\/"},"modified":"2026-03-03T00:34:42","modified_gmt":"2026-03-02T23:34:42","slug":"rowenta-uvijac-za-kosu-16mm-kl","status":"publish","type":"product","link":"https:\/\/techstore.ba\/shop\/product\/rowenta-uvijac-za-kosu-16mm-kl\/","title":{"rendered":"Rowenta uvija\u010d za kosu 16mm KL"},"content":{"rendered":"<p>Rowenta uvija\u010d za kosu CF2133F0. Curler 18mm.Besprijekorne kovrd\u017ee,jednostavan za kori\u0161tenje s temp. od 180 C.Kerami\u010dki premaz za blistav sjaj.Brzo zagrijavanje 60 sec.<\/p>\n","protected":false},"excerpt":{"rendered":"<p>Rowenta uvija\u010d za kosu CF2133F0. Curler 18mm.Besprijekorne kovrd\u017ee,jednostavan za kori\u0161tenje s temp. od 180 C.Kerami\u010dki premaz za blistav sjaj.Brzo zagrijavanje 60 sec.<\/p>\n","protected":false},"featured_media":21258,"template":"","meta":[],"product_cat":[770,563],"product_tag":[],"class_list":{"0":"post-15970","1":"product","2":"type-product","3":"status-publish","4":"has-post-thumbnail","6":"product_cat-ct-beautycare","7":"product_cat-brend-rowenta","8":"pa_brend-proizvodi-za-njegu-i-ljepotu","10":"first","11":"instock","12":"shipping-taxable","13":"purchasable","14":"product-type-simple"},"_links":{"self":[{"href":"https:\/\/techstore.ba\/shop\/wp-json\/wp\/v2\/product\/15970","targetHints":{"allow":["GET"]}}],"collection":[{"href":"https:\/\/techstore.ba\/shop\/wp-json\/wp\/v2\/product"}],"about":[{"href":"https:\/\/techstore.ba\/shop\/wp-json\/wp\/v2\/types\/product"}],"wp:featuredmedia":[{"embeddable":true,"href":"https:\/\/techstore.ba\/shop\/wp-json\/wp\/v2\/media\/21258"}],"wp:attachment":[{"href":"https:\/\/techstore.ba\/shop\/wp-json\/wp\/v2\/media?parent=15970"}],"wp:term":[{"taxonomy":"product_cat","embeddable":true,"href":"https:\/\/techstore.ba\/shop\/wp-json\/wp\/v2\/product_cat?post=15970"},{"taxonomy":"product_tag","embeddable":true,"href":"https:\/\/techstore.ba\/shop\/wp-json\/wp\/v2\/product_tag?post=15970"}],"curies":[{"name":"wp","href":"https:\/\/api.w.org\/{rel}","templated":true}]}}