{"id":15917,"date":"2026-02-01T14:50:34","date_gmt":"2026-02-01T14:50:34","guid":{"rendered":"https:\/\/techstore.ba\/shop\/product\/samsung-soundbar-hw-q600c-en\/"},"modified":"2026-02-19T11:24:02","modified_gmt":"2026-02-19T10:24:02","slug":"samsung-soundbar-hw-q600c-en","status":"publish","type":"product","link":"https:\/\/techstore.ba\/shop\/product\/samsung-soundbar-hw-q600c-en\/","title":{"rendered":"SAMSUNG SOUNDBAR HW-Q600C\/EN"},"content":{"rendered":"<h3>Specifikacije<\/h3>\n<table style=\"border-collapse:collapse;width:100%\">\n<tr>\n<th style=\"text-align:left;padding:6px 10px;border:1px solid #eee\">COLOR_AV<\/th>\n<td style=\"padding:6px 10px;border:1px solid #eee\">Crna<\/td>\n<\/tr>\n<tr>\n<th style=\"text-align:left;padding:6px 10px;border:1px solid #eee\">HDMI_AV<\/th>\n<td style=\"padding:6px 10px;border:1px solid #eee\">1<\/td>\n<\/tr>\n<tr>\n<th style=\"text-align:left;padding:6px 10px;border:1px solid #eee\">KONEKCIJA_AV<\/th>\n<td style=\"padding:6px 10px;border:1px solid #eee\">Bluetooth<\/td>\n<\/tr>\n<tr>\n<th style=\"text-align:left;padding:6px 10px;border:1px solid #eee\">SPEAKER_SET<\/th>\n<td style=\"padding:6px 10px;border:1px solid #eee\">3.1.2<\/td>\n<\/tr>\n<tr>\n<th style=\"text-align:left;padding:6px 10px;border:1px solid #eee\">LAN<\/th>\n<td style=\"padding:6px 10px;border:1px solid #eee\">Ne<\/td>\n<\/tr>\n<tr>\n<th style=\"text-align:left;padding:6px 10px;border:1px solid #eee\">OPTIKA_AV<\/th>\n<td style=\"padding:6px 10px;border:1px solid #eee\">Nema<\/td>\n<\/tr>\n<tr>\n<th style=\"text-align:left;padding:6px 10px;border:1px solid #eee\">SOUND_POWER<\/th>\n<td style=\"padding:6px 10px;border:1px solid #eee\">360W<\/td>\n<\/tr>\n<tr>\n<th style=\"text-align:left;padding:6px 10px;border:1px solid #eee\">TYPE_AVO<\/th>\n<td style=\"padding:6px 10px;border:1px solid #eee\">Soundbar<\/td>\n<\/tr>\n<tr>\n<th style=\"text-align:left;padding:6px 10px;border:1px solid #eee\">USB<\/th>\n<td style=\"padding:6px 10px;border:1px solid #eee\">Da<\/td>\n<\/tr>\n<tr>\n<th style=\"text-align:left;padding:6px 10px;border:1px solid #eee\">WIFI_AV<\/th>\n<td style=\"padding:6px 10px;border:1px solid #eee\">Ne<\/td>\n<\/tr>\n<\/table>\n","protected":false},"excerpt":{"rendered":"<p>Soundbar 3.1.2ch, 9 zvu\u010dnika, Dolby, No\u0107ni na\u010din, 4K Video pass, HDR10+, MP3, WAV, OGG, FLAC, ALAC, HDMI in\/out x1, Bluetooth, USB, optical in, Q-symphony<\/p>\n","protected":false},"featured_media":20140,"template":"","meta":[],"product_cat":[291,560],"product_tag":[],"class_list":{"0":"post-15917","1":"product","2":"type-product","3":"status-publish","4":"has-post-thumbnail","6":"product_brand-samsung","7":"product_cat-ct-audiovideo","8":"product_cat-brend-samsung","9":"pa_brend-samsung","11":"first","12":"outofstock","13":"shipping-taxable","14":"purchasable","15":"product-type-simple"},"_links":{"self":[{"href":"https:\/\/techstore.ba\/shop\/wp-json\/wp\/v2\/product\/15917","targetHints":{"allow":["GET"]}}],"collection":[{"href":"https:\/\/techstore.ba\/shop\/wp-json\/wp\/v2\/product"}],"about":[{"href":"https:\/\/techstore.ba\/shop\/wp-json\/wp\/v2\/types\/product"}],"wp:featuredmedia":[{"embeddable":true,"href":"https:\/\/techstore.ba\/shop\/wp-json\/wp\/v2\/media\/20140"}],"wp:attachment":[{"href":"https:\/\/techstore.ba\/shop\/wp-json\/wp\/v2\/media?parent=15917"}],"wp:term":[{"taxonomy":"product_cat","embeddable":true,"href":"https:\/\/techstore.ba\/shop\/wp-json\/wp\/v2\/product_cat?post=15917"},{"taxonomy":"product_tag","embeddable":true,"href":"https:\/\/techstore.ba\/shop\/wp-json\/wp\/v2\/product_tag?post=15917"}],"curies":[{"name":"wp","href":"https:\/\/api.w.org\/{rel}","templated":true}]}}