{"id":15026,"date":"2026-02-01T14:37:20","date_gmt":"2026-02-01T13:37:20","guid":{"rendered":"https:\/\/techstore.ba\/shop\/product\/tesla-air-fryer-af501bx-zapremina-5l-snaga-1300w\/"},"modified":"2026-04-04T10:51:32","modified_gmt":"2026-04-04T08:51:32","slug":"tesla-air-fryer-af501bx-zapremina-5l-snaga-1300w","status":"publish","type":"product","link":"https:\/\/techstore.ba\/shop\/product\/tesla-air-fryer-af501bx-zapremina-5l-snaga-1300w\/","title":{"rendered":"TESLA Air Fryer AF501BX Zapremina 5L, Snaga 1300W"},"content":{"rendered":"<p>Temp. 60-200C, vrijeme od 0-60 minuta, auto isklj\u010divanje, za\u0161tita protiv pregrijavanja, predgrijavanje, i okreni hranu.12 programa; pe\u010denje, ro\u0161tijsko pe\u010denje, podgrijavanje, odr\u017eavanje toplote, AirFryer, pomfrit, pile\u0107a krilca, morski plodovi<\/p>\n","protected":false},"excerpt":{"rendered":"<p>Temp. 60-200C, vrijeme od 0-60 minuta, auto isklj\u010divanje, za\u0161tita protiv pregrijavanja, predgrijavanje, i okreni hranu.12 programa; pe\u010denje, ro\u0161tijsko pe\u010denje, podgrijavanje, odr\u017eavanje toplote, AirFryer, pomfrit, pile\u0107a krilca, morski plodovi<\/p>\n","protected":false},"featured_media":17201,"template":"","meta":[],"product_cat":[764,845,15],"product_tag":[],"class_list":{"0":"post-15026","1":"product","2":"type-product","3":"status-publish","4":"has-post-thumbnail","6":"product_cat-ct-airfryers","7":"product_cat-brend-tesla","8":"product_cat-uncategorized","9":"pa_brend-air-fryers","11":"first","12":"instock","13":"shipping-taxable","14":"purchasable","15":"product-type-simple"},"_links":{"self":[{"href":"https:\/\/techstore.ba\/shop\/wp-json\/wp\/v2\/product\/15026","targetHints":{"allow":["GET"]}}],"collection":[{"href":"https:\/\/techstore.ba\/shop\/wp-json\/wp\/v2\/product"}],"about":[{"href":"https:\/\/techstore.ba\/shop\/wp-json\/wp\/v2\/types\/product"}],"wp:featuredmedia":[{"embeddable":true,"href":"https:\/\/techstore.ba\/shop\/wp-json\/wp\/v2\/media\/17201"}],"wp:attachment":[{"href":"https:\/\/techstore.ba\/shop\/wp-json\/wp\/v2\/media?parent=15026"}],"wp:term":[{"taxonomy":"product_cat","embeddable":true,"href":"https:\/\/techstore.ba\/shop\/wp-json\/wp\/v2\/product_cat?post=15026"},{"taxonomy":"product_tag","embeddable":true,"href":"https:\/\/techstore.ba\/shop\/wp-json\/wp\/v2\/product_tag?post=15026"}],"curies":[{"name":"wp","href":"https:\/\/api.w.org\/{rel}","templated":true}]}}